-- https://www.phpmyadmin.net/
--

START TRANSACTION;



--
-- Database: `lems`
--

-- --------------------------------------------------------

--
-- Table structure for table `attributes`
--

CREATE TABLE `attributes` (
  `id` bigint UNSIGNED NOT NULL,
  `category_id` int NOT NULL,
  `name` varchar(255) CHARACTER SET utf8mb4 COLLATE utf8mb4_unicode_ci NOT NULL,
  `slug` varchar(255) CHARACTER SET utf8mb4 COLLATE utf8mb4_unicode_ci NOT NULL,
  `created_at` timestamp NULL DEFAULT NULL,
  `updated_at` timestamp NULL DEFAULT NULL
) ENGINE=InnoDB DEFAULT CHARSET=utf8mb4 COLLATE=utf8mb4_unicode_ci;

--
-- Dumping data for table `attributes`
--

INSERT INTO `attributes` (`id`, `category_id`, `name`, `slug`, `created_at`, `updated_at`) VALUES
(3, 6, 'Ram & Rom', 'ram-rom', '2022-03-11 12:02:06', '2022-04-04 11:55:42'),
(13, 19, 'Size', 'size-8151', '2022-04-17 14:51:38', '2023-08-24 03:02:19'),
(15, 2, 'Size', 'size-6064', '2022-04-17 14:54:54', '2022-04-17 14:55:41'),
(16, 6, 'bond', 'bond-5023', '2022-05-07 12:32:20', '2022-05-07 12:32:20'),
(17, 7, 'Furniture', 'furniture-8053', '2023-04-05 10:26:32', '2023-04-05 10:26:32'),
(18, 1, 'Size', 'size-5619', '2023-05-07 10:09:17', '2023-05-07 10:09:17'),
(25, 18, 'Service Type', 'service-type-4987', '2023-08-24 03:19:26', '2023-08-24 03:20:55'),
(26, 18, 'Android Version', 'android-version-6738', '2023-08-24 03:26:07', '2023-08-24 03:26:07'),
(27, 21, 'Quantity', 'quantity-2797', '2023-08-26 11:23:27', '2023-08-26 11:23:27'),
(30, 21, 'Duration', 'duration-1807', '2023-08-30 04:54:22', '2023-08-30 04:54:22');

-- --------------------------------------------------------

--
-- Table structure for table `attribute_product`
--

CREATE TABLE `attribute_product` (
  `id` bigint UNSIGNED NOT NULL,
  `attribute_value_id` bigint UNSIGNED NOT NULL,
  `product_id` bigint UNSIGNED NOT NULL,
  `qnty` bigint DEFAULT NULL,
  `price` bigint DEFAULT NULL,
  `created_at` timestamp NULL DEFAULT NULL,
  `updated_at` timestamp NULL DEFAULT NULL
) ENGINE=InnoDB DEFAULT CHARSET=utf8mb4 COLLATE=utf8mb4_unicode_ci;

--
-- Dumping data for table `attribute_product`
--

INSERT INTO `attribute_product` (`id`, `attribute_value_id`, `product_id`, `qnty`, `price`, `created_at`, `updated_at`) VALUES
(74, 86, 686, NULL, NULL, NULL, NULL),
(75, 87, 686, 0, 0, NULL, NULL),
(76, 88, 686, NULL, NULL, NULL, NULL),
(77, 89, 686, 100, NULL, NULL, NULL),
(78, 90, 686, 200, NULL, NULL, NULL),
(80, 86, 689, 10, 90, NULL, NULL),
(81, 87, 689, 1, 1, NULL, NULL),
(82, 91, 693, NULL, 90, NULL, NULL),
(83, 92, 693, NULL, 240, NULL, NULL),
(84, 93, 693, NULL, 490, NULL, NULL),
(93, 86, 701, NULL, NULL, NULL, NULL),
(94, 87, 701, NULL, NULL, NULL, NULL),
(95, 108, 701, NULL, NULL, NULL, NULL),
(96, 109, 685, NULL, NULL, NULL, NULL),
(98, 112, 685, NULL, 300, NULL, NULL);

-- --------------------------------------------------------

--
-- Table structure for table `attribute_values`
--

CREATE TABLE `attribute_values` (
  `id` bigint UNSIGNED NOT NULL,
  `attributes_id` bigint UNSIGNED NOT NULL,
  `name` varchar(255) CHARACTER SET utf8mb4 COLLATE utf8mb4_unicode_ci NOT NULL,
  `slug` varchar(255) CHARACTER SET utf8mb4 COLLATE utf8mb4_unicode_ci NOT NULL,
  `created_at` timestamp NULL DEFAULT NULL,
  `updated_at` timestamp NULL DEFAULT NULL
) ENGINE=InnoDB DEFAULT CHARSET=utf8mb4 COLLATE=utf8mb4_unicode_ci;

--
-- Dumping data for table `attribute_values`
--

INSERT INTO `attribute_values` (`id`, `attributes_id`, `name`, `slug`, `created_at`, `updated_at`) VALUES
(7, 3, '2GB-16GB', '2gb-16gb', '2022-03-11 12:03:02', '2022-04-04 11:56:33'),
(8, 3, '2GB-32GB', '2gb-32gb', '2022-03-11 12:03:41', '2022-04-04 11:57:00'),
(9, 3, '3GB-16GB', '3gb-16gb', '2022-03-11 12:03:48', '2022-04-04 12:01:31'),
(10, 3, '3GB-32GB', '3gb-32gb', '2022-03-11 12:03:58', '2022-04-04 12:02:03'),
(11, 3, '3GB-64GB', '3gb-64gb', '2022-03-11 12:04:06', '2022-04-04 12:02:26'),
(12, 3, '4GB-32GB', '4gb-32gb', '2022-03-11 12:04:22', '2022-04-04 12:02:52'),
(13, 3, '4GB-64GB', '4gb-64gb', '2022-04-04 12:03:20', '2022-04-04 12:03:20'),
(14, 3, '4GB-128GB', '4gb-128gb', '2022-04-04 12:03:51', '2022-04-04 12:03:51'),
(15, 3, '6Gb-64Gb', '6gb-64gb', '2022-04-04 12:04:17', '2022-04-04 12:04:17'),
(16, 3, '6Gb-128Gb', '6gb-128gb', '2022-04-04 12:04:59', '2022-04-04 12:04:59'),
(17, 3, '6Gb-256Gb', '6gb-256gb', '2022-04-04 12:05:25', '2022-04-04 12:05:25'),
(18, 3, '8Gb-64Gb', '8gb-64gb', '2022-04-04 12:05:56', '2022-04-04 12:05:56'),
(19, 3, '8Gb-128Gb', '8gb-128gb', '2022-04-04 12:06:09', '2022-04-04 12:06:09'),
(20, 3, '8Gb-256Gb', '8gb-256gb', '2022-04-04 12:06:21', '2022-04-04 12:06:21'),
(21, 3, '512Mb', '512mb', '2022-04-04 12:20:17', '2022-04-04 12:20:17'),
(22, 3, '1Gb', '1gb', '2022-04-04 12:20:22', '2022-04-04 12:20:22'),
(23, 3, '2Gb', '2gb', '2022-04-04 12:20:41', '2022-04-04 12:20:41'),
(24, 3, '3Gb', '3gb', '2022-04-04 12:20:48', '2022-04-04 12:20:48'),
(25, 3, '4Gb', '4gb', '2022-04-04 12:20:54', '2022-04-04 12:20:54'),
(26, 3, '6Gb', '6gb', '2022-04-04 12:21:00', '2022-04-04 12:21:00'),
(36, 13, 'L', 'l', '2022-04-17 14:57:19', '2022-04-17 14:57:19'),
(37, 13, 'M', 'm', '2022-04-17 14:57:28', '2022-04-17 14:57:28'),
(38, 13, 'Xl', 'xl', '2022-04-17 14:57:38', '2022-04-17 14:57:38'),
(39, 13, 'XXL', 'xxl', '2022-04-17 14:57:44', '2022-04-17 14:57:44'),
(40, 16, '12', '12-7833', '2022-05-07 12:32:47', '2022-05-07 12:32:47'),
(41, 13, 'S', 's-6548', '2023-04-27 10:39:44', '2023-04-27 10:39:44'),
(42, 13, '36', '36_2064', '2023-05-07 06:55:50', '2023-05-07 06:55:50'),
(43, 13, '38', '38-4556', '2023-05-07 06:55:54', '2023-05-07 06:55:54'),
(44, 13, '40', '40-3788', '2023-05-07 06:55:58', '2023-05-07 06:55:58'),
(45, 13, '42', '42-1158', '2023-05-07 06:56:04', '2023-05-07 06:56:04'),
(46, 13, '44', '44-1085', '2023-05-07 06:56:08', '2023-05-07 06:56:08'),
(47, 18, '38', '38-4067', '2023-05-07 10:10:03', '2023-05-07 10:10:03'),
(48, 18, '40', '40-8408', '2023-05-07 10:10:08', '2023-05-07 10:10:08'),
(49, 18, '42', '42-4001', '2023-05-07 10:10:13', '2023-05-07 10:10:13'),
(50, 18, '44', '44-5051', '2023-05-07 10:10:16', '2023-05-07 10:10:16'),
(51, 18, 'S', 's-6388', '2023-05-07 10:10:20', '2023-05-07 10:10:20'),
(53, 15, '32', '32-6576', '2023-05-08 05:56:54', '2023-05-08 05:56:54'),
(54, 15, '34', '34-9797', '2023-05-08 05:56:58', '2023-05-08 05:56:58'),
(55, 15, '36', '36-3807', '2023-05-08 05:57:02', '2023-05-08 05:57:02'),
(56, 15, '38', '38-1511', '2023-05-08 05:57:08', '2023-05-08 05:57:08'),
(57, 15, '40', '40-5178', '2023-05-08 05:57:14', '2023-05-08 05:57:14'),
(58, 15, '42', '42-2901', '2023-05-08 05:57:20', '2023-05-08 05:57:20'),
(59, 15, '44', '44-9244', '2023-05-08 05:57:25', '2023-05-08 05:57:25'),
(60, 15, 'S', 's-8907', '2023-05-08 05:57:31', '2023-05-08 05:57:31'),
(62, 18, 'M', 'm-9086', '2023-05-11 18:21:53', '2023-05-11 18:21:53'),
(63, 18, 'L', 'l-4296', '2023-05-11 18:22:04', '2023-05-11 18:22:04'),
(64, 18, 'XL', 'xl-4349', '2023-05-11 18:22:11', '2023-05-11 18:22:11'),
(65, 18, 'XXL', 'xxl-8243', '2023-05-11 18:22:17', '2023-05-11 18:22:17'),
(66, 18, '3XL', '3xl-8154', '2023-05-11 18:22:25', '2023-05-11 18:22:25'),
(67, 15, 'L', 'l-2697', '2023-05-11 18:23:03', '2023-05-11 18:23:03'),
(68, 15, 'M', 'm-4613', '2023-05-11 18:23:19', '2023-05-11 18:23:19'),
(69, 15, 'XL', 'xl-7850', '2023-05-11 18:23:28', '2023-05-11 18:23:28'),
(71, 15, 'XXL', 'xxl-1417', '2023-05-11 18:23:57', '2023-05-11 18:23:57'),
(72, 15, '3XL', '3xl-3647', '2023-05-11 18:24:12', '2023-05-11 18:24:12'),
(86, 25, 'Root', 'root-3247', '2023-08-24 03:21:09', '2023-08-24 03:21:09'),
(87, 25, 'Flash', 'flash-6216', '2023-08-24 03:21:13', '2023-08-24 03:21:13'),
(88, 26, '10', '10-3562', '2023-08-24 03:27:11', '2023-08-24 03:27:11'),
(89, 26, '11', '11-3233', '2023-08-24 03:27:14', '2023-08-24 03:27:14'),
(90, 26, '12', '12-7384', '2023-08-24 03:27:17', '2023-08-24 03:27:17'),
(91, 27, '10', '10-3854', '2023-08-26 11:23:40', '2023-08-26 11:23:40'),
(92, 27, '25', '25-2293', '2023-08-26 11:23:46', '2023-08-26 11:23:46'),
(93, 27, '50', '50-9118', '2023-08-26 11:23:50', '2023-08-26 11:23:50'),
(108, 26, '9', '9-6242', '2023-08-29 04:09:38', '2023-08-29 04:09:38'),
(109, 30, '1 Month', '1-month-6456', '2023-08-30 04:54:35', '2023-08-30 04:54:35'),
(110, 30, '2 Month', '2-month', '2023-08-30 04:54:42', '2023-08-30 05:16:56'),
(111, 30, '3 Month', '3-month-1396', '2023-08-30 05:17:02', '2023-08-30 05:17:02'),
(112, 30, '4 Month', '4-month-2114', '2023-08-30 05:17:09', '2023-08-30 05:17:09');

-- --------------------------------------------------------

--
-- Table structure for table `authors`
--

CREATE TABLE `authors` (
  `id` bigint UNSIGNED NOT NULL,
  `name` varchar(255) CHARACTER SET utf8mb4 COLLATE utf8mb4_unicode_ci NOT NULL,
  `img` varchar(255) CHARACTER SET utf8mb4 COLLATE utf8mb4_unicode_ci NOT NULL,
  `bio` longtext CHARACTER SET utf8mb4 COLLATE utf8mb4_unicode_ci NOT NULL,
  `created_at` timestamp NULL DEFAULT NULL,
  `updated_at` timestamp NULL DEFAULT NULL
) ENGINE=InnoDB DEFAULT CHARSET=utf8mb4 COLLATE=utf8mb4_unicode_ci;

-- --------------------------------------------------------

--
-- Table structure for table `blogs`
--

CREATE TABLE `blogs` (
  `id` bigint UNSIGNED NOT NULL,
  `user_id` int NOT NULL,
  `category_id` varchar(255) CHARACTER SET utf8mb4 COLLATE utf8mb4_unicode_ci NOT NULL,
  `title` varchar(255) CHARACTER SET utf8mb4 COLLATE utf8mb4_unicode_ci NOT NULL,
  `thumbnail` text CHARACTER SET utf8mb4 COLLATE utf8mb4_unicode_ci NOT NULL,
  `description` text CHARACTER SET utf8mb4 COLLATE utf8mb4_unicode_ci NOT NULL,
  `status` tinyint(1) NOT NULL DEFAULT '1',
  `is_admin` int NOT NULL DEFAULT '0',
  `created_at` timestamp NULL DEFAULT NULL,
  `updated_at` timestamp NULL DEFAULT NULL
) ENGINE=InnoDB DEFAULT CHARSET=utf8mb4 COLLATE=utf8mb4_unicode_ci;

-- --------------------------------------------------------

--
-- Table structure for table `blog_comments`
--

CREATE TABLE `blog_comments` (
  `id` bigint UNSIGNED NOT NULL,
  `user_id` bigint UNSIGNED NOT NULL,
  `blog_id` bigint UNSIGNED NOT NULL,
  `parent_id` bigint UNSIGNED DEFAULT NULL,
  `body` text CHARACTER SET utf8mb4 COLLATE utf8mb4_unicode_ci NOT NULL,
  `created_at` timestamp NULL DEFAULT NULL,
  `updated_at` timestamp NULL DEFAULT NULL
) ENGINE=InnoDB DEFAULT CHARSET=utf8mb4 COLLATE=utf8mb4_unicode_ci;

-- --------------------------------------------------------

--
-- Table structure for table `bloods`
--

CREATE TABLE `bloods` (
  `id` bigint UNSIGNED NOT NULL,
  `created_at` timestamp NULL DEFAULT NULL,
  `updated_at` timestamp NULL DEFAULT NULL
) ENGINE=InnoDB DEFAULT CHARSET=utf8mb4 COLLATE=utf8mb4_unicode_ci;

-- --------------------------------------------------------

--
-- Table structure for table `brands`
--

CREATE TABLE `brands` (
  `id` bigint UNSIGNED NOT NULL,
  `name` varchar(255) CHARACTER SET utf8mb4 COLLATE utf8mb4_unicode_ci NOT NULL,
  `slug` varchar(255) CHARACTER SET utf8mb4 COLLATE utf8mb4_unicode_ci NOT NULL,
  `status` tinyint(1) NOT NULL DEFAULT '1',
  `description` text CHARACTER SET utf8mb4 COLLATE utf8mb4_unicode_ci,
  `cover_photo` varchar(255) CHARACTER SET utf8mb4 COLLATE utf8mb4_unicode_ci NOT NULL DEFAULT 'default.png',
  `created_at` timestamp NULL DEFAULT NULL,
  `updated_at` timestamp NULL DEFAULT NULL
) ENGINE=InnoDB DEFAULT CHARSET=utf8mb4 COLLATE=utf8mb4_unicode_ci;

--
-- Dumping data for table `brands`
--

INSERT INTO `brands` (`id`, `name`, `slug`, `status`, `description`, `cover_photo`, `created_at`, `updated_at`) VALUES
(41, 'IFAD', 'ifad', 1, NULL, '2022-04-14-62581b5ae553a.png', '2021-06-23 06:16:04', '2022-04-14 07:02:18'),
(42, 'TEER', 'teer', 1, NULL, '2022-04-14-62581b89961a0.png', '2021-06-23 06:16:17', '2022-04-14 07:03:05'),
(43, 'ACI', 'aci', 1, NULL, '2022-04-14-62581bb8edad3.png', '2021-06-23 06:17:13', '2022-04-14 07:03:52'),
(44, 'Rupchanda', 'rupchanda', 1, NULL, '2022-04-14-62581bcab1585.jpg', '2021-06-23 06:18:04', '2022-04-14 07:04:10'),
(45, 'Fresh', 'fresh', 1, NULL, '2022-04-14-62581bdc59684.png', '2021-06-23 06:18:39', '2022-04-14 07:04:28'),
(46, 'Radhuni', 'radhuni', 1, NULL, '2022-04-14-62581bfe2327b.jpg', '2021-06-23 06:19:15', '2022-04-14 07:05:02'),
(47, 'TANIN BESTWARE', 'tanin-bestware', 1, NULL, '2022-04-14-62581c0d2f3d0.png', '2021-06-23 06:22:58', '2022-04-17 13:06:53'),
(48, 'Royel', 'royel', 0, NULL, 'default.png', '2021-06-23 06:23:45', '2022-04-20 05:10:30'),
(49, 'Canon', 'Canon-K9NPX', 1, '', 'default.png', '2021-06-23 06:24:11', '2021-06-23 06:24:11'),
(50, 'Bata', 'Bata-msumK', 1, '', 'default.png', '2021-06-23 06:25:25', '2021-06-23 06:25:25'),
(51, 'Square', 'Square-2KijL', 1, '', 'default.png', '2021-06-23 06:26:06', '2021-06-23 06:26:06'),
(52, 'Sajeeb', 'Sajeeb-bEQSE', 1, '', 'default.png', '2021-06-23 06:27:04', '2021-06-23 06:27:04'),
(53, 'Oppo', 'Oppo-L2dtU', 1, '', 'default.png', '2021-06-23 06:27:29', '2021-06-23 06:27:29'),
(54, 'Nestle 4', 'nestle-4un1b', 1, '', 'default.png', '2021-06-23 06:28:00', '2021-07-08 13:08:59'),
(55, 'Miyako', 'Miyako-w1NnB', 1, '', 'default.png', '2021-06-23 06:28:29', '2021-06-23 06:28:29'),
(56, 'Walton', 'Walton-lokVl', 1, '', 'default.png', '2021-06-23 06:29:03', '2021-06-23 06:29:03'),
(57, 'Pran', 'Pran-W5rpV', 1, '', 'default.png', '2021-06-23 06:29:36', '2021-06-23 06:29:36'),
(58, 'Unilever', 'Unilever-ZiyJ4', 1, '', 'default.png', '2021-06-23 06:30:01', '2021-06-23 06:30:01'),
(59, 'Vivo', 'Vivo-z1fPr', 1, '', 'default.png', '2021-06-23 06:30:35', '2021-06-23 06:30:35'),
(61, 'Nokia', 'nokia', 1, NULL, 'default.png', '2021-06-23 06:32:03', '2022-04-17 13:05:22'),
(63, 'Xiaomi', 'Xiaomi-AFa0c', 1, '', 'default.png', '2021-06-23 06:33:05', '2021-06-23 06:33:05'),
(64, 'Apple', 'Apple-1EWDB', 1, '', 'default.png', '2021-06-23 06:33:36', '2021-06-23 06:33:36'),
(67, 'Similac', 'Similac-fxOsm', 1, '', 'default.png', '2021-07-05 01:57:23', '2021-07-05 01:57:23'),
(68, 'GSK', 'GSK-94L7R', 1, '', 'default.png', '2021-07-05 01:58:10', '2021-07-05 01:58:10'),
(69, 'Complan', 'Complan-roC2O', 1, '', 'default.png', '2021-07-05 01:58:56', '2021-07-05 01:58:56'),
(70, 'Johnson Baby', 'Johnson-Baby-Ntj32', 1, '', 'default.png', '2021-07-05 01:59:31', '2021-07-05 01:59:31'),
(71, 'Rikang', 'Rikang-pwwJY', 1, '', 'default.png', '2021-07-05 02:00:14', '2021-07-05 02:00:14'),
(72, 'Cow & Gate', 'Cow--Gate-IFbCL', 1, '', 'default.png', '2021-07-05 02:00:54', '2021-07-05 02:00:54'),
(73, 'Smart Care', 'Smart-Care-w7OKE', 1, '', 'default.png', '2021-07-05 02:01:23', '2021-07-05 02:01:23'),
(74, 'Molfix', 'Molfix-BvJTv', 1, '', 'default.png', '2021-07-05 02:01:52', '2021-07-05 02:01:52'),
(75, 'SMA Pro', 'SMA-Pro-zzLeD', 1, '', 'default.png', '2021-07-05 02:02:27', '2021-07-05 02:02:27'),
(76, 'Pur', 'Pur-zfCVe', 1, '', 'default.png', '2021-07-05 02:03:05', '2021-07-05 02:03:05'),
(78, 'Dano', 'Dano-yIa5G', 1, '', 'default.png', '2021-07-05 02:04:25', '2021-07-05 02:04:25'),
(79, 'Pampers', 'Pampers-ImdOx', 1, '', 'default.png', '2021-07-05 02:04:54', '2021-07-05 02:04:54'),
(80, 'MamyPoko', 'MamyPoko-tXbaB', 1, '', 'default.png', '2021-07-05 02:05:31', '2021-07-05 02:05:31'),
(81, 'Cadbury', 'Cadbury-Fphhe', 1, '', 'default.png', '2021-07-05 02:06:32', '2021-07-05 02:06:32'),
(82, 'Linco', 'Linco-MRq9g', 1, '', 'default.png', '2021-07-05 02:07:05', '2021-07-05 02:07:05'),
(83, 'Mother Care', 'Mother-Care-DCJSj', 1, '', 'default.png', '2021-07-05 02:07:34', '2021-07-05 02:07:34'),
(84, 'Baby Nutrition', 'Baby-Nutrition-yIkkX', 1, '', 'default.png', '2021-07-05 02:08:32', '2021-07-05 02:08:32'),
(85, 'Farlin', 'Farlin-SbcMB', 1, '', 'default.png', '2021-07-05 02:09:01', '2021-07-05 02:09:01'),
(86, 'Kodomo', 'Kodomo-sbcHd', 1, '', 'default.png', '2021-07-05 02:09:33', '2021-07-05 02:09:33'),
(87, 'avent', 'avent-6ctGv', 1, '', 'default.png', '2021-07-05 02:09:56', '2021-07-05 02:09:56'),
(88, 'Cowhead', 'Cowhead-6Mlyt', 1, '', 'default.png', '2021-07-05 02:10:29', '2021-07-05 02:10:29'),
(89, 'Huggies', 'Huggies-Y1UBC', 1, '', 'default.png', '2021-07-05 02:10:56', '2021-07-05 02:10:56'),
(90, 'Fasska', 'Fasska-VkKVC', 1, '', 'default.png', '2021-07-05 02:11:29', '2021-07-05 02:11:29'),
(91, 'Mother\'s Smile', 'Mothers-Smile-KfnA5', 1, '', 'default.png', '2021-07-05 02:12:04', '2021-07-05 02:12:04'),
(92, 'Neocare', 'Neocare-faigC', 1, '', 'default.png', '2021-07-05 02:12:39', '2021-07-05 02:12:39'),
(93, 'Pedia Sure', 'Pedia-Sure-1SHkA', 1, '', 'default.png', '2021-07-05 02:13:07', '2021-07-05 02:13:07'),
(94, 'Angle', 'Angle-Al2Ed', 1, '', 'default.png', '2021-07-05 02:13:48', '2021-07-05 02:13:48'),
(95, 'Aptamil', 'Aptamil-9raiI', 1, '', 'default.png', '2021-07-05 02:14:13', '2021-07-05 02:14:13'),
(97, 'Aveeno', 'Aveeno-lA4fS', 1, '', 'default.png', '2021-07-05 02:15:00', '2021-07-05 02:15:00'),
(98, 'Garnier', 'Garnier-yqCLW', 1, '', 'default.png', '2021-07-06 03:15:09', '2021-07-06 03:15:09'),
(99, 'Lifebuoy', 'Lifebuoy-kGPXp', 1, '', 'default.png', '2021-07-06 03:16:20', '2021-07-06 03:16:20'),
(101, 'Keya', 'Keya-GIpFo', 1, '', 'default.png', '2021-07-06 03:17:27', '2021-07-06 03:17:27'),
(102, 'Marico', 'Marico-sAUcg', 1, '', 'default.png', '2021-07-06 03:18:32', '2021-07-06 03:18:32'),
(103, 'NARS', 'NARS-24llj', 1, '', 'default.png', '2021-07-06 03:20:09', '2021-07-06 03:20:09'),
(104, 'Romania', 'Romania-7g7LM', 1, '', 'default.png', '2021-07-06 03:20:57', '2021-07-06 03:20:57'),
(105, 'Olympic', 'Olympic-Cs6IW', 1, '', 'default.png', '2021-07-06 03:21:21', '2021-07-06 03:21:21'),
(107, 'Lux', 'Lux-hatVa', 1, '', 'default.png', '2021-07-06 03:22:21', '2021-07-06 03:22:21'),
(108, 'Lenovo', 'Lenovo-FMNLU', 1, '', 'default.png', '2021-07-06 03:22:52', '2021-07-06 03:22:52'),
(109, 'Vim', 'Vim-FcTFA', 1, '', 'default.png', '2021-07-06 03:23:15', '2021-07-06 03:23:15'),
(110, 'Lacoste', 'Lacoste-yGAha', 1, '', 'default.png', '2021-07-06 03:24:15', '2021-07-06 03:24:15'),
(111, 'Wheel', 'Wheel-KQ5IM', 1, '', 'default.png', '2021-07-06 03:24:48', '2021-07-06 03:24:48'),
(112, 'Mgi', 'Mgi-La7g4', 1, '', 'default.png', '2021-07-06 03:25:20', '2021-07-06 03:25:20'),
(113, 'CocaCola', 'CocaCola-5ESRI', 1, '', 'default.png', '2021-07-06 03:25:46', '2021-07-06 03:25:46'),
(115, 'Uniliver', 'Uniliver-khwbs', 1, '', 'default.png', '2021-07-06 03:26:47', '2021-07-06 03:26:47'),
(116, 'Jamuna', 'Jamuna-vOYGQ', 1, '', 'default.png', '2021-07-06 03:27:13', '2021-07-06 03:27:13'),
(117, 'Basundhara Group', 'Basundhara-Group-yBBRJ', 1, '', 'default.png', '2021-07-06 03:28:20', '2021-07-06 03:28:20'),
(118, 'Saqure', 'Saqure-SO4tF', 1, '', 'default.png', '2021-07-06 03:28:47', '2021-07-06 03:28:47'),
(119, 'Loreal', 'Loreal-4Iwjz', 1, '', 'default.png', '2021-07-06 03:29:17', '2021-07-06 03:29:17'),
(120, 'Maximus', 'Maximus-O2GN8', 1, '', 'default.png', '2021-07-06 03:29:52', '2021-07-06 03:29:52'),
(121, 'Marcel', 'Marcel-9RDPC', 1, '', 'default.png', '2021-07-06 03:30:35', '2021-07-06 03:30:35'),
(125, 'Pepsi', 'Pepsi-w00mF', 1, '', 'default.png', '2021-07-06 03:32:31', '2021-07-06 03:32:31'),
(126, 'Apex', 'Apex-X8Vsy', 1, '', 'default.png', '2021-07-06 03:32:50', '2021-07-06 03:32:50'),
(128, 'UiiSii', 'UiiSii-OrJy6', 1, '', 'default.png', '2021-07-06 03:34:06', '2021-07-06 03:34:06'),
(129, 'Dove', 'Dove-xf2EM', 1, '', 'default.png', '2021-07-06 03:34:30', '2021-07-06 03:34:30'),
(130, 'Danish', 'Danish-zqPaZ', 1, '', 'default.png', '2021-07-06 03:34:51', '2021-07-06 03:34:51'),
(131, 'MAC', 'MAC-SzjYZ', 1, '', 'default.png', '2021-07-06 03:35:26', '2021-07-06 03:35:26'),
(133, 'Intel', 'Intel-2Ykhb', 1, '', 'default.png', '2021-07-06 03:36:24', '2021-07-06 03:36:24'),
(134, 'Chasi', 'Chasi-nLsj8', 1, '', 'default.png', '2021-07-06 03:36:44', '2021-07-06 03:36:44'),
(135, 'Asus', 'Asus-w1atg', 1, '', 'default.png', '2021-07-06 03:37:08', '2021-07-06 03:37:08'),
(136, 'Sailor', 'Sailor-A2I4f', 1, '', 'default.png', '2021-07-06 03:38:12', '2021-07-06 03:38:12'),
(137, 'RFL', 'RFL-b6Zil', 1, '', 'default.png', '2021-07-06 03:38:37', '2021-07-06 03:38:37'),
(139, 'Samsung', 'Samsung-wMEaD', 1, '', 'default.png', '2021-07-06 03:39:27', '2021-07-06 03:39:27'),
(140, 'BD Food', 'BD-Food-1ttQq', 1, '', 'default.png', '2021-07-06 03:39:54', '2021-07-06 03:39:54'),
(141, 'Berger', 'Berger-zzYDU', 1, '', 'default.png', '2021-07-06 03:40:20', '2021-07-06 03:40:20'),
(142, 'CAT', 'CAT-hPDIY', 1, '', 'default.png', '2021-07-06 03:40:48', '2021-07-06 03:40:48'),
(143, 'Biomil', 'Biomil-t9Tp1', 1, '', 'default.png', '2021-07-06 03:41:21', '2021-07-06 03:41:21'),
(144, 'Aranya', 'Aranya-Fj0vd', 1, '', 'default.png', '2021-07-06 03:41:53', '2021-07-06 03:41:53'),
(145, 'Aarong', 'Aarong-1WMXR', 1, '', 'default.png', '2021-07-06 03:42:27', '2021-07-06 03:42:27'),
(146, 'Realme', 'Realme-IPksy', 1, '', 'default.png', '2021-07-06 03:42:48', '2021-07-06 03:42:48'),
(147, 'Sun', 'Sun-xVyhI', 1, '', 'default.png', '2021-07-06 03:43:05', '2021-07-06 03:43:05'),
(148, 'En-Lac', 'En-Lac-3P1z1', 1, '', 'default.png', '2021-07-06 03:43:30', '2021-07-06 03:43:30'),
(150, 'D-nee', 'D-nee-QeLxX', 1, '', 'default.png', '2021-07-10 09:24:49', '2021-07-10 09:24:49'),
(151, 'Close Up', 'Close-Up-7O5ab', 1, '', 'default.png', '2021-07-11 00:30:42', '2021-07-11 00:30:42'),
(152, 'Colgate', 'Colgate-EPvYY', 1, '', 'default.png', '2021-07-11 00:31:58', '2021-07-11 00:31:58'),
(153, 'Dabur', 'Dabur-SPzMJ', 1, '', 'default.png', '2021-07-11 00:34:01', '2021-07-11 00:34:01'),
(154, 'Listerine', 'Listerine-JP2qP', 1, '', 'default.png', '2021-07-11 00:36:06', '2021-07-11 00:36:06'),
(155, 'Anfords', 'Anfords-SSHpe', 1, '', 'default.png', '2021-07-11 00:38:07', '2021-07-11 00:38:07'),
(156, 'Sensodyne', 'sensodyne', 1, NULL, 'default.png', '2021-07-11 00:41:03', '2022-04-17 13:05:13'),
(157, 'Knorr', 'Knorr-SMThB', 1, '', 'default.png', '2021-07-14 07:24:26', '2021-07-14 07:24:26'),
(158, 'Symphony', 'Symphony-kUDoT', 1, '', 'default.png', '2021-07-17 12:48:08', '2021-07-17 12:48:08'),
(159, 'Tecno', 'Tecno-u7PrB', 1, '', 'default.png', '2021-07-17 12:48:35', '2021-07-17 12:48:35'),
(160, 'Infinix', 'Infinix-qo7Do', 1, '', 'default.png', '2021-07-17 12:49:07', '2021-07-17 12:49:07'),
(161, 'Motorola', 'Motorola-1UW46', 1, '', 'default.png', '2021-07-17 12:49:53', '2021-07-17 12:49:53'),
(162, 'Huawei', 'Huawei-Uuoh3', 1, '', 'default.png', '2021-07-17 12:50:31', '2021-07-17 12:50:31'),
(163, 'ADATA', 'ADATA-rnuvy', 1, '', 'default.png', '2021-07-17 13:29:14', '2021-07-17 13:29:14'),
(164, 'Amazfit', 'Amazfit-BReFj', 1, '', 'default.png', '2021-07-17 13:29:53', '2021-07-17 13:29:53'),
(165, 'Anker', 'Anker-tiuGV', 1, '', 'default.png', '2021-07-17 13:30:22', '2021-07-17 13:30:22'),
(166, 'Anobik', 'Anobik-bqvH9', 1, '', 'default.png', '2021-07-17 13:31:40', '2021-07-17 13:31:40'),
(167, 'Apacer', 'Apacer-rJa5r', 1, '', 'default.png', '2021-07-17 13:34:36', '2021-07-17 13:34:36'),
(168, 'AWEI', 'AWEI-goGYk', 1, '', 'default.png', '2021-07-17 13:35:12', '2021-07-17 13:35:12'),
(169, 'Baseus', 'Baseus-yzJ6C', 1, '', 'default.png', '2021-07-17 13:35:48', '2021-07-17 13:35:48'),
(170, 'Beats', 'Beats-GUFhM', 1, '', 'default.png', '2021-07-17 13:36:11', '2021-07-17 13:36:11'),
(171, 'Bose', 'Bose-iJwQ9', 1, '', 'default.png', '2021-07-17 13:37:07', '2021-07-17 13:37:07'),
(172, 'Boya', 'Boya-T3YHj', 1, '', 'default.png', '2021-07-17 13:38:16', '2021-07-17 13:38:16'),
(173, 'Fossil', 'Fossil-2lsdh', 1, '', 'default.png', '2021-07-17 13:39:06', '2021-07-17 13:39:06'),
(174, 'Havit', 'Havit-prlWd', 1, '', 'default.png', '2021-07-17 13:40:26', '2021-07-17 13:40:26'),
(175, 'Haylou', 'Haylou-ISyn3', 1, '', 'default.png', '2021-07-17 13:40:48', '2021-07-17 13:40:48'),
(176, 'Hoco', 'Hoco-Ivs20', 1, '', 'default.png', '2021-07-17 13:41:40', '2021-07-17 13:41:40'),
(177, 'Honor', 'Honor-vipQN', 1, '', 'default.png', '2021-07-17 13:42:00', '2021-07-17 13:42:00'),
(178, 'JBL', 'JBL-iz3tG', 1, '', 'default.png', '2021-07-17 13:42:15', '2021-07-17 13:42:15'),
(179, 'OnePlus', 'OnePlus-0ciK0', 1, '', 'default.png', '2021-07-17 13:43:00', '2021-07-17 13:43:00'),
(180, 'Redmi', 'Redmi-EhmDo', 1, '', 'default.png', '2021-07-17 13:43:28', '2021-07-17 13:43:28'),
(181, 'Remax', 'rimax-5cfm8', 1, '', 'default.png', '2021-07-17 13:43:51', '2021-07-17 13:50:40'),
(182, 'Rock', 'Rock-DOzXG', 1, '', 'default.png', '2021-07-17 13:44:16', '2021-07-17 13:44:16'),
(183, 'SanDisk', 'SanDisk-FWGwa', 1, '', 'default.png', '2021-07-17 13:45:10', '2021-07-17 13:45:10'),
(184, 'Sony', 'Sony-66nSd', 1, '', 'default.png', '2021-07-17 13:45:27', '2021-07-17 13:45:27'),
(185, 'Transcend', 'Transcend-WkSvY', 1, '', 'default.png', '2021-07-17 13:46:18', '2021-07-17 13:46:18'),
(186, 'Ultimate Ears', 'Ultimate-Ears-lQhOB', 1, '', 'default.png', '2021-07-17 13:47:02', '2021-07-17 13:47:02'),
(187, 'Wavefun', 'Wavefun-u9QDn', 1, '', 'default.png', '2021-07-17 13:47:28', '2021-07-17 13:47:28'),
(189, 'Canon', 'Canon-tFHi5', 1, '', 'default.png', '2021-07-17 13:52:03', '2021-07-17 13:52:03'),
(190, 'Sharp', 'Sharp-4qvfr', 1, '', 'default.png', '2021-07-17 13:52:21', '2021-07-17 13:52:21'),
(191, 'Singer', 'Singer-Nb940', 1, '', 'default.png', '2021-07-17 13:52:41', '2021-07-17 13:52:41'),
(192, 'Epson', 'Epson-KQiaq', 1, '', 'default.png', '2021-07-17 13:53:12', '2021-07-17 13:53:12'),
(193, 'Gigabyte', 'Gigabyte-BVZAR', 1, '', 'default.png', '2021-07-17 13:54:08', '2021-07-17 13:54:08'),
(194, 'MSI', 'MSI-JXwo2', 1, '', 'default.png', '2021-07-17 13:54:33', '2021-07-17 13:54:33'),
(195, 'Esonic', 'Esonic-BVOyS', 1, '', 'default.png', '2021-07-17 13:54:54', '2021-07-17 13:54:54'),
(196, 'Intel', 'Intel-4tV8F', 1, '', 'default.png', '2021-07-17 13:55:08', '2021-07-17 13:55:08'),
(197, 'Benq', 'Benq-BN0MZ', 1, '', 'default.png', '2021-07-17 13:55:40', '2021-07-17 13:55:40'),
(198, 'TP-Link', 'TP-Link-mSOmA', 1, '', 'default.png', '2021-07-17 13:56:04', '2021-07-17 13:56:04'),
(199, 'D-Link', 'D-Link-vJQcc', 1, '', 'default.png', '2021-07-17 13:56:57', '2021-07-17 13:56:57'),
(200, 'Tenda', 'Tenda-Hbm2M', 1, '', 'default.png', '2021-07-17 13:57:39', '2021-07-17 13:57:39'),
(201, 'Vision', 'Vision-8Tfu0', 1, '', 'default.png', '2021-07-17 13:58:02', '2021-07-17 13:58:02'),
(202, 'Kiam', 'Kiam-GOcFb', 1, '', 'default.png', '2021-07-17 13:58:18', '2021-07-17 13:58:18'),
(203, 'Nova', 'Nova-hWzO9', 1, '', 'default.png', '2021-07-17 13:58:49', '2021-07-17 13:58:49'),
(204, 'Dettol', 'Dettol-jcIUn', 1, '', 'default.png', '2021-07-17 13:59:12', '2021-07-17 13:59:12'),
(205, 'Emami', 'Emami-bUzMa', 1, '', 'default.png', '2021-07-17 13:59:27', '2021-07-17 13:59:27'),
(206, 'Ponds', 'Ponds-SCRww', 1, '', 'default.png', '2021-07-17 13:59:45', '2021-07-17 13:59:45'),
(207, 'Acer', 'Acer-bTKoX', 1, '', 'default.png', '2021-07-17 14:00:03', '2021-07-17 14:00:03'),
(208, 'HP', 'HP-xnCzS', 1, '', 'default.png', '2021-07-17 14:01:39', '2021-07-17 14:01:39'),
(209, 'Dell', 'Dell-ZyEKF', 1, '', 'default.png', '2021-07-17 14:02:20', '2021-07-17 14:02:20'),
(210, 'Asus', 'Asus-iaxi3', 1, '', 'default.png', '2021-07-17 14:02:38', '2021-07-17 14:02:38'),
(211, 'BOSCH', 'BOSCH-N0bVq', 1, '', 'default.png', '2021-07-17 14:03:54', '2021-07-17 14:03:54'),
(212, 'Deli', 'Deli-8hf3E', 1, '', 'default.png', '2021-07-17 14:04:10', '2021-07-17 14:04:10'),
(213, 'Gree', 'Gree-Ydlnd', 1, '', 'default.png', '2021-07-17 14:04:24', '2021-07-17 14:04:24'),
(214, 'LG', 'LG-uSJ9P', 1, '', 'default.png', '2021-07-17 14:04:38', '2021-07-17 14:04:38'),
(215, 'Midea', 'Midea-ABhmj', 1, '', 'default.png', '2021-07-17 14:04:56', '2021-07-17 14:04:56'),
(216, 'Logitech', 'Logitech-KMKbA', 1, '', 'default.png', '2021-07-17 14:06:22', '2021-07-17 14:06:22'),
(217, 'Norton', 'Norton-inS7u', 1, '', 'default.png', '2021-07-17 14:07:00', '2021-07-17 14:07:00'),
(218, 'A4Tech', 'A4Tech-LZqrw', 1, '', 'default.png', '2021-07-17 14:07:27', '2021-07-17 14:07:27'),
(219, 'Calvin Klein', 'Calvin-Klein-kcZks', 1, '', 'default.png', '2021-07-17 14:09:31', '2021-07-17 14:09:31'),
(220, 'Casio', 'Casio-kjSiR', 1, '', 'default.png', '2021-07-17 14:09:51', '2021-07-17 14:09:51'),
(221, 'Fastrack', 'Fastrack-SZy7I', 1, '', 'default.png', '2021-07-17 14:10:50', '2021-07-17 14:10:50'),
(222, 'Polo', 'Polo-CK8tb', 1, '', 'default.png', '2021-07-17 14:11:40', '2021-07-17 14:11:40'),
(223, 'Revlon', 'Revlon-aZEQq', 1, '', 'default.png', '2021-07-17 14:12:26', '2021-07-17 14:12:26'),
(224, 'Titan', 'Titan-nhurF', 1, '', 'default.png', '2021-07-17 14:12:51', '2021-07-17 14:12:51'),
(225, 'Zara', 'Zara-Qhcym', 1, '', 'default.png', '2021-07-17 14:13:05', '2021-07-17 14:13:05'),
(226, 'Yuwell', 'Yuwell-J4Cln', 1, '', 'default.png', '2021-07-17 14:13:27', '2021-07-17 14:13:27'),
(227, 'Tresemme', 'Tresemme-vLsco', 1, '', 'default.png', '2021-07-22 05:45:51', '2021-07-22 05:45:51'),
(228, 'L\' Oreal', 'L-Oreal-tYXIV', 1, '', 'default.png', '2021-07-22 05:46:24', '2021-07-22 05:46:24'),
(229, 'Herbal Essence', 'Herbal-Essence-bK4CI', 1, '', 'default.png', '2021-07-22 05:46:49', '2021-07-22 05:46:49'),
(230, 'Dove', 'Dove-jwwpM', 1, '', 'default.png', '2021-07-22 05:47:03', '2021-07-22 05:47:03'),
(231, 'Head & shoulder', 'Head--shoulder-Hcw3a', 1, '', 'default.png', '2021-07-22 05:47:35', '2021-07-22 05:47:35'),
(232, 'OGX', 'OGX-9fGyc', 1, '', 'default.png', '2021-07-22 05:47:53', '2021-07-22 05:47:53'),
(233, 'Sunsilk', 'Sunsilk-9Fa1l', 1, '', 'default.png', '2021-07-22 05:48:48', '2021-07-22 05:48:48'),
(234, 'Himalaya', 'Himalaya-RS9GX', 1, '', 'default.png', '2021-07-22 05:49:36', '2021-07-22 05:49:36'),
(235, 'Pantene', 'Pantene-MPTDw', 1, '', 'default.png', '2021-07-22 05:49:56', '2021-07-22 05:49:56'),
(236, 'Parachute', 'Parachute-BdaZN', 1, '', 'default.png', '2021-07-22 05:50:47', '2021-07-22 05:50:47'),
(237, 'WOW', 'WOW-yX1Bu', 1, '', 'default.png', '2021-07-22 05:51:03', '2021-07-22 05:51:03'),
(238, 'Deep Fresh', 'Deep-Fresh-SALiz', 1, '', 'default.png', '2021-07-22 05:51:21', '2021-07-22 05:51:21'),
(239, 'Xpel', 'Xpel-p4OiL', 1, '', 'default.png', '2021-07-22 05:51:44', '2021-07-22 05:51:44'),
(240, 'Follow me', 'Follow-me-vU3IZ', 1, '', 'default.png', '2021-07-22 05:52:00', '2021-07-22 05:52:00'),
(241, 'Dabur', 'Dabur-6JYQW', 1, '', 'default.png', '2021-07-22 05:56:06', '2021-07-22 05:56:06'),
(242, 'Alpecin', 'Alpecin-nGNel', 1, '', 'default.png', '2021-07-22 05:56:28', '2021-07-22 05:56:28'),
(243, 'Clear', 'Clear-EuHR3', 1, '', 'default.png', '2021-07-22 05:56:49', '2021-07-22 05:56:49'),
(244, 'Dandex', 'Dandex-capOW', 1, '', 'default.png', '2021-07-22 05:57:14', '2021-07-22 05:57:14'),
(245, 'Biotique', 'Biotique-Faz8x', 1, '', 'default.png', '2021-07-22 05:57:40', '2021-07-22 05:57:40'),
(246, 'Neutrogena', 'Neutrogena-ipASs', 1, '', 'default.png', '2021-07-22 05:58:14', '2021-07-22 05:58:14'),
(247, 'Revlon', 'Revlon-CJVS0', 1, '', 'default.png', '2021-07-22 05:58:36', '2021-07-22 05:58:36'),
(248, 'Ayush', 'Ayush-8jQJJ', 1, '', 'default.png', '2021-07-22 05:59:42', '2021-07-22 05:59:42'),
(249, 'BEAUA', 'BEAUA-OjlJY', 1, '', 'default.png', '2021-07-22 06:00:26', '2021-07-22 06:00:26'),
(250, 'Clinic Plus', 'Clinic-Plus-MEV4R', 1, '', 'default.png', '2021-07-22 06:00:48', '2021-07-22 06:00:48'),
(251, 'Kumarika', 'Kumarika-rzmWZ', 1, '', 'default.png', '2021-07-22 06:01:10', '2021-07-22 06:01:10'),
(252, 'Crevil', 'Crevil-tgMIP', 1, '', 'default.png', '2021-07-22 06:02:04', '2021-07-22 06:02:04'),
(253, 'Emami', 'Emami-uRbAr', 1, '', 'default.png', '2021-07-22 06:02:25', '2021-07-22 06:02:25'),
(254, 'Guerniss', 'Guerniss-uWQSg', 1, '', 'default.png', '2021-07-22 06:03:07', '2021-07-22 06:03:07'),
(255, 'Revive', 'Revive-HAzZI', 1, '', 'default.png', '2021-07-22 06:03:33', '2021-07-22 06:03:33'),
(263, 'V&G', 'VG-LsEns', 1, '', 'default.png', '2021-07-22 06:09:23', '2021-07-22 06:09:23'),
(264, 'Godrej Expert', 'Godrej-Expert-HNN9s', 1, '', 'default.png', '2021-07-22 06:10:08', '2021-07-22 06:10:08'),
(265, 'Liangjie', 'Liangjie-yeePm', 1, '', 'default.png', '2021-07-22 06:10:38', '2021-07-22 06:10:38'),
(266, 'Nihar', 'Nihar-XCMlw', 1, '', 'default.png', '2021-07-22 06:10:55', '2021-07-22 06:10:55'),
(292, 'JOYROOM', 'joyroom', 1, NULL, '2023-08-23-64e5c0967d96a.PNG', '2023-08-23 02:17:26', '2023-08-28 11:05:01'),
(293, 'Unknown', 'unknown', 1, NULL, '2023-08-23-64e5c270ad828.jpeg', '2023-08-23 02:25:20', '2023-08-23 02:25:20'),
(294, 'YouTube', 'youtube', 1, NULL, '2023-08-23-64e5d5f460bf4.jpg', '2023-08-23 03:48:36', '2023-08-23 03:48:36'),
(295, 'Samsung', 'samsung', 1, NULL, '2023-08-23-64e5dbedc4dfa.PNG', '2023-08-23 04:14:05', '2023-08-23 04:14:05');

-- --------------------------------------------------------

--
-- Table structure for table `campaigns`
--

CREATE TABLE `campaigns` (
  `id` bigint UNSIGNED NOT NULL,
  `slug` text CHARACTER SET utf8mb4 COLLATE utf8mb4_unicode_ci,
  `name` varchar(255) CHARACTER SET utf8mb4 COLLATE utf8mb4_unicode_ci NOT NULL,
  `cover_photo` varchar(255) CHARACTER SET utf8mb4 COLLATE utf8mb4_unicode_ci NOT NULL DEFAULT 'default.png',
  `is_flash` int NOT NULL DEFAULT '0',
  `end` datetime DEFAULT NULL,
  `status` tinyint(1) NOT NULL DEFAULT '1',
  `created_at` timestamp NULL DEFAULT NULL,
  `updated_at` timestamp NULL DEFAULT NULL
) ENGINE=InnoDB DEFAULT CHARSET=utf8mb4 COLLATE=utf8mb4_unicode_ci;

--
-- Dumping data for table `campaigns`
--

INSERT INTO `campaigns` (`id`, `slug`, `name`, `cover_photo`, `is_flash`, `end`, `status`, `created_at`, `updated_at`) VALUES
(1, '64ff0d9ae3aeb', 'Flash', '2023-09-11-64ff0d9ae3694.jpg', 0, NULL, 1, '2023-09-11 06:52:42', '2024-01-11 04:06:39');

-- --------------------------------------------------------

--
-- Table structure for table `campaing_comments`
--

CREATE TABLE `campaing_comments` (
  `id` bigint UNSIGNED NOT NULL,
  `campaign_id` bigint UNSIGNED NOT NULL,
  `user_id` int NOT NULL,
  `comment` text CHARACTER SET utf8mb4 COLLATE utf8mb4_unicode_ci NOT NULL,
  `created_at` timestamp NULL DEFAULT NULL,
  `updated_at` timestamp NULL DEFAULT NULL
) ENGINE=InnoDB DEFAULT CHARSET=utf8mb4 COLLATE=utf8mb4_unicode_ci;

-- --------------------------------------------------------

--
-- Table structure for table `campaing_products`
--

CREATE TABLE `campaing_products` (
  `id` bigint UNSIGNED NOT NULL,
  `campaign_id` bigint UNSIGNED NOT NULL,
  `product_id` bigint UNSIGNED NOT NULL,
  `price` int DEFAULT NULL,
  `created_at` timestamp NULL DEFAULT NULL,
  `updated_at` timestamp NULL DEFAULT NULL
) ENGINE=InnoDB DEFAULT CHARSET=utf8mb4 COLLATE=utf8mb4_unicode_ci;

--
-- Dumping data for table `campaing_products`
--

INSERT INTO `campaing_products` (`id`, `campaign_id`, `product_id`, `price`, `created_at`, `updated_at`) VALUES
(1, 1, 710, 100, '2023-09-11 06:53:59', '2023-09-11 06:54:39'),
(3, 1, 703, 100, '2023-09-11 06:55:04', '2023-09-11 06:58:41'),
(8, 1, 707, 85, '2023-09-11 06:58:25', '2023-09-11 06:58:41'),
(9, 1, 684, 2000, '2023-09-11 07:02:01', '2023-09-11 07:02:06'),
(10, 1, 683, 1300, '2023-09-11 07:02:12', '2023-09-11 07:02:34'),
(11, 1, 706, 0, '2023-09-11 07:03:28', '2023-09-11 07:03:28'),
(12, 1, 697, 100, '2023-09-11 07:05:11', '2023-09-11 07:05:16');

-- --------------------------------------------------------

--
-- Table structure for table `cart_infos`
--

CREATE TABLE `cart_infos` (
  `id` bigint UNSIGNED NOT NULL,
  `ser` text CHARACTER SET utf8mb4 COLLATE utf8mb4_unicode_ci,
  `user_id` bigint UNSIGNED NOT NULL,
  `vendor` int DEFAULT NULL,
  `product_id` bigint UNSIGNED NOT NULL,
  `qty` varchar(255) CHARACTER SET utf8mb4 COLLATE utf8mb4_unicode_ci NOT NULL,
  `price` varchar(255) CHARACTER SET utf8mb4 COLLATE utf8mb4_unicode_ci NOT NULL,
  `weight` varchar(255) CHARACTER SET utf8mb4 COLLATE utf8mb4_unicode_ci NOT NULL DEFAULT '0',
  `color` varchar(255) CHARACTER SET utf8mb4 COLLATE utf8mb4_unicode_ci DEFAULT NULL,
  `attr` varchar(255) CHARACTER SET utf8mb4 COLLATE utf8mb4_unicode_ci DEFAULT NULL,
  `created_at` timestamp NULL DEFAULT NULL,
  `updated_at` timestamp NULL DEFAULT NULL
) ENGINE=InnoDB DEFAULT CHARSET=utf8mb4 COLLATE=utf8mb4_unicode_ci;

-- --------------------------------------------------------

--
-- Table structure for table `categories`
--

CREATE TABLE `categories` (
  `id` bigint UNSIGNED NOT NULL,
  `name` varchar(255) CHARACTER SET utf8mb4 COLLATE utf8mb4_unicode_ci NOT NULL,
  `slug` varchar(255) CHARACTER SET utf8mb4 COLLATE utf8mb4_unicode_ci NOT NULL,
  `status` tinyint(1) NOT NULL DEFAULT '1',
  `is_feature` int NOT NULL DEFAULT '0',
  `pos` int DEFAULT NULL,
  `poss` int DEFAULT NULL,
  `description` text CHARACTER SET utf8mb4 COLLATE utf8mb4_unicode_ci,
  `cover_photo` varchar(255) CHARACTER SET utf8mb4 COLLATE utf8mb4_unicode_ci NOT NULL DEFAULT 'default.png',
  `created_at` timestamp NULL DEFAULT NULL,
  `updated_at` timestamp NULL DEFAULT NULL
) ENGINE=InnoDB DEFAULT CHARSET=utf8mb4 COLLATE=utf8mb4_unicode_ci;

--
-- Dumping data for table `categories`
--

INSERT INTO `categories` (`id`, `name`, `slug`, `status`, `is_feature`, `pos`, `poss`, `description`, `cover_photo`, `created_at`, `updated_at`) VALUES
(4, 'Electronics Accessories', 'electronics-accessories', 1, 1, 40, 10, NULL, '2023-05-07-64576098bce17.png', NULL, '2023-09-05 14:13:02'),
(6, 'Electronic Devices', 'electronic-devices', 1, 1, 8, 8, NULL, '2023-03-10-640b87e16cea1.png', NULL, '2023-03-10 13:41:21'),
(11, 'Services', 'services', 1, 1, 11, NULL, NULL, '2023-03-10-640b86eea9526.png', NULL, '2023-03-10 13:37:18'),
(18, 'Men Fashion', 'men-fashion', 1, 1, 1, NULL, NULL, '2023-09-05-64f77272874dd.png', '2023-08-12 20:14:09', '2023-09-05 12:24:50'),
(19, 'Women Fashion', 'women-fashion', 1, 1, 2, NULL, NULL, '2023-09-05-64f77294261cb.png', '2023-08-22 23:25:13', '2023-09-05 12:25:24'),
(21, 'Groceries', 'groceries', 1, 1, 4, NULL, NULL, '2023-09-05-64f78a50392bd.png', '2023-08-23 03:13:44', '2023-09-05 14:13:09'),
(22, 'Health & Beauty', 'health-beauty', 1, 1, 7, NULL, NULL, '2023-09-05-64f78c1b6d388.png', '2023-08-23 09:04:59', '2023-09-05 14:14:19'),
(23, 'Home Appliance', 'home-appliance', 1, 1, 9, NULL, NULL, '2023-09-05-64f78aa544cac.png', '2023-08-28 10:19:22', '2023-09-05 14:09:37'),
(24, 'Jewelry', 'jewelry', 1, 1, 3, NULL, NULL, '2023-09-05-64f78b12d1d30.png', '2023-09-05 14:09:54', '2023-09-05 14:12:47'),
(25, 'Books', 'books', 1, 1, 12, NULL, NULL, '2023-09-06-64f860c1ebce1.png', '2023-09-05 14:11:36', '2023-09-06 05:21:37');

-- --------------------------------------------------------

--
-- Table structure for table `category_collection`
--

CREATE TABLE `category_collection` (
  `id` bigint UNSIGNED NOT NULL,
  `category_id` bigint UNSIGNED NOT NULL,
  `collection_id` bigint UNSIGNED NOT NULL,
  `created_at` timestamp NULL DEFAULT NULL,
  `updated_at` timestamp NULL DEFAULT NULL
) ENGINE=InnoDB DEFAULT CHARSET=utf8mb4 COLLATE=utf8mb4_unicode_ci;

--
-- Dumping data for table `category_collection`
--

INSERT INTO `category_collection` (`id`, `category_id`, `collection_id`, `created_at`, `updated_at`) VALUES
(6, 4, 2, NULL, NULL);

-- --------------------------------------------------------

--
-- Table structure for table `category_product`
--

CREATE TABLE `category_product` (
  `id` bigint UNSIGNED NOT NULL,
  `category_id` bigint UNSIGNED NOT NULL,
  `product_id` bigint UNSIGNED NOT NULL,
  `created_at` timestamp NULL DEFAULT NULL,
  `updated_at` timestamp NULL DEFAULT NULL
) ENGINE=InnoDB DEFAULT CHARSET=utf8mb4 COLLATE=utf8mb4_unicode_ci;

--
-- Dumping data for table `category_product`
--

INSERT INTO `category_product` (`id`, `category_id`, `product_id`, `created_at`, `updated_at`) VALUES
(690, 4, 684, NULL, NULL),
(692, 18, 686, NULL, NULL),
(695, 18, 689, NULL, NULL),
(706, 23, 700, NULL, NULL),
(707, 18, 701, NULL, NULL),
(709, 4, 702, NULL, NULL),
(710, 4, 699, NULL, NULL),
(711, 4, 698, NULL, NULL),
(712, 4, 697, NULL, NULL),
(713, 4, 693, NULL, NULL),
(714, 19, 691, NULL, NULL),
(715, 18, 690, NULL, NULL),
(716, 18, 688, NULL, NULL),
(717, 18, 687, NULL, NULL),
(718, 18, 685, NULL, NULL),
(719, 19, 703, NULL, NULL),
(720, 19, 704, NULL, NULL),
(721, 4, 683, NULL, NULL),
(722, 19, 705, NULL, NULL),
(723, 19, 706, NULL, NULL),
(724, 19, 707, NULL, NULL),
(725, 21, 708, NULL, NULL),
(726, 21, 709, NULL, NULL),
(727, 21, 710, NULL, NULL),
(728, 21, 711, NULL, NULL),
(729, 21, 712, NULL, NULL),
(730, 21, 713, NULL, NULL);

-- --------------------------------------------------------

--
-- Table structure for table `chats`
--

CREATE TABLE `chats` (
  `id` bigint UNSIGNED NOT NULL,
  `user_id` bigint UNSIGNED NOT NULL,
  `send_id` bigint UNSIGNED DEFAULT NULL,
  `message` text CHARACTER SET utf8mb4 COLLATE utf8mb4_unicode_ci NOT NULL,
  `admin_status` tinyint(1) NOT NULL DEFAULT '0',
  `user_status` tinyint(1) NOT NULL DEFAULT '0',
  `admin_message_log` varchar(15) CHARACTER SET utf8mb4 COLLATE utf8mb4_unicode_ci NOT NULL,
  `user_message_log` varchar(15) CHARACTER SET utf8mb4 COLLATE utf8mb4_unicode_ci NOT NULL,
  `created_at` timestamp NULL DEFAULT NULL,
  `updated_at` timestamp NULL DEFAULT NULL
) ENGINE=InnoDB DEFAULT CHARSET=utf8mb4 COLLATE=utf8mb4_unicode_ci;

-- --------------------------------------------------------

--
-- Table structure for table `collections`
--

CREATE TABLE `collections` (
  `id` bigint UNSIGNED NOT NULL,
  `name` varchar(255) CHARACTER SET utf8mb4 COLLATE utf8mb4_unicode_ci NOT NULL,
  `slug` varchar(255) CHARACTER SET utf8mb4 COLLATE utf8mb4_unicode_ci NOT NULL,
  `status` tinyint(1) NOT NULL DEFAULT '1',
  `cover_photo` varchar(255) CHARACTER SET utf8mb4 COLLATE utf8mb4_unicode_ci NOT NULL,
  `created_at` timestamp NULL DEFAULT NULL,
  `updated_at` timestamp NULL DEFAULT NULL
) ENGINE=InnoDB DEFAULT CHARSET=utf8mb4 COLLATE=utf8mb4_unicode_ci;

--
-- Dumping data for table `collections`
--

INSERT INTO `collections` (`id`, `name`, `slug`, `status`, `cover_photo`, `created_at`, `updated_at`) VALUES
(1, 'Baby Care', 'baby-care', 1, '2022-04-20-6260808b3fb9b.JPG', '2022-03-11 12:59:30', '2022-04-21 11:10:45'),
(2, 'All Electronics', 'all-electronics', 1, '2022-04-20-62608116b6315.JPG', '2022-03-11 13:00:15', '2023-05-10 07:43:00'),
(5, 'Daily Bazar', 'daily-bazar', 1, '2022-05-09-6279406556ade.jpg', '2022-03-26 08:12:02', '2022-05-09 10:25:09'),
(6, 'Regular Fashion', 'regular-fashion', 1, '2022-05-09-627940e88543c.jpg', '2022-03-26 08:12:49', '2023-09-05 15:24:36');

-- --------------------------------------------------------

--
-- Table structure for table `colors`
--

CREATE TABLE `colors` (
  `id` bigint UNSIGNED NOT NULL,
  `name` varchar(255) CHARACTER SET utf8mb4 COLLATE utf8mb4_unicode_ci NOT NULL,
  `slug` varchar(255) CHARACTER SET utf8mb4 COLLATE utf8mb4_unicode_ci NOT NULL,
  `code` varchar(255) CHARACTER SET utf8mb4 COLLATE utf8mb4_unicode_ci NOT NULL,
  `status` tinyint(1) NOT NULL DEFAULT '1',
  `description` text CHARACTER SET utf8mb4 COLLATE utf8mb4_unicode_ci,
  `created_at` timestamp NULL DEFAULT NULL,
  `updated_at` timestamp NULL DEFAULT NULL
) ENGINE=InnoDB DEFAULT CHARSET=utf8mb4 COLLATE=utf8mb4_unicode_ci;

--
-- Dumping data for table `colors`
--

INSERT INTO `colors` (`id`, `name`, `slug`, `code`, `status`, `description`, `created_at`, `updated_at`) VALUES
(1, 'Black', 'black', '#000000', 1, NULL, '2022-03-11 12:07:03', '2022-03-11 12:07:03'),
(2, 'Red', 'red', '#fb0007', 1, NULL, '2022-03-11 12:07:35', '2022-03-11 12:07:35'),
(3, 'Blue', 'blue', '#0000ff', 1, NULL, '2022-03-11 12:07:49', '2022-04-04 12:12:08'),
(4, 'White', 'white', '#ffffff', 1, NULL, '2022-03-11 12:08:10', '2022-03-11 12:08:10'),
(5, 'Pink', 'pink', '#f200fe', 1, NULL, '2022-03-11 12:08:23', '2022-04-04 11:50:23'),
(6, 'Green', 'green', '#038104', 1, NULL, '2022-03-11 12:09:01', '2022-04-04 11:50:11'),
(7, 'Yellow', 'yellow', '#ffff00', 1, NULL, '2022-03-11 12:09:26', '2022-04-04 12:18:09'),
(8, 'Gray', 'gray', '#808080', 1, NULL, '2022-04-04 12:08:10', '2022-04-04 12:08:10'),
(9, 'Silver', 'silver', '#c0c0c0', 1, NULL, '2022-04-04 12:08:42', '2022-04-04 12:08:42'),
(10, 'Orange', 'orange', '#ffa500', 1, NULL, '2022-04-04 12:09:13', '2022-04-04 12:09:13'),
(11, 'Purple', 'purple', '#800080', 1, NULL, '2022-04-04 12:09:39', '2022-04-04 12:09:39'),
(12, 'Maroon', 'maroon', '#800000', 1, NULL, '2022-04-04 12:10:19', '2022-04-04 12:10:19'),
(13, 'Olive', 'olive', '#808000', 1, NULL, '2022-04-04 12:10:45', '2022-04-04 12:10:45'),
(15, 'Cream', 'cream', '#ffffcc', 1, NULL, '2022-04-04 12:13:08', '2022-04-04 12:13:08'),
(16, 'Gold', 'gold', '#ffd700', 1, NULL, '2022-04-04 12:13:50', '2022-04-04 12:13:50'),
(17, 'Nutmeg', 'nutmeg', '#7f2e2e', 1, 'null', '2022-04-07 07:51:21', '2022-04-07 07:51:21'),
(18, 'Cowboy', 'cowboy', '#532929', 1, 'null', '2022-04-17 03:42:26', '2022-04-17 03:42:26'),
(19, 'Sky Blue', 'sky-blue', '#32b4e6', 1, 'Sky Blue', '2023-05-13 02:18:42', '2023-05-13 02:18:42'),
(20, 'Off White', 'off-white', '#faf9f6', 1, 'Off-white is the replacement of White', '2023-05-13 03:59:11', '2023-05-13 03:59:11'),
(21, 'Paste', 'paste', '#cdf6d4', 1, 'Paste', '2023-05-13 04:13:22', '2023-05-13 04:13:22');

-- --------------------------------------------------------

--
-- Table structure for table `color_product`
--

CREATE TABLE `color_product` (
  `id` bigint UNSIGNED NOT NULL,
  `color_id` bigint UNSIGNED NOT NULL,
  `product_id` bigint UNSIGNED NOT NULL,
  `qnty` int DEFAULT NULL,
  `price` int DEFAULT NULL,
  `created_at` timestamp NULL DEFAULT NULL,
  `updated_at` timestamp NULL DEFAULT NULL
) ENGINE=InnoDB DEFAULT CHARSET=utf8mb4 COLLATE=utf8mb4_unicode_ci;

--
-- Dumping data for table `color_product`
--

INSERT INTO `color_product` (`id`, `color_id`, `product_id`, `qnty`, `price`, `created_at`, `updated_at`) VALUES
(37, 10, 683, NULL, 50, NULL, NULL),
(38, 1, 683, NULL, NULL, NULL, NULL),
(40, 1, 698, NULL, NULL, NULL, NULL),
(41, 4, 699, NULL, NULL, NULL, NULL),
(42, 1, 699, NULL, NULL, NULL, NULL);

-- --------------------------------------------------------

--
-- Table structure for table `comments`
--

CREATE TABLE `comments` (
  `id` bigint UNSIGNED NOT NULL,
  `user_id` bigint UNSIGNED NOT NULL,
  `product_id` bigint UNSIGNED NOT NULL,
  `parent_id` bigint UNSIGNED DEFAULT NULL,
  `body` text CHARACTER SET utf8mb4 COLLATE utf8mb4_unicode_ci NOT NULL,
  `created_at` timestamp NULL DEFAULT NULL,
  `updated_at` timestamp NULL DEFAULT NULL
) ENGINE=InnoDB DEFAULT CHARSET=utf8mb4 COLLATE=utf8mb4_unicode_ci;

--
-- Dumping data for table `comments`
--

INSERT INTO `comments` (`id`, `user_id`, `product_id`, `parent_id`, `body`, `created_at`, `updated_at`) VALUES
(7, 1, 685, 4, 'জি। অবশ্যই বাংলাদেশী মেইল হতে হবে।', '2023-08-26 11:29:01', '2023-08-26 11:29:01'),
(8, 1, 685, 6, 'শুধু মেইল দিলেই হবে।', '2023-08-26 11:29:20', '2023-08-26 11:29:20');

-- --------------------------------------------------------

--
-- Table structure for table `commissions`
--

CREATE TABLE `commissions` (
  `id` bigint UNSIGNED NOT NULL,
  `user_id` bigint UNSIGNED NOT NULL,
  `order_id` bigint UNSIGNED NOT NULL,
  `amount` decimal(20,2) NOT NULL,
  `status` tinyint(1) NOT NULL DEFAULT '1',
  `created_at` timestamp NULL DEFAULT NULL,
  `updated_at` timestamp NULL DEFAULT NULL
) ENGINE=InnoDB DEFAULT CHARSET=utf8mb4 COLLATE=utf8mb4_unicode_ci;

--
-- Dumping data for table `commissions`
--

INSERT INTO `commissions` (`id`, `user_id`, `order_id`, `amount`, `status`, `created_at`, `updated_at`) VALUES
(1, 200, 1, '98.00', 0, '2023-05-07 09:27:25', '2023-05-07 09:27:25'),
(2, 201, 2, '45.50', 0, '2023-05-11 12:05:54', '2023-05-11 12:05:54'),
(3, 199, 3, '59.50', 0, '2023-05-12 10:48:45', '2023-05-12 10:48:45'),
(4, 199, 4, '59.50', 0, '2023-05-12 10:51:47', '2023-05-12 10:51:47'),
(5, 200, 5, '35.00', 0, '2023-05-12 11:38:01', '2023-05-12 11:38:01'),
(6, 225, 13, '22.30', 0, '2023-06-22 01:03:59', '2023-06-22 01:03:59'),
(7, 225, 14, '22.30', 0, '2023-06-22 01:04:05', '2023-06-22 01:04:05'),
(8, 225, 15, '22.30', 0, '2023-06-22 01:06:16', '2023-06-22 01:06:16'),
(9, 225, 16, '22.30', 0, '2023-06-22 01:07:24', '2023-06-22 01:07:24'),
(10, 225, 17, '22.30', 0, '2023-06-22 01:07:46', '2023-06-22 01:35:25');

-- --------------------------------------------------------

--
-- Table structure for table `contacts`
--

CREATE TABLE `contacts` (
  `id` bigint UNSIGNED NOT NULL,
  `name` varchar(255) CHARACTER SET utf8mb4 COLLATE utf8mb4_unicode_ci NOT NULL,
  `email` varchar(255) CHARACTER SET utf8mb4 COLLATE utf8mb4_unicode_ci NOT NULL,
  `phone` int DEFAULT NULL,
  `title` varchar(255) CHARACTER SET utf8mb4 COLLATE utf8mb4_unicode_ci NOT NULL,
  `body` text CHARACTER SET utf8mb4 COLLATE utf8mb4_unicode_ci NOT NULL,
  `documents` text CHARACTER SET utf8mb4 COLLATE utf8mb4_unicode_ci NOT NULL,
  `meet` date DEFAULT NULL,
  `created_at` timestamp NULL DEFAULT NULL,
  `updated_at` timestamp NULL DEFAULT NULL
) ENGINE=InnoDB DEFAULT CHARSET=utf8mb4 COLLATE=utf8mb4_unicode_ci;

-- --------------------------------------------------------

--
-- Table structure for table `coupons`
--

CREATE TABLE `coupons` (
  `id` bigint UNSIGNED NOT NULL,
  `code` varchar(255) CHARACTER SET utf8mb4 COLLATE utf8mb4_unicode_ci NOT NULL,
  `description` text CHARACTER SET utf8mb4 COLLATE utf8mb4_unicode_ci,
  `discount_type` varchar(255) CHARACTER SET utf8mb4 COLLATE utf8mb4_unicode_ci NOT NULL,
  `discount` decimal(8,2) NOT NULL,
  `limit_per_user` int NOT NULL,
  `total_use_limit` int NOT NULL,
  `available_limit` int NOT NULL,
  `expire_date` date NOT NULL,
  `status` tinyint(1) NOT NULL,
  `created_at` timestamp NULL DEFAULT NULL,
  `updated_at` timestamp NULL DEFAULT NULL
) ENGINE=InnoDB DEFAULT CHARSET=utf8mb4 COLLATE=utf8mb4_unicode_ci;

--
-- Dumping data for table `coupons`
--

INSERT INTO `coupons` (`id`, `code`, `description`, `discount_type`, `discount`, `limit_per_user`, `total_use_limit`, `available_limit`, `expire_date`, `status`, `created_at`, `updated_at`) VALUES
(3, '@professor_pubg', 'YT Premium 4 Month', 'amount', '50.00', 1, 1, 0, '2023-08-30', 1, '2023-08-30 05:22:59', '2023-08-30 05:57:38');

-- --------------------------------------------------------

--
-- Table structure for table `coupon_user`
--

CREATE TABLE `coupon_user` (
  `id` bigint UNSIGNED NOT NULL,
  `user_id` bigint UNSIGNED NOT NULL,
  `coupon_id` bigint UNSIGNED NOT NULL,
  `created_at` timestamp NULL DEFAULT NULL,
  `updated_at` timestamp NULL DEFAULT NULL
) ENGINE=InnoDB DEFAULT CHARSET=utf8mb4 COLLATE=utf8mb4_unicode_ci;

-- --------------------------------------------------------

--
-- Table structure for table `customer_infos`
--

CREATE TABLE `customer_infos` (
  `id` bigint UNSIGNED NOT NULL,
  `user_id` bigint UNSIGNED NOT NULL,
  `country` varchar(255) CHARACTER SET utf8mb4 COLLATE utf8mb4_unicode_ci DEFAULT NULL,
  `city` varchar(255) CHARACTER SET utf8mb4 COLLATE utf8mb4_unicode_ci DEFAULT NULL,
  `distric` varchar(255) CHARACTER SET utf8mb4 COLLATE utf8mb4_unicode_ci DEFAULT NULL,
  `thana` varchar(255) CHARACTER SET utf8mb4 COLLATE utf8mb4_unicode_ci DEFAULT NULL,
  `street` varchar(255) CHARACTER SET utf8mb4 COLLATE utf8mb4_unicode_ci DEFAULT NULL,
  `post_code` varchar(255) CHARACTER SET utf8mb4 COLLATE utf8mb4_unicode_ci DEFAULT NULL,
  `created_at` timestamp NULL DEFAULT NULL,
  `updated_at` timestamp NULL DEFAULT NULL
) ENGINE=InnoDB DEFAULT CHARSET=utf8mb4 COLLATE=utf8mb4_unicode_ci;

--
-- Dumping data for table `customer_infos`
--

INSERT INTO `customer_infos` (`id`, `user_id`, `country`, `city`, `distric`, `thana`, `street`, `post_code`, `created_at`, `updated_at`) VALUES
(255, 286, NULL, NULL, NULL, NULL, NULL, NULL, '2023-09-11 07:44:02', '2023-09-11 07:44:02'),
(256, 287, 'Bangladesh', NULL, NULL, NULL, 'Dhaka', '1201', '2023-09-11 07:46:51', '2024-01-22 23:10:05'),
(260, 291, NULL, NULL, NULL, NULL, NULL, NULL, '2024-01-22 03:31:50', '2024-01-22 03:31:50');

-- --------------------------------------------------------

--
-- Table structure for table `device_ids`
--

CREATE TABLE `device_ids` (
  `id` bigint UNSIGNED NOT NULL,
  `user_id` bigint UNSIGNED DEFAULT NULL,
  `device_id` text CHARACTER SET utf8mb4 COLLATE utf8mb4_unicode_ci NOT NULL,
  `created_at` timestamp NULL DEFAULT NULL,
  `updated_at` timestamp NULL DEFAULT NULL
) ENGINE=InnoDB DEFAULT CHARSET=utf8mb4 COLLATE=utf8mb4_unicode_ci;

--
-- Dumping data for table `device_ids`
--

INSERT INTO `device_ids` (`id`, `user_id`, `device_id`, `created_at`, `updated_at`) VALUES
(1, 176, 'fwXl-WKwEyerVNDyB_f9xF:APA91bEkiHafMufEhlQxQKn0tWWv6Zzl8ZtAxLpz05qlOfNgCWAVV8O4E1nOPgXD9cVZi4mdahFtzqHTtybHMVWi3EJW8Y6lPaCL4mfwan2FNE1CgEomDmLRsbeP36SJFLZTimFLamPZ', '2023-04-14 09:07:03', '2023-04-14 09:07:03'),
(2, 178, 'eqSX5yJbnet46brhZ8juhH:APA91bEsOiweU6ip6DcouoPeDeoe8VN91VtDgfbOBzx33PluZfqSsWuQJrTi2Ug4BRcGfscwpmeiyEd6jmUOCYv2Da6ggCaYd7eJkHAW56HRIfCtNDLN79BunuyIFxN7FM37AoIDkuT0', '2023-04-14 09:13:37', '2023-04-14 09:13:37'),
(3, NULL, 'fwXl-WKwEyerVNDyB_f9xF:APA91bEkiHafMufEhlQxQKn0tWWv6Zzl8ZtAxLpz05qlOfNgCWAVV8O4E1nOPgXD9cVZi4mdahFtzqHTtybHMVWi3EJW8Y6lPaCL4mfwan2FNE1CgEomDmLRsbeP36SJFLZTimFLamPZ', '2023-04-14 15:08:14', '2023-04-14 15:08:14'),
(4, 1, 'fwXl-WKwEyerVNDyB_f9xF:APA91bEkiHafMufEhlQxQKn0tWWv6Zzl8ZtAxLpz05qlOfNgCWAVV8O4E1nOPgXD9cVZi4mdahFtzqHTtybHMVWi3EJW8Y6lPaCL4mfwan2FNE1CgEomDmLRsbeP36SJFLZTimFLamPZ', '2023-04-14 17:11:06', '2023-04-14 17:11:06'),
(5, NULL, 'eqSX5yJbnet46brhZ8juhH:APA91bEsOiweU6ip6DcouoPeDeoe8VN91VtDgfbOBzx33PluZfqSsWuQJrTi2Ug4BRcGfscwpmeiyEd6jmUOCYv2Da6ggCaYd7eJkHAW56HRIfCtNDLN79BunuyIFxN7FM37AoIDkuT0', '2023-04-15 03:30:45', '2023-04-15 03:30:45'),
(6, 1, 'eqSX5yJbnet46brhZ8juhH:APA91bEsOiweU6ip6DcouoPeDeoe8VN91VtDgfbOBzx33PluZfqSsWuQJrTi2Ug4BRcGfscwpmeiyEd6jmUOCYv2Da6ggCaYd7eJkHAW56HRIfCtNDLN79BunuyIFxN7FM37AoIDkuT0', '2023-04-15 04:06:21', '2023-04-15 04:06:21'),
(7, NULL, 'eNAr2xICsickPEDbuMllUw:APA91bFRC0tLZg9vH75ccE578ftdgepZ3adx1wv4SWpbemVvXMV9gdWQGXbX_8fFSJWkbWcRgQ-j4xO3FP1LHz7sx7ger_FyFuA17ssQ2DXNWb4Y6v6lvdlTovxQUGKZoMkmwWLc8u0f', '2023-04-15 07:39:01', '2023-04-15 07:39:01'),
(8, 178, 'fwXl-WKwEyerVNDyB_f9xF:APA91bEkiHafMufEhlQxQKn0tWWv6Zzl8ZtAxLpz05qlOfNgCWAVV8O4E1nOPgXD9cVZi4mdahFtzqHTtybHMVWi3EJW8Y6lPaCL4mfwan2FNE1CgEomDmLRsbeP36SJFLZTimFLamPZ', '2023-04-16 04:24:29', '2023-04-16 04:24:29'),
(9, NULL, 'fbpwV6be03vt1wZd-W6FjS:APA91bGuNpSfpsF1AeIEGLoKEQS5i7KzAoSeod9haNbFccdSzmCDlxCvqCrRxhGX_3X9fvy4uRU4TInONQHVPwvvxpGqbzTTrYnWBw2B7OTb414svDfEnxKSFAZHZltAwKIsbVha1CuY', '2023-04-16 18:41:36', '2023-04-16 18:41:36'),
(10, 178, 'eNAr2xICsickPEDbuMllUw:APA91bFRC0tLZg9vH75ccE578ftdgepZ3adx1wv4SWpbemVvXMV9gdWQGXbX_8fFSJWkbWcRgQ-j4xO3FP1LHz7sx7ger_FyFuA17ssQ2DXNWb4Y6v6lvdlTovxQUGKZoMkmwWLc8u0f', '2023-04-17 03:30:21', '2023-04-17 03:30:21'),
(11, 176, 'fbpwV6be03vt1wZd-W6FjS:APA91bGuNpSfpsF1AeIEGLoKEQS5i7KzAoSeod9haNbFccdSzmCDlxCvqCrRxhGX_3X9fvy4uRU4TInONQHVPwvvxpGqbzTTrYnWBw2B7OTb414svDfEnxKSFAZHZltAwKIsbVha1CuY', '2023-04-17 04:05:20', '2023-04-17 04:05:20'),
(12, 177, 'fbpwV6be03vt1wZd-W6FjS:APA91bGuNpSfpsF1AeIEGLoKEQS5i7KzAoSeod9haNbFccdSzmCDlxCvqCrRxhGX_3X9fvy4uRU4TInONQHVPwvvxpGqbzTTrYnWBw2B7OTb414svDfEnxKSFAZHZltAwKIsbVha1CuY', '2023-04-17 04:06:39', '2023-04-17 04:06:39'),
(13, 178, 'fbpwV6be03vt1wZd-W6FjS:APA91bGuNpSfpsF1AeIEGLoKEQS5i7KzAoSeod9haNbFccdSzmCDlxCvqCrRxhGX_3X9fvy4uRU4TInONQHVPwvvxpGqbzTTrYnWBw2B7OTb414svDfEnxKSFAZHZltAwKIsbVha1CuY', '2023-04-18 02:05:37', '2023-04-18 02:05:37'),
(14, 182, 'eNAr2xICsickPEDbuMllUw:APA91bFRC0tLZg9vH75ccE578ftdgepZ3adx1wv4SWpbemVvXMV9gdWQGXbX_8fFSJWkbWcRgQ-j4xO3FP1LHz7sx7ger_FyFuA17ssQ2DXNWb4Y6v6lvdlTovxQUGKZoMkmwWLc8u0f', '2023-04-18 04:01:23', '2023-04-18 04:01:23'),
(15, NULL, 'ef9yjfkwpQZV5p-Z_oZE88:APA91bEZQp4A5JxXLNafLdHBiIReNegmiXshF3yGSMwJFlH74fQ_UBLqsl7PVUN0G0GGqrBA5ZL3rm31NeoCP9d7-acXI4ppkDSAQK8NlfUymmwNQjDmumVoNCf2sLfGJWLD87JACKc8', '2023-04-19 03:41:06', '2023-04-19 03:41:06'),
(16, 182, 'ef9yjfkwpQZV5p-Z_oZE88:APA91bEZQp4A5JxXLNafLdHBiIReNegmiXshF3yGSMwJFlH74fQ_UBLqsl7PVUN0G0GGqrBA5ZL3rm31NeoCP9d7-acXI4ppkDSAQK8NlfUymmwNQjDmumVoNCf2sLfGJWLD87JACKc8', '2023-04-19 03:41:41', '2023-04-19 03:41:41'),
(17, NULL, 'dILHPRV3M8XU9SGagbQ8An:APA91bEWdJP8FWn9yAioC5wDSSRv4k6Dm50j5sm40p1vCM4XOydj5J-6Rw5waUkKWE8oHl8PS86YVRvp-1TJWzZQ2mDIEhEBuUHLr0DgZSi9rOr8dWGH7VZfGkULjvYqSd2tUR7iZfN8', '2023-04-19 18:24:08', '2023-04-19 18:24:08'),
(18, 182, 'dILHPRV3M8XU9SGagbQ8An:APA91bEWdJP8FWn9yAioC5wDSSRv4k6Dm50j5sm40p1vCM4XOydj5J-6Rw5waUkKWE8oHl8PS86YVRvp-1TJWzZQ2mDIEhEBuUHLr0DgZSi9rOr8dWGH7VZfGkULjvYqSd2tUR7iZfN8', '2023-04-19 18:28:12', '2023-04-19 18:28:12'),
(19, NULL, 'd7aSd2JVJTEGjOr4fdX-xe:APA91bEIJZxb-pXYp72rLDSrvvYFNwdVm9BsyEJIpXYaw-9vgAZUn35ozDSMS7CGAQo6BsoILlVAtI-bghyOpM7ITl3QmiQAXbzVKusdRGMAJf1x2-vs7N7uQ8O-GX3IYLcxzi8Oaoh6', '2023-04-19 18:54:30', '2023-04-19 18:54:30'),
(20, NULL, 'fPw2gI90OGJaczE_ZzLsNr:APA91bFaDXEDQqaMIBgSAsfcwfjNvrP6-VnowjhHSdA5wjw7q8s7nnxANjmoRr4qp4s8bAef61pDCldHG5CoLaAf1w3iJhhL7l7HM2U6hiUnLHEdXt7a9aAN5p593EGbU7BokfvfDx6W', '2023-04-20 17:45:52', '2023-04-20 17:45:52'),
(21, 184, 'd7aSd2JVJTEGjOr4fdX-xe:APA91bEIJZxb-pXYp72rLDSrvvYFNwdVm9BsyEJIpXYaw-9vgAZUn35ozDSMS7CGAQo6BsoILlVAtI-bghyOpM7ITl3QmiQAXbzVKusdRGMAJf1x2-vs7N7uQ8O-GX3IYLcxzi8Oaoh6', '2023-04-20 19:01:59', '2023-04-20 19:01:59'),
(22, 164, 'd7aSd2JVJTEGjOr4fdX-xe:APA91bEIJZxb-pXYp72rLDSrvvYFNwdVm9BsyEJIpXYaw-9vgAZUn35ozDSMS7CGAQo6BsoILlVAtI-bghyOpM7ITl3QmiQAXbzVKusdRGMAJf1x2-vs7N7uQ8O-GX3IYLcxzi8Oaoh6', '2023-04-20 19:05:25', '2023-04-20 19:05:25'),
(23, 185, 'd7aSd2JVJTEGjOr4fdX-xe:APA91bEIJZxb-pXYp72rLDSrvvYFNwdVm9BsyEJIpXYaw-9vgAZUn35ozDSMS7CGAQo6BsoILlVAtI-bghyOpM7ITl3QmiQAXbzVKusdRGMAJf1x2-vs7N7uQ8O-GX3IYLcxzi8Oaoh6', '2023-04-21 07:50:46', '2023-04-21 07:50:46'),
(24, 183, 'eNAr2xICsickPEDbuMllUw:APA91bFRC0tLZg9vH75ccE578ftdgepZ3adx1wv4SWpbemVvXMV9gdWQGXbX_8fFSJWkbWcRgQ-j4xO3FP1LHz7sx7ger_FyFuA17ssQ2DXNWb4Y6v6lvdlTovxQUGKZoMkmwWLc8u0f', '2023-04-22 06:51:36', '2023-04-22 06:51:36'),
(25, 183, 'eqSX5yJbnet46brhZ8juhH:APA91bEsOiweU6ip6DcouoPeDeoe8VN91VtDgfbOBzx33PluZfqSsWuQJrTi2Ug4BRcGfscwpmeiyEd6jmUOCYv2Da6ggCaYd7eJkHAW56HRIfCtNDLN79BunuyIFxN7FM37AoIDkuT0', '2023-04-22 08:00:06', '2023-04-22 08:00:06'),
(26, 1, 'eNAr2xICsickPEDbuMllUw:APA91bFRC0tLZg9vH75ccE578ftdgepZ3adx1wv4SWpbemVvXMV9gdWQGXbX_8fFSJWkbWcRgQ-j4xO3FP1LHz7sx7ger_FyFuA17ssQ2DXNWb4Y6v6lvdlTovxQUGKZoMkmwWLc8u0f', '2023-04-24 11:11:17', '2023-04-24 11:11:17'),
(27, NULL, 'f6Ct_bouRdoRNijh3SlFgO:APA91bGF9mmL_fsHE8MGYE6-pTfhx0yH91RSsOHZMixGeL0_AUPuMm6oBHSp5ZBhoAznXE8TqXfJuHCXjJkbnrdG1x2ORIwYtbQ5oupVqo5bkTt3VEuMK9rKc8LfPPsIWyATM4XDyp_9', '2023-04-28 11:06:24', '2023-04-28 11:06:24'),
(28, 183, 'f6Ct_bouRdoRNijh3SlFgO:APA91bGF9mmL_fsHE8MGYE6-pTfhx0yH91RSsOHZMixGeL0_AUPuMm6oBHSp5ZBhoAznXE8TqXfJuHCXjJkbnrdG1x2ORIwYtbQ5oupVqo5bkTt3VEuMK9rKc8LfPPsIWyATM4XDyp_9', '2023-04-28 11:10:58', '2023-04-28 11:10:58'),
(29, 183, 'fJDWT94CYko5rspOGy9gzO:APA91bFg_InBukPVt1ghUTOJ-IrXbxi7fQQcX3eR_fHq9DI5yFG1uymwHDkIRM2Mi7eD5754re_0z6zWl7SkyxAnq2CWNLdiVc9r_NBoq5RMzNw7q6FPCguW8fTwECPNaAQ6Do5jHeqY', '2023-04-28 13:32:27', '2023-04-28 13:32:27'),
(30, NULL, 'fJDWT94CYko5rspOGy9gzO:APA91bFg_InBukPVt1ghUTOJ-IrXbxi7fQQcX3eR_fHq9DI5yFG1uymwHDkIRM2Mi7eD5754re_0z6zWl7SkyxAnq2CWNLdiVc9r_NBoq5RMzNw7q6FPCguW8fTwECPNaAQ6Do5jHeqY', '2023-04-28 13:34:47', '2023-04-28 13:34:47'),
(31, NULL, 'fliPzw3zVONWkc3JcMmL4w:APA91bFuQ7ML684wKvv2oNAxDbDq0BVNUdE3kl6DpFfvSHg_PjOTyK1QOiR-DAzhPVLqtxcLhUFnDsLm-PROwKFBNoDtndIIdtcrmbmA3Ltnhd5ciuSqNb-sRaErgt2hNSdv4mmbMqRY', '2023-04-29 01:42:52', '2023-04-29 01:42:52'),
(32, 164, 'f6Ct_bouRdoRNijh3SlFgO:APA91bGF9mmL_fsHE8MGYE6-pTfhx0yH91RSsOHZMixGeL0_AUPuMm6oBHSp5ZBhoAznXE8TqXfJuHCXjJkbnrdG1x2ORIwYtbQ5oupVqo5bkTt3VEuMK9rKc8LfPPsIWyATM4XDyp_9', '2023-04-29 02:32:32', '2023-04-29 02:32:32'),
(33, 181, 'f6Ct_bouRdoRNijh3SlFgO:APA91bGF9mmL_fsHE8MGYE6-pTfhx0yH91RSsOHZMixGeL0_AUPuMm6oBHSp5ZBhoAznXE8TqXfJuHCXjJkbnrdG1x2ORIwYtbQ5oupVqo5bkTt3VEuMK9rKc8LfPPsIWyATM4XDyp_9', '2023-04-29 10:16:35', '2023-04-29 10:16:35'),
(34, 1, 'fPw2gI90OGJaczE_ZzLsNr:APA91bFaDXEDQqaMIBgSAsfcwfjNvrP6-VnowjhHSdA5wjw7q8s7nnxANjmoRr4qp4s8bAef61pDCldHG5CoLaAf1w3iJhhL7l7HM2U6hiUnLHEdXt7a9aAN5p593EGbU7BokfvfDx6W', '2023-04-29 12:50:55', '2023-04-29 12:50:55'),
(35, 1, 'f6Ct_bouRdoRNijh3SlFgO:APA91bGF9mmL_fsHE8MGYE6-pTfhx0yH91RSsOHZMixGeL0_AUPuMm6oBHSp5ZBhoAznXE8TqXfJuHCXjJkbnrdG1x2ORIwYtbQ5oupVqo5bkTt3VEuMK9rKc8LfPPsIWyATM4XDyp_9', '2023-04-30 02:32:06', '2023-04-30 02:32:06'),
(36, NULL, 'faxWDgyyFv0Rl90k8O4Or-:APA91bHpGyMbQuET95qyRP81NNNjHhhrh2H5gcnv0vTmRJsVZl_Rqjqzo7uClFbYZDwDZW8mJwG6xD1yi6WBRRHMmpA7SUSptYwqYQlttFZnwvK7m8IH-clbjC1ZXiJ89NUS0gmivR_K', '2023-04-30 03:35:45', '2023-04-30 03:35:45'),
(37, 185, 'fJDWT94CYko5rspOGy9gzO:APA91bFg_InBukPVt1ghUTOJ-IrXbxi7fQQcX3eR_fHq9DI5yFG1uymwHDkIRM2Mi7eD5754re_0z6zWl7SkyxAnq2CWNLdiVc9r_NBoq5RMzNw7q6FPCguW8fTwECPNaAQ6Do5jHeqY', '2023-05-01 04:41:40', '2023-05-01 04:41:40'),
(38, 183, 'ebp2SVxV48YGDLMOFlrWsV:APA91bHqdwltjGKcmQ6gRSb_uFaahCdODg1LJjPn2wracvrXEiDb-oDS3PQlxDH1r1ZuF80sYpDnc25g3z86y4XVdgwnerBWIJELDGmrz5na9h5ByzZUgPyvGG84N-QjLiT8xhwOQ4pi', '2023-05-02 05:46:05', '2023-05-02 05:46:05'),
(39, NULL, 'ebp2SVxV48YGDLMOFlrWsV:APA91bHqdwltjGKcmQ6gRSb_uFaahCdODg1LJjPn2wracvrXEiDb-oDS3PQlxDH1r1ZuF80sYpDnc25g3z86y4XVdgwnerBWIJELDGmrz5na9h5ByzZUgPyvGG84N-QjLiT8xhwOQ4pi', '2023-05-02 05:55:58', '2023-05-02 05:55:58'),
(40, 181, 'ebp2SVxV48YGDLMOFlrWsV:APA91bHqdwltjGKcmQ6gRSb_uFaahCdODg1LJjPn2wracvrXEiDb-oDS3PQlxDH1r1ZuF80sYpDnc25g3z86y4XVdgwnerBWIJELDGmrz5na9h5ByzZUgPyvGG84N-QjLiT8xhwOQ4pi', '2023-05-02 05:56:10', '2023-05-02 05:56:10'),
(41, 181, 'fBD9o7WUhk-f7mS875JFzl:APA91bHqS5Dgfw7A_Bv7EbB2N6MgDl8hv1-YR6K7baFeJDw9FO-hJE9BzW0CvvFCmB7pKEn-2Y0F893Rba1HmLRVU-isWejNi2KVGKYKwUPiuktWcNe4FhhbMcV_3SN0VP41KJMXFvml', '2023-05-02 11:56:59', '2023-05-02 11:56:59'),
(42, NULL, 'fBD9o7WUhk-f7mS875JFzl:APA91bHqS5Dgfw7A_Bv7EbB2N6MgDl8hv1-YR6K7baFeJDw9FO-hJE9BzW0CvvFCmB7pKEn-2Y0F893Rba1HmLRVU-isWejNi2KVGKYKwUPiuktWcNe4FhhbMcV_3SN0VP41KJMXFvml', '2023-05-02 12:02:16', '2023-05-02 12:02:16'),
(43, 183, 'fBD9o7WUhk-f7mS875JFzl:APA91bHqS5Dgfw7A_Bv7EbB2N6MgDl8hv1-YR6K7baFeJDw9FO-hJE9BzW0CvvFCmB7pKEn-2Y0F893Rba1HmLRVU-isWejNi2KVGKYKwUPiuktWcNe4FhhbMcV_3SN0VP41KJMXFvml', '2023-05-02 12:02:31', '2023-05-02 12:02:31'),
(44, NULL, 'dkNMSB9KhthGnBGNsuXyDA:APA91bE5f9J7KucZK_JwdNxES5FNx1tHmtz3eEKAxOi2NrHzN5_zY0Yn5wL_BpMfxVN2DObW1W_51jg0nJkoA8Ijd7D61t7KSKUR56kQvZOZ2j3PLa_DcepcIM9N_ObVGQNzPj6ljZPT', '2023-05-02 12:13:03', '2023-05-02 12:13:03'),
(45, 183, 'dkNMSB9KhthGnBGNsuXyDA:APA91bE5f9J7KucZK_JwdNxES5FNx1tHmtz3eEKAxOi2NrHzN5_zY0Yn5wL_BpMfxVN2DObW1W_51jg0nJkoA8Ijd7D61t7KSKUR56kQvZOZ2j3PLa_DcepcIM9N_ObVGQNzPj6ljZPT', '2023-05-02 12:13:24', '2023-05-02 12:13:24'),
(46, 183, 'c_BcCIv96Eyw-sbfD7-_dh:APA91bFEB_Q0pqkp2kvsC9faEWosWFVXpUwoZn7dpTdI86MlL1vNUOoTzbd7D4RDj1HCHGJTzoFtyroVDkpH4taazsxJZW7nbwAGBbO0tdXEbUptyxl47ECkC0EjCMTLNMbjxRzuvaVP', '2023-05-03 02:13:03', '2023-05-03 02:13:03'),
(47, NULL, 'c_BcCIv96Eyw-sbfD7-_dh:APA91bFEB_Q0pqkp2kvsC9faEWosWFVXpUwoZn7dpTdI86MlL1vNUOoTzbd7D4RDj1HCHGJTzoFtyroVDkpH4taazsxJZW7nbwAGBbO0tdXEbUptyxl47ECkC0EjCMTLNMbjxRzuvaVP', '2023-05-03 02:13:27', '2023-05-03 02:13:27'),
(48, 1, 'cskArNxdeW4qb94ZzIN7pF:APA91bHznw2524rs8jPeKcE3tAxPK_zSHyR0bUZ83zIqA1YlNRv3Nol1MXCIpWtOJgyIBeo7GuSkj5O8_NqYwvJ8Q_2G7f_tfFI5UGi7S3p6ahlWxcc8wu94XgNUqb2ORNolj_UAa_27', '2023-05-03 11:45:40', '2023-05-03 11:45:40'),
(49, NULL, 'fMxqHqU1w6rxOXdVqdus6B:APA91bHuqfPn-QWZ9w3cjsIdkuDHxwwDLjudN8JDEJrcqZN2eYZHvvaAbfT6j-AgsNCbVn6S1fHOlNaDgaguDHO7ig6diRT05C9ST4ivbmI2KnOebpto04shUZnZk4xU4ymyMe2jcjmi', '2023-05-04 08:49:48', '2023-05-04 08:49:48'),
(50, NULL, 'furOr3pfp44cpkHkaH-BqM:APA91bF2vZi2zEBbzmzoHW845rHfqvXlw8lUBTolWxPzVluQV33vtNjoEPGvZqzz_toPFkBltieSMd6LmeAtLZxctR63uj7tFbI21_LCkVCOhfi3RHjfEdU1WQpJYlf0pPZie9_Z8FJk', '2023-05-04 14:37:13', '2023-05-04 14:37:13'),
(51, 183, 'fozA4TByGdeKK5XEGAK-R0:APA91bFszmbrZueMmTP7Wb96icV3ayx3n4VlTZEh6HqZ21_Mmrn6aewSBMdjCkp649ZQaG5bBRtJAcnbp1Q9drG3KEDNGH0OjBpygeOh4PfSOArD1ZKk9SGSYVtgrrITUPySquV48qF7', '2023-05-06 10:47:49', '2023-05-06 10:47:49'),
(52, NULL, 'd1Hhf-zdcqtGK-tOh0CE1m:APA91bEanC0EdS0Na-SxECsrsuEqS1qbAK1YJmK4wXgdg4DFGMj1B9MXGo6CQXCTf3gM7VsS5QZFqHyUfhWj7qBrltD3tog7q1LDHkvLMG2pqrOInV6l2WJHBJt-ve8vfJOsqxk0GvNH', '2023-05-06 10:49:25', '2023-05-06 10:49:25'),
(53, 183, 'cq7AMFJUDoIO0CcZtRYV_D:APA91bHdXzkL3SjXnsnNTmjtMwQ_qzHWbX-VRsnqR-18lRxrEtntyzima7zCi4JLBBa28LSAF9dMDE1PAMctf-39dKGU87nzQ0H4K54srLJAaeAKZchPEseQwcj2jXcYJoYNEEsXOKD2', '2023-05-06 10:52:11', '2023-05-06 10:52:11'),
(54, 183, 'd1Hhf-zdcqtGK-tOh0CE1m:APA91bEanC0EdS0Na-SxECsrsuEqS1qbAK1YJmK4wXgdg4DFGMj1B9MXGo6CQXCTf3gM7VsS5QZFqHyUfhWj7qBrltD3tog7q1LDHkvLMG2pqrOInV6l2WJHBJt-ve8vfJOsqxk0GvNH', '2023-05-06 10:55:39', '2023-05-06 10:55:39'),
(55, NULL, 'cq7AMFJUDoIO0CcZtRYV_D:APA91bHdXzkL3SjXnsnNTmjtMwQ_qzHWbX-VRsnqR-18lRxrEtntyzima7zCi4JLBBa28LSAF9dMDE1PAMctf-39dKGU87nzQ0H4K54srLJAaeAKZchPEseQwcj2jXcYJoYNEEsXOKD2', '2023-05-06 11:35:22', '2023-05-06 11:35:22'),
(56, 164, 'cq7AMFJUDoIO0CcZtRYV_D:APA91bHdXzkL3SjXnsnNTmjtMwQ_qzHWbX-VRsnqR-18lRxrEtntyzima7zCi4JLBBa28LSAF9dMDE1PAMctf-39dKGU87nzQ0H4K54srLJAaeAKZchPEseQwcj2jXcYJoYNEEsXOKD2', '2023-05-06 11:35:40', '2023-05-06 11:35:40'),
(57, NULL, 'cyDNj4OCnq2nBUkD3z2L_S:APA91bFa97es-bY6THN1a5gjbErGYCA-lq5MQr1TS1M9p4ZdvL2x-aU7dodTIpy8kgPBS2FkqdbPdBVrdoovB3-uXte-Xl7YXsRUljCwCbNeUO1il_0CdN0n52JOQFCT5J0Q0xD8S8h3', '2023-05-06 15:38:01', '2023-05-06 15:38:01'),
(58, 198, 'd1Hhf-zdcqtGK-tOh0CE1m:APA91bEanC0EdS0Na-SxECsrsuEqS1qbAK1YJmK4wXgdg4DFGMj1B9MXGo6CQXCTf3gM7VsS5QZFqHyUfhWj7qBrltD3tog7q1LDHkvLMG2pqrOInV6l2WJHBJt-ve8vfJOsqxk0GvNH', '2023-05-07 00:07:04', '2023-05-07 00:07:04'),
(59, NULL, 'crJEchStWaPU7ufxXmCAGc:APA91bH3fkeLZVV7OOC4uSBuR4mMjjEw2jyiQTdTVZk0D4pBRJi4ndusu9nIk32zGdj57S6ZRovxq46R6PLYz_axCZSWlU2D_I93u5zo6vJ6r5VvC6aFB0NvESPxth3cMZF4glpmxYLT', '2023-05-09 03:57:28', '2023-05-09 03:57:28'),
(60, NULL, 'em7mIxmq0AF-NbmnLKGiuN:APA91bH-d29A8oPAMdXXKr8h3aAFMcxXWD-J--XQ4UKfwrlSHHiggGq_ScvLmY1PNqzJQQbRe2mXKNfIZHRbt8Z8mcnTsPTTGua6JBfQ8WHCqPR2ymf2OjvSxr0P_r4clZOnPPtstpHL', '2023-05-10 07:46:42', '2023-05-10 07:46:42'),
(61, NULL, 'c9q64IX_7m3VTOQ9qLT27p:APA91bFTICSHEX0pfaOpup5vNGeJndAFNogbKpwGunMhevV4FMU5iKaRPTv-WqxLAqZmARKbZWL1hlWAkcMQTskzx--jlERclSS0nzyQKHH-Gxo36PVYsJBpzcnnbdtAUIPAaW5NZRj3', '2023-05-10 12:19:20', '2023-05-10 12:19:20'),
(62, NULL, 'e-iYPKlSzQmhvjiqHSyVLB:APA91bHCoP5i_2YvZLwVS3zc4ZoOTLA7PS84d-OcBlACop1m55x4J8ESepAWkW3rk45WIc92TQZ4lZNkIO5-EjAyF4p_rBGHeD_N7Mw295BK2ROEw0S7hMixTI2XcbctBLfCaz5QZxg7', '2023-05-11 09:57:33', '2023-05-11 09:57:33'),
(63, 198, 'em7mIxmq0AF-NbmnLKGiuN:APA91bH-d29A8oPAMdXXKr8h3aAFMcxXWD-J--XQ4UKfwrlSHHiggGq_ScvLmY1PNqzJQQbRe2mXKNfIZHRbt8Z8mcnTsPTTGua6JBfQ8WHCqPR2ymf2OjvSxr0P_r4clZOnPPtstpHL', '2023-05-11 18:19:14', '2023-05-11 18:19:14'),
(64, NULL, 'eT1dNdZFgZYic6mo1kNol_:APA91bErtyzg3wSIuD3uoxf8HtKklANgps1fmoYidMww2QobN4tyRah4gDdWrvlHYcz5sC98TQlh7z9CNYktXJXuSMzoyEJ-NYiOGYLU4s6XZ_wQks5PYeLSSAhd6Z2KecsSgCiKk-Oz', '2023-05-12 07:21:22', '2023-05-12 07:21:22'),
(65, NULL, 'fvcfdiBe11f18W0cgqJQ65:APA91bE4gRHJKxbkNtaD8hlaLh9FaCvvCrn-mrYcria339eI_6N7Y6N7ScTpXyw4rFkmgHv--lRifANgd-p0_lRhYycY7G3AWzeJXljZtQZNel7kyXFi74f7kD5n40qe37elZRoywkho', '2023-05-12 10:46:33', '2023-05-12 10:46:33'),
(66, 164, 'fvcfdiBe11f18W0cgqJQ65:APA91bE4gRHJKxbkNtaD8hlaLh9FaCvvCrn-mrYcria339eI_6N7Y6N7ScTpXyw4rFkmgHv--lRifANgd-p0_lRhYycY7G3AWzeJXljZtQZNel7kyXFi74f7kD5n40qe37elZRoywkho', '2023-05-13 06:18:34', '2023-05-13 06:18:34'),
(67, 206, 'fvcfdiBe11f18W0cgqJQ65:APA91bE4gRHJKxbkNtaD8hlaLh9FaCvvCrn-mrYcria339eI_6N7Y6N7ScTpXyw4rFkmgHv--lRifANgd-p0_lRhYycY7G3AWzeJXljZtQZNel7kyXFi74f7kD5n40qe37elZRoywkho', '2023-05-13 06:53:10', '2023-05-13 06:53:10'),
(68, 207, 'fvcfdiBe11f18W0cgqJQ65:APA91bE4gRHJKxbkNtaD8hlaLh9FaCvvCrn-mrYcria339eI_6N7Y6N7ScTpXyw4rFkmgHv--lRifANgd-p0_lRhYycY7G3AWzeJXljZtQZNel7kyXFi74f7kD5n40qe37elZRoywkho', '2023-05-13 07:07:19', '2023-05-13 07:07:19'),
(69, 1, 'dB9vlDl5vZNazhvPDYduJ9:APA91bEkwYu6D4eQCzhkqb7jPz-3LZb3bo2WjEbySsCR0GAHsw36z9FAXbcQHXtFi0iGEhbSvfEY5sudEvGKixZjzxl7QuvErfKNSeaTPwuWF0Jchz2gpQ-kpMA3FYlSzE78rYeedD7Y', '2023-05-13 10:52:13', '2023-05-13 10:52:13'),
(70, NULL, 'e59wEbWKdNxUB8V9Gh6tnU:APA91bGsddHZz6v6v9qV_kWsoNWy9pJ4heUMr-b6_JEqKoOfv8AsJSkfzg1pQCJoAGBqrcvwsKnHvxkEA3s7xb0g6UPmsHDKO-uPc27vrvsIIjIBgQrytnQB3zZhV52yDgf3Xf_vgWsf', '2023-05-14 02:19:58', '2023-05-14 02:19:58'),
(71, NULL, 'dB9vlDl5vZNazhvPDYduJ9:APA91bEkwYu6D4eQCzhkqb7jPz-3LZb3bo2WjEbySsCR0GAHsw36z9FAXbcQHXtFi0iGEhbSvfEY5sudEvGKixZjzxl7QuvErfKNSeaTPwuWF0Jchz2gpQ-kpMA3FYlSzE78rYeedD7Y', '2023-05-14 08:38:18', '2023-05-14 08:38:18'),
(72, NULL, 'cIPJWaswoD_rvOsJw2Y1UI:APA91bHbI4v4hxWz-Rbs7g104vv31co4u7QgzMnK_FLRmTT-bGNwqymb18ovQEciyaCEkZgRJjCDEdb6XJC-1hyBzH8jKRtd-qYPsGWFi9guEqxygqaAFE8jQ6kZPDOZFVTimP9Q9ZG5', '2023-05-18 01:24:08', '2023-05-18 01:24:08'),
(73, NULL, 'fhMoN-rGL66DhJNAGEkYsV:APA91bFJyabCzmek6QrpD_Lh_sJiDYOkdtsNWlgOn5WfBWxwBrVIGg19UuFYkQz3McC4P0dr1XKmlPVFKC02vJuXYEKlNcCCLuR7050vM8kchYbV06P5wjltsBF6qFPXXRHzzpptr0Li', '2023-05-20 05:47:57', '2023-05-20 05:47:57'),
(74, NULL, 'egpjBRZ25kq8Fgdhcu8CMf:APA91bFv5DsI-KQ3-amXcvcwsDnNCI_-K3xPpJ7vvly84eiQu2NM3eEfBEAlW3gSJmhVAA7FlaGn2-Nnu50TlL3F26Mo4Gl7Fg_qBg9--G-0ianu21WRV8_-sRwms-INIUQzMQBGfWIc', '2023-05-21 18:26:00', '2023-05-21 18:26:00'),
(75, NULL, 'fIHT1U5BG-hd05ncChQp9E:APA91bH8MpEkai4H-LJe2Lj1NLULw8litbmksw2pvRdqP_YXZCNw6emq0Ouui5xcmJLJtC7ZkQTrWJ97-lDnAtvjMEx0xhWf6wdN3f5nqzSeOtTdkPcBNRCUhPqIr7CeYYXq9njz2TSS', '2023-05-23 09:23:20', '2023-05-23 09:23:20'),
(76, 211, 'cOLHYPw8Cird7vcI94nD5u:APA91bExRgLz7pUCvt46izmN_aCjq0nij1XuHkVf8ZGBQaIRs3xk6-Ur7aGMg_WIjAxuOX9ynmWkg0ZFePSkA5OAVTU4Jo2M7P3WtOTdSil5w3tGd9A6bqLc3lw2SiJdFfCMXnBAiYU4', '2023-05-26 19:34:56', '2023-05-26 19:34:56'),
(77, NULL, 'fatNnWvyUEL5X0GALf8UQC:APA91bEzII_HhelvrbEUWuuY_FdqEU4TWz0KfSDxCvzoJUwRlza8vtcTZIQf1WoYt7sma57_AtGFgFCc5PnHBaldHXMpNTD9TaOEhXjSYmyFH2nh8q3_99G2kypSNCFc3spboYnWjy73', '2023-05-27 11:40:22', '2023-05-27 11:40:22'),
(78, 1, 'fatNnWvyUEL5X0GALf8UQC:APA91bEzII_HhelvrbEUWuuY_FdqEU4TWz0KfSDxCvzoJUwRlza8vtcTZIQf1WoYt7sma57_AtGFgFCc5PnHBaldHXMpNTD9TaOEhXjSYmyFH2nh8q3_99G2kypSNCFc3spboYnWjy73', '2023-05-27 11:50:39', '2023-05-27 11:50:39'),
(79, 212, 'dSf9FXTtE1D24ek7LO7LG4:APA91bEnY1CO3pDkQ0OAxghzB04M_5hX_3PEOhpU9YY8PEglfRFXgQVh5WGRUTnKu1OF49hTvk08vIp31HGv0436qen_jGpDbW3tDMN-b7egber1MsNQjK78ryImkbuChHu-1XOUJjr1', '2023-05-31 06:57:14', '2023-05-31 06:57:14'),
(80, NULL, 'dSf9FXTtE1D24ek7LO7LG4:APA91bEnY1CO3pDkQ0OAxghzB04M_5hX_3PEOhpU9YY8PEglfRFXgQVh5WGRUTnKu1OF49hTvk08vIp31HGv0436qen_jGpDbW3tDMN-b7egber1MsNQjK78ryImkbuChHu-1XOUJjr1', '2023-05-31 06:59:42', '2023-05-31 06:59:42'),
(81, NULL, 'doJ8ouPsjyxAmR4b552oXP:APA91bEjztPCL43FiBYVvboFWmumiZx3Q14xbXSUJKiURnVm1DdlBNtruSOyUgBz5lb7yvixa5SDiDFItJ01wKs3tYlLwNad242-hbpszNn8NnHrNRCf_mzmWWD-gWAEcnmaLjlQOHX0', '2023-06-05 11:44:45', '2023-06-05 11:44:45'),
(82, 214, 'eWqEIsry7q6O4acUU7mz-c:APA91bHPYwexmuz_npdnHmNIVVzcjjrfx1hnHuqQ3WKGNdM5qA2BNard91ylrOt1pxcFKwFEXKbANLf3DBrhKz3Z4t1zPPOx_sf1ZOvxmTdeKb8h9IRoRR0Im2CP44zRh7B3oT0G4-fQ', '2023-06-10 13:58:58', '2023-06-10 13:58:58'),
(83, NULL, 'eWqEIsry7q6O4acUU7mz-c:APA91bHPYwexmuz_npdnHmNIVVzcjjrfx1hnHuqQ3WKGNdM5qA2BNard91ylrOt1pxcFKwFEXKbANLf3DBrhKz3Z4t1zPPOx_sf1ZOvxmTdeKb8h9IRoRR0Im2CP44zRh7B3oT0G4-fQ', '2023-06-10 14:01:09', '2023-06-10 14:01:09'),
(84, 215, 'eWqEIsry7q6O4acUU7mz-c:APA91bHPYwexmuz_npdnHmNIVVzcjjrfx1hnHuqQ3WKGNdM5qA2BNard91ylrOt1pxcFKwFEXKbANLf3DBrhKz3Z4t1zPPOx_sf1ZOvxmTdeKb8h9IRoRR0Im2CP44zRh7B3oT0G4-fQ', '2023-06-10 14:02:01', '2023-06-10 14:02:01'),
(85, NULL, 'cDL_Y_eIIY1hNTPgEn4PYp:APA91bHOJsoQfTATetryF-_KES7YAThGvMn26WIulwIQoNky_AqrVgsolinXyRyt5Djz4ft75e6x5F2bL4ESbFSxArKVoTvjvkfjqp6At7d6ptGfW8jpR82ztbngjL6mGgQRk9ZmMf5_', '2023-06-18 20:54:56', '2023-06-18 20:54:56'),
(86, NULL, 'eqAssfvuVU7Mmh1L_MGdxl:APA91bH_jHCdbJ7h31x1YKVEyixwc_wQV523Do8SGqTvGRCUhxwj5NZ1QOgPzYhp2_g_x-glrH2CHbW2JJQ4sWSvrVPr29Rm1opqOXe9TK8PTtNcm_j-mi-Va_kRqFdLOTb-35oKp2Nd', '2023-06-22 13:10:20', '2023-06-22 13:10:20'),
(87, 1, 'cDL_Y_eIIY1hNTPgEn4PYp:APA91bHOJsoQfTATetryF-_KES7YAThGvMn26WIulwIQoNky_AqrVgsolinXyRyt5Djz4ft75e6x5F2bL4ESbFSxArKVoTvjvkfjqp6At7d6ptGfW8jpR82ztbngjL6mGgQRk9ZmMf5_', '2023-06-22 20:13:49', '2023-06-22 20:13:49'),
(88, NULL, 'dlJR98aHE1t5wZE4Ypah5k:APA91bG4s0VOo6FgtF0RwEg1YeSA7ak1dmm1tjsFfzY885_5ZzMWJbmIzxdGIKAUbC-FtwqPDs2exrzR1A3zoijbxiI3dZEo1VCMJVh7pHcUFiT7fkCs6nT3f_r8hhRyetIJE49Nvcny', '2023-06-23 22:51:17', '2023-06-23 22:51:17'),
(89, NULL, 'cRVFOtEE_jzr95CC1_YxUy:APA91bELHPaxa3NlhUh1IE0leZOc8mvWhfgLhflo9EenQJJChq_WD0_p9m7wPKaZwCASp2_z3VSgyLwC1zdyD6uLaXOcQrT4xRGc5NIitkQNIHX5t52L7DIwpk3hJDkYLaYMyeMk14NI', '2023-06-30 01:48:24', '2023-06-30 01:48:24'),
(90, NULL, 'dL7qgk6zvhauQsi_DgND_E:APA91bHZLRlxjoJGZsfwaIXUwg0EGVkowVLxo4_8l0-CEg5jfkEtRaRqbtaRDC26_Ggngv_onslunxmNBUvwfUGhMXzjs1bjqR7v3LC4NKZEWpYfY8MjfJpZCMcc7a85s0O9898xl3YN', '2023-07-01 06:24:14', '2023-07-01 06:24:14'),
(91, 227, 'dL7qgk6zvhauQsi_DgND_E:APA91bHZLRlxjoJGZsfwaIXUwg0EGVkowVLxo4_8l0-CEg5jfkEtRaRqbtaRDC26_Ggngv_onslunxmNBUvwfUGhMXzjs1bjqR7v3LC4NKZEWpYfY8MjfJpZCMcc7a85s0O9898xl3YN', '2023-07-01 15:09:10', '2023-07-01 15:09:10'),
(92, NULL, 'fz7sMQEGtanmjsSxIWmuwm:APA91bFwc-vIQBHFxgmSiyj91nXa1_yv_NmfgtKu3HqQqxSkHeCOCbUyOQpzSbmhtRyYaJrOE8bVQiMY0TlolhhdmVCdw8OiZGmrlRGeZFf31ykAZyNxXFLv_V7I7zd65BGhBi-myhhF', '2023-07-02 00:18:47', '2023-07-02 00:18:47'),
(93, NULL, 'doN5pTZPZ6MuFxOOC2oUSM:APA91bGI3umvnt1rtrNtDNWnmTIUciznKeCpwIhNt_JF8yayeYJ5YsnxB9hWQ_171oUxEbAzy4W1OF0-CwN7PDwkLiishM1LMEtPBhe8Z1Y9mB2PTFDMtraPgXg5GzVFId396zg4zANI', '2023-07-03 09:57:25', '2023-07-03 09:57:25'),
(94, NULL, 'dEK8Be_j0DwqmCsie54BL2:APA91bHAq5ag4oLP4JXJ6fWtFTNDZa2CpG5a3e5KhZR5Zqco2lAede8W7NOZRURifYhgZLlNVaELGJlAvfq7UALnWKRSEFkYCvyhkqTmA14750bGnoFEr8NJl5wc9NwQYZf6WJhliLjy', '2023-07-07 23:11:16', '2023-07-07 23:11:16'),
(95, NULL, 'czuEAyIU9tMFNjBnv8olkO:APA91bGMLik2LdXfJyNit0NBIhA-omouxi3YSLDhSPVn-Wx7qu3ZxA2ug9BiL2hshS1FVWp36t_AXRjSBwEv1fGQ1Rf94X31aimp4Rq7_s2qP_d0cmZVk95E9VQYo9i4JloFSJAiWLXq', '2023-07-08 05:05:34', '2023-07-08 05:05:34'),
(96, NULL, 'csVkWAeNu6aa5xLrmP53Xy:APA91bGVJi2xvwkvWXNsKZpVt8lsICrRzsXNlO2pLcCV7SAo-_OTekaKFsKhlMp_MXumVb-YA-Dn5lNWGQlsWFwV405vhZeYYQ4sz2HI1qXxon-MmTFw_0Rmr3X-jYUGVZR0sSDSOoGS', '2023-07-08 07:22:10', '2023-07-08 07:22:10'),
(97, NULL, 'fzJI0ACH5VRE3W04jA72fr:APA91bH2eXGNH55vuDnVwoP2KCqjyvP8Dal7VBj6ibNo0-o0X6g60nkCtOunvlWTFaWEE208DnT6Pk_M2T_hN0v1P8y4vq9hie2ffevoDjJ6ciiYbxuKkCF7BOM_TTnBBjbQDXen1ngd', '2023-07-11 13:42:00', '2023-07-11 13:42:00'),
(98, NULL, 'dRfdA0QcHyMdG25ASSkdSJ:APA91bFfpwI3cIL26EvBYyM3uIsUjARtHx7CEo9YAbFlLtgoSqlugkdZIwm9MWYlixc4h1V8rWMvPNHfoLgcvB0mU3khqB6WcyPdcEgIhQfiEyKhcGY2-eoBmI7hB7lx2tNMhhvv8kwt', '2023-07-12 02:25:08', '2023-07-12 02:25:08'),
(99, 233, 'dRfdA0QcHyMdG25ASSkdSJ:APA91bFfpwI3cIL26EvBYyM3uIsUjARtHx7CEo9YAbFlLtgoSqlugkdZIwm9MWYlixc4h1V8rWMvPNHfoLgcvB0mU3khqB6WcyPdcEgIhQfiEyKhcGY2-eoBmI7hB7lx2tNMhhvv8kwt', '2023-07-12 03:03:02', '2023-07-12 03:03:02'),
(100, NULL, 'e5iJlI3SYGQR4hr7CaRs5F:APA91bEW1bGUZprT_2qDK-MDw6tzsU5V7m1xdf5DeWX0tdPnLEw--TZK8T6gH-DGt4MnLkgSqc4vuXjlbytrD2JtJYuVhaImqTCSld38FlMDZmq-vREHN0ph1FlTqkYE9N9OoqTXUk-9', '2023-07-13 07:28:17', '2023-07-13 07:28:17'),
(101, 1, 'eNYV1WjLN6hBPJlWVXGg-w:APA91bFHHO6VpyXKvsq_WjdkOx6TIl4-iA2eEC39EhEVuBomxUPBey-fuBe1mjWg9ukXtyPTdvJCP6009subIY6p3-GZfEHXuQz-s-uIS-GOF_HkCnFLcI9TRJ8xUsTstiHgvftjlZ9d', '2023-07-14 04:49:42', '2023-07-14 04:49:42'),
(102, NULL, 'eNYV1WjLN6hBPJlWVXGg-w:APA91bFHHO6VpyXKvsq_WjdkOx6TIl4-iA2eEC39EhEVuBomxUPBey-fuBe1mjWg9ukXtyPTdvJCP6009subIY6p3-GZfEHXuQz-s-uIS-GOF_HkCnFLcI9TRJ8xUsTstiHgvftjlZ9d', '2023-07-14 04:59:47', '2023-07-14 04:59:47'),
(103, NULL, 'c4uTfMOab7cmgAJIL2bh2a:APA91bHKxTffQF4jU88kcjk4h27PWPyB2YiT9B5oN8whJqyq0E2JqJQT13yLD0nwpzvkb33YW1fJXo7xZ2lO0LnpqY6_sellSLShf2wM7VkWZswymegXKaNRLfDwwiwgsH7-38GvmIL2', '2023-07-27 07:37:04', '2023-07-27 07:37:04'),
(104, NULL, 'dC8NhueOvBSj-H0T3NbUFd:APA91bG_J38vdYfeUBs6dRP5SiU90nt0sGj9vpdDiPyGfx9qwifoKwE31qagcF8ArLDIy8lUWkDLwhAwIayAMuhw6pWIbsvkGB345lzd3tMfSfzQFBZSvZP3hBXXkGDqkOUSF4PJUJ0S', '2023-07-29 11:31:12', '2023-07-29 11:31:12'),
(105, NULL, 'c8xoMS6txtzrNXlAEh7_eY:APA91bEvfYBAVcu6uMSgCKulXbd37Cy_3uFT2-dEXixiRoAr_S0IYdKMaz4QAkku8K8ZWXBI1uhi06Vd3vc2eXNRfh7OFtvayx6R3-Svw8kKD5Ho0iAV_lK4p4OiAhnKeT1v8NjNv9hp', '2023-08-04 14:01:24', '2023-08-04 14:01:24'),
(106, NULL, 'd_VKCPYtcJ9bZwPlg51Gu-:APA91bFQFso1tRWLZWkqjD9rDMekvd-jw71EOZN-EouOXvbY7Yn-2WJNzo76wLoeoMo7PgtlC8ormpffvx0k96eQvUizcy9sH2S5VGQ8JpUgXEJz7ij85Ptsm3MKNkCEqYvnpPv7QA8s', '2023-08-07 01:02:43', '2023-08-07 01:02:43'),
(107, NULL, 'fAEsbtN102Jkn6VPctn5ZI:APA91bGLzl6APQtSvTaw3NSk08gWYuDANP_1aFrXkiZCE4pvg5Wilu_Tk0jgMmMxy2B6xrzv_sxQ7TNc-O4bH7Mwb58QDwbg7c5DJKsH3KRNUR83u2ftfu_WEEHyIb0ueVv4HYnTg2gz', '2023-08-15 14:57:05', '2023-08-15 14:57:05'),
(108, NULL, 'fCi4cd5obulftwLxNe1LUm:APA91bHvgJiB517LtZph2_c_JFlNKqg-26Nf2rdHcZuP4KvZzfxvvUSYIu3pSWTTKesY8nRNtU4UIGHbE3YePSClxMrWndByol2DsPHyUcogYtEN7NSO5OXqzwzTjDrppoyY6qv-SRgp', '2023-08-19 04:37:14', '2023-08-19 04:37:14'),
(109, NULL, 'dGbffmsXu4AD3-xRQwysSC:APA91bEeUEbfHVEKepN_YXACB7-Jy9-6kuCnRIvN5VUCVAqSiW0Ff23piD8APn5hK_3HMAD0tf2YqkHob0Cc4MbVnNPsO7eyTPWB1g9iFkfTdDDw99TykK-SFwSXpwshruTwlIfZPCKS', '2023-08-22 22:12:20', '2023-08-22 22:12:20'),
(110, 1, 'dGbffmsXu4AD3-xRQwysSC:APA91bEeUEbfHVEKepN_YXACB7-Jy9-6kuCnRIvN5VUCVAqSiW0Ff23piD8APn5hK_3HMAD0tf2YqkHob0Cc4MbVnNPsO7eyTPWB1g9iFkfTdDDw99TykK-SFwSXpwshruTwlIfZPCKS', '2023-08-22 22:35:57', '2023-08-22 22:35:57'),
(111, NULL, 'cc84NG_dlCRSm5m_iCbpKt:APA91bF0QPYxs_bI0Byx7peXZmyMeNMno7b-Nar3JAiGLRUEZ9rp_NylQtQaI0qYDfj9wYmqgLmMmQLc_9cF-5SMINvdfQC1hEYgn_fxL7hepGwGn6QtpNFPjr7eWhApV2ghuXNE-flh', '2023-08-22 22:52:52', '2023-08-22 22:52:52'),
(112, 1, 'cc84NG_dlCRSm5m_iCbpKt:APA91bF0QPYxs_bI0Byx7peXZmyMeNMno7b-Nar3JAiGLRUEZ9rp_NylQtQaI0qYDfj9wYmqgLmMmQLc_9cF-5SMINvdfQC1hEYgn_fxL7hepGwGn6QtpNFPjr7eWhApV2ghuXNE-flh', '2023-08-22 23:07:29', '2023-08-22 23:07:29'),
(113, NULL, 'fmuuI6mFdY8ktJ3g-Isa28:APA91bGLY2c84NFiBifXz6mlrliN_VZRkmU0eXTCjmEhtCUN02eWjLuaY5jgwWonfGkZWgT43hXpQqeXKd79PSLG5uML8tdR788Poi6Kt61HJPwzS7r2fdEB4QL8-hsUHTDYgvIw2GyQ', '2023-08-23 04:02:34', '2023-08-23 04:02:34'),
(114, 249, 'ezLotw35tDKs30-TE7s19O:APA91bGjUrJNw1xZ2axcdn3z1VAhRTqEQYq9oWY2rdqL7MY5q4hlJ5_hUKY-MtJzJ099xIIgfCYGmFnHC47hpES5RXST1RDbbyGZxbPlT_CNURJkCnYfqIN9NPmy75sa7ChuimCGlmT2', '2023-08-23 05:57:09', '2023-08-23 05:57:09'),
(115, NULL, 'f4LzB4R-nieYDlfsjoarDJ:APA91bE-wB619c8yPVNz6CXB4ZyumoVXIUmI2J-PKthwQb_J1XpVhnwnzs9wOVoV5pKsDoWoSbqH2UvGIxk-ho33KdC2IptCde5Ku3bdlMDQ3vhA99qBgVhg7VjH6mxUhJR5oIrkjzeu', '2023-08-24 00:40:30', '2023-08-24 00:40:30'),
(116, 1, 'f4LzB4R-nieYDlfsjoarDJ:APA91bE-wB619c8yPVNz6CXB4ZyumoVXIUmI2J-PKthwQb_J1XpVhnwnzs9wOVoV5pKsDoWoSbqH2UvGIxk-ho33KdC2IptCde5Ku3bdlMDQ3vhA99qBgVhg7VjH6mxUhJR5oIrkjzeu', '2023-08-24 00:45:35', '2023-08-24 00:45:35'),
(117, 252, 'f4LzB4R-nieYDlfsjoarDJ:APA91bE-wB619c8yPVNz6CXB4ZyumoVXIUmI2J-PKthwQb_J1XpVhnwnzs9wOVoV5pKsDoWoSbqH2UvGIxk-ho33KdC2IptCde5Ku3bdlMDQ3vhA99qBgVhg7VjH6mxUhJR5oIrkjzeu', '2023-08-24 01:10:15', '2023-08-24 01:10:15'),
(118, NULL, 'dq8SqidP3HS5LG0woa4Yxk:APA91bFJnl1g_TK4CGxS49iHa0hjqeimTdStAg1ZMykULG6BghD2_TwJSlap1-GDQkpcv_dfZ5qf3bneA2v-_-Ut__w78rwOVkE1HCQDPY2_0ydrqx7aPUNFpH18pmOtkBmdA6RwU34j', '2023-08-24 01:14:11', '2023-08-24 01:14:11'),
(119, 252, 'dq8SqidP3HS5LG0woa4Yxk:APA91bFJnl1g_TK4CGxS49iHa0hjqeimTdStAg1ZMykULG6BghD2_TwJSlap1-GDQkpcv_dfZ5qf3bneA2v-_-Ut__w78rwOVkE1HCQDPY2_0ydrqx7aPUNFpH18pmOtkBmdA6RwU34j', '2023-08-24 01:17:32', '2023-08-24 01:17:32'),
(120, 1, 'dq8SqidP3HS5LG0woa4Yxk:APA91bFJnl1g_TK4CGxS49iHa0hjqeimTdStAg1ZMykULG6BghD2_TwJSlap1-GDQkpcv_dfZ5qf3bneA2v-_-Ut__w78rwOVkE1HCQDPY2_0ydrqx7aPUNFpH18pmOtkBmdA6RwU34j', '2023-08-24 02:51:42', '2023-08-24 02:51:42'),
(121, 1, 'fHFHe7SyfZM0tPpLMycs8r:APA91bH_wuDh4BWOH2s8nWsHfy_6SdPzYlNT3lasOnZMm-RaUDmuNHmarh9TLLep4uUoEvXLNYHLEJlmHNPAmpHydulc2vHSVc9eyAAjgb_i_WjMJInqAtgJJoOKKFKZFpQ76LK7g5l0', '2023-08-25 11:48:08', '2023-08-25 11:48:08'),
(122, NULL, 'fHFHe7SyfZM0tPpLMycs8r:APA91bH_wuDh4BWOH2s8nWsHfy_6SdPzYlNT3lasOnZMm-RaUDmuNHmarh9TLLep4uUoEvXLNYHLEJlmHNPAmpHydulc2vHSVc9eyAAjgb_i_WjMJInqAtgJJoOKKFKZFpQ76LK7g5l0', '2023-08-25 11:51:53', '2023-08-25 11:51:53'),
(123, 256, 'fHFHe7SyfZM0tPpLMycs8r:APA91bH_wuDh4BWOH2s8nWsHfy_6SdPzYlNT3lasOnZMm-RaUDmuNHmarh9TLLep4uUoEvXLNYHLEJlmHNPAmpHydulc2vHSVc9eyAAjgb_i_WjMJInqAtgJJoOKKFKZFpQ76LK7g5l0', '2023-08-25 11:52:03', '2023-08-25 11:52:03'),
(124, NULL, 'cyhIoESX-OFaNC6421BgL8:APA91bFV64jspBd75xipVY7ZqAr8Fj5qb_P9mtYGHkLppCJWl0KHFJpjr0xoN4W1cplxyEACine3vbx4qrOFmPft-X5iT613dmWrU_DFyB3oygUe8EhisUtouwNmQZ50Do2VeAqYqvx1', '2023-08-25 19:21:31', '2023-08-25 19:21:31'),
(125, NULL, 'cluyefzZ8QrxXRmvKsY97g:APA91bHWlbWqp4e7MbC1nAMr8bW3l6An9_MAEI2pLX3h3I7VV-SW4T8a1E61fII84ORQdWpWV4VsfehBhTLqcnSH87xBgbYG46teDm1lXBiRcSYSr-Et8ZuhVLjaeno5HrlgCibe51zq', '2023-08-26 04:26:16', '2023-08-26 04:26:16'),
(126, 1, 'fo7Ke6b2c9tojakmg9Jw6K:APA91bGFN-qvXu4bUpwdO4jDt-l-DZVelpT8Y23d9-E7chgqfaeLWFhUbN2DouYaKCsr_Q8aI_sFX40uDCr626sXZYDUSHf9NFWK2dzFZk1llkqlBHgvxGWSpYsvbvWVQ9Mx1mmYsvLW', '2023-08-26 05:49:59', '2023-08-26 05:49:59'),
(127, NULL, 'fo7Ke6b2c9tojakmg9Jw6K:APA91bGFN-qvXu4bUpwdO4jDt-l-DZVelpT8Y23d9-E7chgqfaeLWFhUbN2DouYaKCsr_Q8aI_sFX40uDCr626sXZYDUSHf9NFWK2dzFZk1llkqlBHgvxGWSpYsvbvWVQ9Mx1mmYsvLW', '2023-08-26 07:08:13', '2023-08-26 07:08:13'),
(128, NULL, 'eMtOcCt79wp3hVZDtOL9Y0:APA91bGP8fH7avgJAUgGotHbvV8s7MlHAV2FEDe3Bt6fvQxZ1TfckX_RJDTxIBXnHxpR5IBr9761ptP_3v6PTM4B7ikbTwJNx9HXwUGhhEw4Nj1Mfz_jcevJ8BFhDv91oeNES17Y48fU', '2023-08-26 10:54:11', '2023-08-26 10:54:11'),
(129, 253, 'eMtOcCt79wp3hVZDtOL9Y0:APA91bGP8fH7avgJAUgGotHbvV8s7MlHAV2FEDe3Bt6fvQxZ1TfckX_RJDTxIBXnHxpR5IBr9761ptP_3v6PTM4B7ikbTwJNx9HXwUGhhEw4Nj1Mfz_jcevJ8BFhDv91oeNES17Y48fU', '2023-08-26 10:54:20', '2023-08-26 10:54:20'),
(130, NULL, 'fqHg-3fw3bKo6wtzyuOZmH:APA91bH044ZuimDSeQZQ085Bu7QhStFysJrCTytUg5bYpz41K0IvJGOuFEfS7Vnm0jX2OXTAkrE5mT7pcsxzbMATJMlmIO1UcAhi81B0hMRbrfrfgJbacpZ8SfXlACKksxpzjjb81KPY', '2023-08-26 12:30:15', '2023-08-26 12:30:15'),
(131, 252, 'fqHg-3fw3bKo6wtzyuOZmH:APA91bH044ZuimDSeQZQ085Bu7QhStFysJrCTytUg5bYpz41K0IvJGOuFEfS7Vnm0jX2OXTAkrE5mT7pcsxzbMATJMlmIO1UcAhi81B0hMRbrfrfgJbacpZ8SfXlACKksxpzjjb81KPY', '2023-08-26 12:30:31', '2023-08-26 12:30:31'),
(132, 264, 'cxuuwpKVqd2gtnEBk9p6od:APA91bF2_tg3BoMSSMuaFvdQltpq4yg0JTscD7AMDkCGdGmW5174NTTZRtnZzC93NQfv1gvQ82wtWh3c4tELwhdOyUohtuZePdzRfusHVk80I-QANtmdZ4bGGipy8pj45uePxDPN3NMq', '2023-08-27 02:12:24', '2023-08-27 02:12:24'),
(133, NULL, 'cxuuwpKVqd2gtnEBk9p6od:APA91bF2_tg3BoMSSMuaFvdQltpq4yg0JTscD7AMDkCGdGmW5174NTTZRtnZzC93NQfv1gvQ82wtWh3c4tELwhdOyUohtuZePdzRfusHVk80I-QANtmdZ4bGGipy8pj45uePxDPN3NMq', '2023-08-27 02:20:28', '2023-08-27 02:20:28'),
(134, 265, 'cxuuwpKVqd2gtnEBk9p6od:APA91bF2_tg3BoMSSMuaFvdQltpq4yg0JTscD7AMDkCGdGmW5174NTTZRtnZzC93NQfv1gvQ82wtWh3c4tELwhdOyUohtuZePdzRfusHVk80I-QANtmdZ4bGGipy8pj45uePxDPN3NMq', '2023-08-27 02:20:40', '2023-08-27 02:20:40'),
(135, 266, 'fqHg-3fw3bKo6wtzyuOZmH:APA91bH044ZuimDSeQZQ085Bu7QhStFysJrCTytUg5bYpz41K0IvJGOuFEfS7Vnm0jX2OXTAkrE5mT7pcsxzbMATJMlmIO1UcAhi81B0hMRbrfrfgJbacpZ8SfXlACKksxpzjjb81KPY', '2023-08-27 02:31:50', '2023-08-27 02:31:50'),
(136, 268, 'fqHg-3fw3bKo6wtzyuOZmH:APA91bH044ZuimDSeQZQ085Bu7QhStFysJrCTytUg5bYpz41K0IvJGOuFEfS7Vnm0jX2OXTAkrE5mT7pcsxzbMATJMlmIO1UcAhi81B0hMRbrfrfgJbacpZ8SfXlACKksxpzjjb81KPY', '2023-08-27 02:34:06', '2023-08-27 02:34:06'),
(137, NULL, 'fTP7ZYefFF6xUdKdxBes6n:APA91bGhhN-e0xMADxy7xH5yhR5agZ8kLKW63yiZt6WW-vtJ8S0TcDUawRBc2OTC5KcM8exBKPmibqfh8Xs4nqh7jE1iml3G9ODZHv8MNbcaTKAIAusUzUDe8W5p2jJlx-Nin01TqeYG', '2023-08-27 02:36:05', '2023-08-27 02:36:05'),
(138, 269, 'fqHg-3fw3bKo6wtzyuOZmH:APA91bH044ZuimDSeQZQ085Bu7QhStFysJrCTytUg5bYpz41K0IvJGOuFEfS7Vnm0jX2OXTAkrE5mT7pcsxzbMATJMlmIO1UcAhi81B0hMRbrfrfgJbacpZ8SfXlACKksxpzjjb81KPY', '2023-08-27 02:38:19', '2023-08-27 02:38:19'),
(139, 256, 'fqHg-3fw3bKo6wtzyuOZmH:APA91bH044ZuimDSeQZQ085Bu7QhStFysJrCTytUg5bYpz41K0IvJGOuFEfS7Vnm0jX2OXTAkrE5mT7pcsxzbMATJMlmIO1UcAhi81B0hMRbrfrfgJbacpZ8SfXlACKksxpzjjb81KPY', '2023-08-27 02:55:05', '2023-08-27 02:55:05'),
(140, 272, 'cxuuwpKVqd2gtnEBk9p6od:APA91bF2_tg3BoMSSMuaFvdQltpq4yg0JTscD7AMDkCGdGmW5174NTTZRtnZzC93NQfv1gvQ82wtWh3c4tELwhdOyUohtuZePdzRfusHVk80I-QANtmdZ4bGGipy8pj45uePxDPN3NMq', '2023-08-27 03:02:20', '2023-08-27 03:02:20'),
(141, 273, 'cxuuwpKVqd2gtnEBk9p6od:APA91bF2_tg3BoMSSMuaFvdQltpq4yg0JTscD7AMDkCGdGmW5174NTTZRtnZzC93NQfv1gvQ82wtWh3c4tELwhdOyUohtuZePdzRfusHVk80I-QANtmdZ4bGGipy8pj45uePxDPN3NMq', '2023-08-27 04:01:13', '2023-08-27 04:01:13'),
(142, 274, 'cxuuwpKVqd2gtnEBk9p6od:APA91bF2_tg3BoMSSMuaFvdQltpq4yg0JTscD7AMDkCGdGmW5174NTTZRtnZzC93NQfv1gvQ82wtWh3c4tELwhdOyUohtuZePdzRfusHVk80I-QANtmdZ4bGGipy8pj45uePxDPN3NMq', '2023-08-27 04:49:00', '2023-08-27 04:49:00'),
(143, 1, 'fqHg-3fw3bKo6wtzyuOZmH:APA91bH044ZuimDSeQZQ085Bu7QhStFysJrCTytUg5bYpz41K0IvJGOuFEfS7Vnm0jX2OXTAkrE5mT7pcsxzbMATJMlmIO1UcAhi81B0hMRbrfrfgJbacpZ8SfXlACKksxpzjjb81KPY', '2023-08-27 05:15:44', '2023-08-27 05:15:44'),
(144, NULL, 'flD2vhILd5ObPKvnSNpfOl:APA91bFwGLmGYVF8rrSxeoxJa60JPGIZWjHU-tTuJTX8mbaaaGGomJUWi7jnfk45I1kSAu5ZJow1Ou8FfS2STUJtRhOiBGGOYzktoFpS0shGtxJiZnjSr15F4ECVQerIdvPHIAIxPUOz', '2023-08-27 09:37:38', '2023-08-27 09:37:38'),
(145, 275, 'cxuuwpKVqd2gtnEBk9p6od:APA91bF2_tg3BoMSSMuaFvdQltpq4yg0JTscD7AMDkCGdGmW5174NTTZRtnZzC93NQfv1gvQ82wtWh3c4tELwhdOyUohtuZePdzRfusHVk80I-QANtmdZ4bGGipy8pj45uePxDPN3NMq', '2023-08-27 10:03:29', '2023-08-27 10:03:29'),
(146, 279, 'cxuuwpKVqd2gtnEBk9p6od:APA91bF2_tg3BoMSSMuaFvdQltpq4yg0JTscD7AMDkCGdGmW5174NTTZRtnZzC93NQfv1gvQ82wtWh3c4tELwhdOyUohtuZePdzRfusHVk80I-QANtmdZ4bGGipy8pj45uePxDPN3NMq', '2023-08-27 10:43:28', '2023-08-27 10:43:28'),
(147, NULL, 'fQW7pvR4gkwTrM0KKtybg8:APA91bGCw4mx8sxxaw3MeN2NRWdWDS0rT-2iXG8djpkPRkrbnfmlF4E62XMPywPMRM3-fQoU2x0RWymAlGBsiMw9eym27MJvJWaAXG6EXmvUmKe-ZYaIn0Zbe5lQjjH9ut1LDFcQDmwS', '2023-08-27 21:03:58', '2023-08-27 21:03:58'),
(148, 1, 'fQW7pvR4gkwTrM0KKtybg8:APA91bGCw4mx8sxxaw3MeN2NRWdWDS0rT-2iXG8djpkPRkrbnfmlF4E62XMPywPMRM3-fQoU2x0RWymAlGBsiMw9eym27MJvJWaAXG6EXmvUmKe-ZYaIn0Zbe5lQjjH9ut1LDFcQDmwS', '2023-08-27 21:06:22', '2023-08-27 21:06:22'),
(149, NULL, 'eZ-7LHfsXdEHIV3nXfCSFq:APA91bFohRX4AfEtmbJ_Hqbx3WtXTQ7fi72sWxbFOu3xJ2GLUrX1VXVbxuBj_s82M10bIIbasCYlvmH00Ae_azVD1lafSh5LyWZkihWroFQCa5i8HACJZvLXJvjE9XD3Xg_HEtiGLh8Z', '2023-09-10 07:14:51', '2023-09-10 07:14:51'),
(150, NULL, 'cm-ntW2yKvRBLCXVQqNtiB:APA91bHdr8SNFvNhi-vrejr4x-WZkSmzlxReKzvXleSyvZgM7sRE0aeenq-zy4Pg__2otckUgfInIadPy5TzIZH2Ydcpupn3OFI-xuhEz2-c4STFLZ7nyNHiCQIUAZNrs6lpk17TVXRn', '2023-09-10 21:41:50', '2023-09-10 21:41:50'),
(151, NULL, 'fy3LuRUeHfzwUQtNwu-NTD:APA91bGvgRRRWNVOr8hJ4ogcp08w7GKAOgzyZxZeG3RehMJeG_f-4iuCkYW1lEPHsHm9QRUb0AWqtJZN-ixHfJ1bhasUdCsrpEiOy8JmvHaSkU9qaFPfWRAyZwD8tSgxzIIcOtVqaa9F', '2023-09-11 07:44:21', '2023-09-11 07:44:21'),
(152, 287, 'dB9vlDl5vZNazhvPDYduJ9:APA91bEkwYu6D4eQCzhkqb7jPz-3LZb3bo2WjEbySsCR0GAHsw36z9FAXbcQHXtFi0iGEhbSvfEY5sudEvGKixZjzxl7QuvErfKNSeaTPwuWF0Jchz2gpQ-kpMA3FYlSzE78rYeedD7Y', '2023-09-11 07:47:08', '2023-09-11 07:47:08'),
(153, NULL, 'fcbPuBUkhgsueoqI1mXgjv:APA91bEO1tIlgNODpu9OjMXfjQ4hGCn5xD18H5le-x2gW4kxD3WDBYV8T3LFqOY9OUCpupor5mrdSze3-PeudxD89rKejMdS_lwkYrUEpTZObMahnjrN65DR_F5L6rJc3bCXhoJc_-6V', '2024-01-11 04:30:20', '2024-01-11 04:30:20');

-- --------------------------------------------------------

--
-- Table structure for table `download_products`
--

CREATE TABLE `download_products` (
  `id` bigint UNSIGNED NOT NULL,
  `product_id` bigint UNSIGNED NOT NULL,
  `name` varchar(255) CHARACTER SET utf8mb4 COLLATE utf8mb4_unicode_ci NOT NULL,
  `url` text CHARACTER SET utf8mb4 COLLATE utf8mb4_unicode_ci,
  `file` varchar(255) CHARACTER SET utf8mb4 COLLATE utf8mb4_unicode_ci DEFAULT NULL,
  `created_at` timestamp NULL DEFAULT NULL,
  `updated_at` timestamp NULL DEFAULT NULL
) ENGINE=InnoDB DEFAULT CHARSET=utf8mb4 COLLATE=utf8mb4_unicode_ci;

-- --------------------------------------------------------

--
-- Table structure for table `download_users`
--

CREATE TABLE `download_users` (
  `id` bigint UNSIGNED NOT NULL,
  `user_id` bigint UNSIGNED NOT NULL,
  `product_id` bigint UNSIGNED NOT NULL,
  `created_at` timestamp NULL DEFAULT NULL,
  `updated_at` timestamp NULL DEFAULT NULL
) ENGINE=InnoDB DEFAULT CHARSET=utf8mb4 COLLATE=utf8mb4_unicode_ci;

-- --------------------------------------------------------

--
-- Table structure for table `download_user_products`
--

CREATE TABLE `download_user_products` (
  `id` bigint UNSIGNED NOT NULL,
  `user_id` bigint UNSIGNED NOT NULL,
  `product_id` bigint UNSIGNED NOT NULL,
  `download_id` bigint UNSIGNED NOT NULL,
  `created_at` timestamp NULL DEFAULT NULL,
  `updated_at` timestamp NULL DEFAULT NULL
) ENGINE=InnoDB DEFAULT CHARSET=utf8mb4 COLLATE=utf8mb4_unicode_ci;

-- --------------------------------------------------------

--
-- Table structure for table `extra_mini_categories`
--

CREATE TABLE `extra_mini_categories` (
  `id` bigint UNSIGNED NOT NULL,
  `mini_category_id` bigint UNSIGNED NOT NULL,
  `name` varchar(255) CHARACTER SET utf8mb4 COLLATE utf8mb4_unicode_ci NOT NULL,
  `slug` varchar(255) CHARACTER SET utf8mb4 COLLATE utf8mb4_unicode_ci NOT NULL,
  `cover_photo` varchar(255) CHARACTER SET utf8mb4 COLLATE utf8mb4_unicode_ci NOT NULL DEFAULT 'default.png',
  `status` tinyint(1) NOT NULL DEFAULT '1',
  `is_feature` tinyint(1) NOT NULL DEFAULT '0',
  `created_at` timestamp NULL DEFAULT NULL,
  `updated_at` timestamp NULL DEFAULT NULL
) ENGINE=InnoDB DEFAULT CHARSET=utf8mb4 COLLATE=utf8mb4_unicode_ci;

--
-- Dumping data for table `extra_mini_categories`
--

INSERT INTO `extra_mini_categories` (`id`, `mini_category_id`, `name`, `slug`, `cover_photo`, `status`, `is_feature`, `created_at`, `updated_at`) VALUES
(51, 193, 'M1', 'm1', 'default.png', 1, 1, '2023-07-14 05:22:04', '2023-07-14 05:22:04');

-- --------------------------------------------------------

--
-- Table structure for table `extra_mini_category_product`
--

CREATE TABLE `extra_mini_category_product` (
  `id` bigint UNSIGNED NOT NULL,
  `extra_mini_category_id` bigint UNSIGNED NOT NULL,
  `product_id` bigint UNSIGNED NOT NULL,
  `created_at` timestamp NULL DEFAULT NULL,
  `updated_at` timestamp NULL DEFAULT NULL
) ENGINE=InnoDB DEFAULT CHARSET=utf8mb4 COLLATE=utf8mb4_unicode_ci;

-- --------------------------------------------------------

--
-- Table structure for table `failed_jobs`
--

CREATE TABLE `failed_jobs` (
  `id` bigint UNSIGNED NOT NULL,
  `uuid` varchar(255) CHARACTER SET utf8mb4 COLLATE utf8mb4_unicode_ci NOT NULL,
  `connection` text CHARACTER SET utf8mb4 COLLATE utf8mb4_unicode_ci NOT NULL,
  `queue` text CHARACTER SET utf8mb4 COLLATE utf8mb4_unicode_ci NOT NULL,
  `payload` longtext CHARACTER SET utf8mb4 COLLATE utf8mb4_unicode_ci NOT NULL,
  `exception` longtext CHARACTER SET utf8mb4 COLLATE utf8mb4_unicode_ci NOT NULL,
  `failed_at` timestamp NOT NULL DEFAULT CURRENT_TIMESTAMP
) ENGINE=InnoDB DEFAULT CHARSET=utf8mb4 COLLATE=utf8mb4_unicode_ci;

-- --------------------------------------------------------

--
-- Table structure for table `migrations`
--

CREATE TABLE `migrations` (
  `id` int UNSIGNED NOT NULL,
  `migration` varchar(255) CHARACTER SET utf8mb4 COLLATE utf8mb4_unicode_ci NOT NULL,
  `batch` int NOT NULL
) ENGINE=InnoDB DEFAULT CHARSET=utf8mb4 COLLATE=utf8mb4_unicode_ci;

--
-- Dumping data for table `migrations`
--

INSERT INTO `migrations` (`id`, `migration`, `batch`) VALUES
(1, '2014_10_12_000000_create_users_table', 1),
(2, '2014_10_12_100000_create_password_resets_table', 1),
(3, '2019_08_19_000000_create_failed_jobs_table', 1),
(4, '2021_04_26_083352_create_roles_table', 1),
(5, '2021_04_26_090110_create_shop_infos_table', 1),
(6, '2021_04_26_094146_create_settings_table', 1),
(7, '2021_04_26_103452_create_categories_table', 1),
(8, '2021_04_27_041822_create_brands_table', 1),
(9, '2021_04_27_060049_create_colors_table', 1),
(10, '2021_04_27_074706_create_sizes_table', 1),
(11, '2021_04_27_083844_create_tags_table', 1),
(12, '2021_04_27_090113_create_coupons_table', 1),
(13, '2021_04_27_103134_create_products_table', 1),
(14, '2021_04_27_105130_create_product_images_table', 1),
(15, '2021_04_27_105229_create_color_product_table', 1),
(16, '2021_04_27_105500_create_category_product_table', 1),
(17, '2021_04_27_105537_create_product_size_table', 1),
(18, '2021_04_27_105553_create_product_tag_table', 1),
(19, '2021_04_29_081243_create_customer_infos_table', 1),
(20, '2021_04_30_130910_create_sliders_table', 2),
(21, '2021_05_01_045759_create_sub_categories_table', 3),
(22, '2021_05_01_050839_create_product_sub_category_table', 3),
(23, '2021_05_01_080942_create_download_products_table', 4),
(24, '2021_05_06_053040_create_product_reviews_table', 5),
(25, '2021_05_06_082332_create_collections_table', 5),
(26, '2021_05_08_174823_create_coupon_user_table', 6),
(27, '2021_05_08_190847_create_orders_table', 7),
(28, '2021_05_08_191930_create_order_details_table', 7),
(29, '2021_05_10_064750_create_vendor_accounts_table', 8),
(30, '2021_05_10_161230_create_category_collection_table', 9),
(31, '2021_05_11_070555_create_comments_table', 10),
(32, '2021_05_11_144526_create_reviews_table', 11),
(33, '2021_05_11_175121_create_download_users_table', 12),
(34, '2021_05_11_175522_create_download_user_products_table', 13),
(35, '2021_05_13_105137_create_product_user_table', 14),
(36, '2021_05_13_131154_create_commissions_table', 15),
(37, '2021_10_14_151726_create_subscriptions_table', 16),
(38, '2021_12_30_171921_create_wishlists_table', 17),
(39, '2021_12_31_082346_create_tickets_table', 18),
(40, '2021_12_31_103443_create_pages_table', 19),
(42, '2022_01_05_112513_create_mini_categories_table', 20),
(44, '2022_01_26_051820_create_bloods_table', 22),
(45, '2022_01_31_111628_create_mini_category_product', 22),
(46, '2022_01_31_114053_create_contacts_table', 23),
(47, '2022_02_03_172827_create_campaigns_table', 24),
(48, '2022_02_03_173019_create_campaing_products_table', 24),
(49, '2022_02_08_171958_create_campaing_comments_table', 25),
(50, '2022_02_08_174642_create_blogs_table', 26),
(51, '2022_02_09_134634_create_chats_table', 27),
(52, '2022_02_22_155141_create_extra_mini_categories_table', 28),
(53, '2022_02_22_155506_create_extra_mini_categories_product', 29),
(54, '2022_02_22_170629_create_extra_mini_category_product', 30),
(55, '2022_02_23_031956_create_attributes_table', 31),
(56, '2022_02_23_032033_create_attribute_values_table', 31),
(57, '2022_02_23_064159_create_attribute_product_table', 32),
(58, '2022_03_13_100532_create_unproducts_table', 33),
(59, '2022_03_23_133735_create_blog_comments_table', 34),
(60, '2022_03_23_153622_create_partial_payments', 35),
(61, '2022_03_23_182215_create_device_ids_table', 36),
(62, '2022_03_30_062751_create_withdraws_table', 37),
(63, '2022_04_21_173335_create_cart_infos_table', 38),
(64, '2023_03_03_074535_create_authors_table', 39);

-- --------------------------------------------------------

--
-- Table structure for table `mini_categories`
--

CREATE TABLE `mini_categories` (
  `id` bigint UNSIGNED NOT NULL,
  `category_id` bigint UNSIGNED NOT NULL,
  `name` varchar(255) CHARACTER SET utf8mb4 COLLATE utf8mb4_unicode_ci NOT NULL,
  `slug` varchar(255) CHARACTER SET utf8mb4 COLLATE utf8mb4_unicode_ci NOT NULL,
  `cover_photo` varchar(255) CHARACTER SET utf8mb4 COLLATE utf8mb4_unicode_ci NOT NULL DEFAULT 'default.png',
  `status` tinyint(1) NOT NULL DEFAULT '1',
  `is_feature` int NOT NULL DEFAULT '0',
  `created_at` timestamp NULL DEFAULT NULL,
  `updated_at` timestamp NULL DEFAULT NULL
) ENGINE=InnoDB DEFAULT CHARSET=utf8mb4 COLLATE=utf8mb4_unicode_ci;

--
-- Dumping data for table `mini_categories`
--

INSERT INTO `mini_categories` (`id`, `category_id`, `name`, `slug`, `cover_photo`, `status`, `is_feature`, `created_at`, `updated_at`) VALUES
(191, 95, 'Dress', 'dress', '2023-05-07-64576be33923e.png', 1, 0, '2023-05-07 03:14:11', '2023-05-18 12:54:37'),
(192, 97, 'Bagpack', 'bagpack', '2023-05-07-645784fc5d001.png', 1, 0, '2023-05-07 04:42:07', '2023-05-18 12:54:37'),
(193, 105, 'Neckband', 'neckband', '2023-05-10-645b97d8a1096.png', 1, 0, '2023-05-10 07:10:48', '2023-09-05 14:13:02'),
(194, 105, 'TWS Earbuds', 'tws-earbuds', '2023-05-10-645bbf6263488.png', 1, 0, '2023-05-10 09:59:30', '2023-09-05 14:13:02'),
(195, 105, 'Wired Earphone', 'wired-earphone', '2023-05-10-645be0add62f7.png', 1, 0, '2023-05-10 12:21:33', '2023-09-05 14:13:02'),
(196, 107, 'Neck Fan', 'neck-fan', '2023-05-13-645f5e0427d0d.jpg', 1, 0, '2023-05-13 03:53:08', '2023-05-13 03:53:08'),
(197, 107, 'Mini  Fan', 'mini-fan', '2023-05-13-645f6989edf08.png', 1, 0, '2023-05-13 04:42:17', '2023-05-13 04:42:17');

-- --------------------------------------------------------

--
-- Table structure for table `mini_category_product`
--

CREATE TABLE `mini_category_product` (
  `id` bigint UNSIGNED NOT NULL,
  `mini_category_id` bigint UNSIGNED NOT NULL,
  `product_id` bigint UNSIGNED NOT NULL,
  `created_at` timestamp NULL DEFAULT NULL,
  `updated_at` timestamp NULL DEFAULT NULL
) ENGINE=InnoDB DEFAULT CHARSET=utf8mb4 COLLATE=utf8mb4_unicode_ci;

--
-- Dumping data for table `mini_category_product`
--

INSERT INTO `mini_category_product` (`id`, `mini_category_id`, `product_id`, `created_at`, `updated_at`) VALUES
(346, 194, 684, NULL, NULL);

-- --------------------------------------------------------

--
-- Table structure for table `multi_order`
--

CREATE TABLE `multi_order` (
  `id` int NOT NULL,
  `vendor_id` int NOT NULL,
  `order_id` int NOT NULL,
  `partial_pay` int NOT NULL,
  `total` int NOT NULL,
  `discount` int NOT NULL DEFAULT '0',
  `status` int NOT NULL
) ENGINE=InnoDB DEFAULT CHARSET=latin1;

--
-- Dumping data for table `multi_order`
--

INSERT INTO `multi_order` (`id`, `vendor_id`, `order_id`, `partial_pay`, `total`, `discount`, `status`) VALUES
(1, 200, 1, 0, 1100, 0, 2),
(2, 201, 2, 0, 575, 0, 2),
(3, 199, 3, 0, 715, 0, 0),
(4, 199, 4, 0, 715, 0, 2),
(5, 200, 5, 0, 470, 0, 2),
(6, 1, 6, 0, 790, 0, 3),
(7, 1, 7, 0, 14620, 0, 0),
(8, 1, 8, 0, 550, 0, 0),
(9, 1, 9, 0, 550, 0, 0),
(10, 1, 10, 0, 550, 0, 0),
(11, 1, 11, 0, 825, 0, 0),
(12, 1, 12, 0, 450, 0, 0),
(13, 225, 13, 0, 566, 0, 0),
(14, 225, 14, 0, 566, 0, 0),
(15, 225, 15, 0, 566, 0, 0),
(16, 225, 16, 0, 566, 0, 1),
(17, 225, 17, 0, 566, 0, 5),
(18, 1, 18, 0, 1080, 0, 0),
(19, 1, 19, 0, 1080, 0, 1),
(20, 1, 20, 0, 815, 0, 0),
(21, 1, 21, 0, 815, 0, 0),
(22, 1, 22, 0, 825, 0, 0),
(23, 1, 23, 0, 825, 0, 0),
(24, 1, 24, 0, 845, 0, 0),
(25, 1, 25, 0, 1080, 0, 0),
(26, 1, 26, 0, 692, 0, 0),
(27, 1, 27, 0, 692, 0, 0),
(28, 1, 28, 0, 380, 0, 0),
(29, 1, 29, 0, 816, 0, 4),
(30, 1, 30, 250, 1100, 0, 0),
(31, 1, 31, 845, 845, 0, 2),
(32, 1, 32, 0, 712, 0, 5),
(33, 1, 33, 0, 1600, 0, 3),
(34, 1, 34, 0, 1100, 0, 0),
(35, 1, 35, 0, 570, 0, 3),
(36, 1, 36, 0, 230, 0, 3),
(37, 1, 37, 0, 330, 0, 3),
(38, 1, 38, 0, 1630, 0, 0),
(39, 1, 39, 0, 2680, 0, 0),
(40, 1, 40, 0, 1930, 0, 3),
(41, 1, 41, 0, 2680, 2050, 3),
(42, 1, 42, 0, 680, 180, 3),
(43, 1, 43, 0, 152, 0, 3),
(44, 1, 44, 0, 1680, 0, 0),
(45, 1, 45, 0, 2680, 0, 3),
(46, 1, 46, 0, 1580, 0, 0),
(47, 1, 47, 0, 1580, 0, 3),
(48, 1, 48, 0, 230, 0, 0),
(49, 1, 49, 0, 230, 0, 0),
(50, 1, 50, 0, 230, 0, 0),
(51, 1, 51, 0, 100, 0, 0),
(52, 1, 52, 0, 100, 0, 0),
(53, 1, 53, 0, 10, 0, 0),
(54, 1, 54, 0, 100, 0, 0),
(55, 1, 55, 0, 160, 0, 0),
(56, 1, 56, 0, 160, 0, 0),
(57, 1, 57, 0, 250, 0, 0),
(58, 1, 58, 0, 100, 0, 0),
(59, 1, 59, 0, 2680, 0, 0),
(60, 1, 60, 0, 100, 0, 3),
(61, 1, 61, 0, 100, 0, 4),
(62, 1, 62, 0, 250, 0, 0),
(63, 1, 63, 0, 100, 0, 0),
(64, 1, 64, 0, 100, 0, 0),
(65, 1, 65, 0, 500, 0, 0),
(66, 1, 66, 0, 2680, 0, 0),
(67, 1, 67, 0, 160, 0, 0),
(68, 1, 68, 0, 1630, 0, 0),
(69, 1, 69, 0, 1580, 0, 0),
(70, 1, 70, 0, 1630, 0, 0),
(71, 1, 71, 0, 10, 0, 0),
(72, 1, 72, 0, 2380, 0, 3),
(73, 1, 73, 0, 1500, 0, 3),
(74, 1, 74, 0, 1500, 0, 0),
(75, 1, 75, 0, 1500, 0, 0),
(76, 1, 76, 0, 400, 50, 3),
(77, 1, 77, 0, 250, 0, 0),
(78, 1, 78, 0, 260, 0, 0);

-- --------------------------------------------------------

--
-- Table structure for table `orders`
--

CREATE TABLE `orders` (
  `id` bigint UNSIGNED NOT NULL,
  `user_id` bigint UNSIGNED DEFAULT NULL,
  `first_name` varchar(255) CHARACTER SET utf8mb4 COLLATE utf8mb4_unicode_ci NOT NULL,
  `order_id` varchar(255) CHARACTER SET utf8mb4 COLLATE utf8mb4_unicode_ci DEFAULT NULL,
  `invoice` varchar(255) CHARACTER SET utf8mb4 COLLATE utf8mb4_unicode_ci DEFAULT NULL,
  `last_name` varchar(255) CHARACTER SET utf8mb4 COLLATE utf8mb4_unicode_ci NOT NULL,
  `company_name` varchar(255) CHARACTER SET utf8mb4 COLLATE utf8mb4_unicode_ci DEFAULT NULL,
  `country` varchar(255) CHARACTER SET utf8mb4 COLLATE utf8mb4_unicode_ci NOT NULL,
  `address` varchar(255) CHARACTER SET utf8mb4 COLLATE utf8mb4_unicode_ci NOT NULL,
  `town` varchar(255) CHARACTER SET utf8mb4 COLLATE utf8mb4_unicode_ci NOT NULL,
  `district` varchar(255) CHARACTER SET utf8mb4 COLLATE utf8mb4_unicode_ci NOT NULL,
  `thana` varchar(240) CHARACTER SET utf8mb4 COLLATE utf8mb4_unicode_ci NOT NULL,
  `meet_time` text CHARACTER SET utf8mb4 COLLATE utf8mb4_unicode_ci,
  `post_code` varchar(255) CHARACTER SET utf8mb4 COLLATE utf8mb4_unicode_ci DEFAULT NULL,
  `phone` varchar(255) CHARACTER SET utf8mb4 COLLATE utf8mb4_unicode_ci NOT NULL,
  `email` varchar(255) CHARACTER SET utf8mb4 COLLATE utf8mb4_unicode_ci NOT NULL,
  `shipping_method` varchar(255) CHARACTER SET utf8mb4 COLLATE utf8mb4_unicode_ci DEFAULT NULL,
  `shipping_charge` decimal(20,2) NOT NULL,
  `single_charge` int NOT NULL DEFAULT '0',
  `payment_method` varchar(255) CHARACTER SET utf8mb4 COLLATE utf8mb4_unicode_ci DEFAULT NULL,
  `refund_method` varchar(255) CHARACTER SET utf8mb4 COLLATE utf8mb4_unicode_ci DEFAULT NULL,
  `refund_amount` varchar(255) CHARACTER SET utf8mb4 COLLATE utf8mb4_unicode_ci DEFAULT NULL,
  `pay_staus` int DEFAULT NULL,
  `pay_date` varchar(11) CHARACTER SET utf8mb4 COLLATE utf8mb4_unicode_ci DEFAULT NULL,
  `mobile_number` varchar(255) CHARACTER SET utf8mb4 COLLATE utf8mb4_unicode_ci DEFAULT NULL,
  `transaction_id` varchar(255) CHARACTER SET utf8mb4 COLLATE utf8mb4_unicode_ci DEFAULT NULL,
  `bank_name` varchar(255) CHARACTER SET utf8mb4 COLLATE utf8mb4_unicode_ci DEFAULT NULL,
  `account_number` varchar(255) CHARACTER SET utf8mb4 COLLATE utf8mb4_unicode_ci DEFAULT NULL,
  `holder_name` varchar(255) CHARACTER SET utf8mb4 COLLATE utf8mb4_unicode_ci DEFAULT NULL,
  `branch_name` varchar(255) CHARACTER SET utf8mb4 COLLATE utf8mb4_unicode_ci DEFAULT NULL,
  `routing_number` varchar(255) CHARACTER SET utf8mb4 COLLATE utf8mb4_unicode_ci DEFAULT NULL,
  `coupon_code` varchar(255) CHARACTER SET utf8mb4 COLLATE utf8mb4_unicode_ci DEFAULT NULL,
  `subtotal` decimal(20,2) NOT NULL,
  `discount` decimal(20,2) NOT NULL,
  `total` decimal(20,2) NOT NULL,
  `point` int NOT NULL DEFAULT '0',
  `is_pre` int DEFAULT '0',
  `status` int NOT NULL DEFAULT '0',
  `refer_bonus` int NOT NULL DEFAULT '0',
  `refer_id` int DEFAULT NULL,
  `cart_type` int NOT NULL DEFAULT '0',
  `created_at` timestamp NULL DEFAULT NULL,
  `updated_at` timestamp NULL DEFAULT NULL
) ENGINE=InnoDB DEFAULT CHARSET=utf8mb4 COLLATE=utf8mb4_unicode_ci;

--
-- Dumping data for table `orders`
--

INSERT INTO `orders` (`id`, `user_id`, `first_name`, `order_id`, `invoice`, `last_name`, `company_name`, `country`, `address`, `town`, `district`, `thana`, `meet_time`, `post_code`, `phone`, `email`, `shipping_method`, `shipping_charge`, `single_charge`, `payment_method`, `refund_method`, `refund_amount`, `pay_staus`, `pay_date`, `mobile_number`, `transaction_id`, `bank_name`, `account_number`, `holder_name`, `branch_name`, `routing_number`, `coupon_code`, `subtotal`, `discount`, `total`, `point`, `is_pre`, `status`, `refer_bonus`, `refer_id`, `cart_type`, `created_at`, `updated_at`) VALUES
(77, 287, 'customer', '1SeEgHnuL7', '#00077', 'null', NULL, 'Bangladesh', 'Dhaka', 'Dhaka', 'Dhaka', 'Adabor', NULL, NULL, '01711111111', 'customer@gmail.com', NULL, '130.00', 130, 'Rocket', NULL, NULL, NULL, NULL, '11111111111', '111111111111', NULL, NULL, NULL, NULL, NULL, '', '120.00', '0.00', '250.00', 0, 0, 0, 1, 2, 1, '2024-01-22 04:29:08', '2024-01-22 04:29:08'),
(78, 287, 'customer', 'a9vhgYJncM', '#00078', 'null', NULL, 'Bangladesh', 'Dhaka', 'Dhaka', 'Dhaka', 'Adabor', NULL, NULL, '01313772543', 'customer@gmail.com', NULL, '130.00', 130, 'Rocket', NULL, NULL, NULL, NULL, '11111111111', '111', NULL, NULL, NULL, NULL, NULL, '', '130.00', '0.00', '260.00', 0, 0, 0, 1, 2, 1, '2024-01-22 04:30:17', '2024-01-22 04:30:17');

-- --------------------------------------------------------

--
-- Table structure for table `order_details`
--

CREATE TABLE `order_details` (
  `id` bigint UNSIGNED NOT NULL,
  `order_id` bigint UNSIGNED NOT NULL,
  `seller_id` int NOT NULL,
  `product_id` bigint UNSIGNED NOT NULL,
  `title` varchar(255) CHARACTER SET utf8mb4 COLLATE utf8mb4_unicode_ci NOT NULL,
  `color` varchar(255) CHARACTER SET utf8mb4 COLLATE utf8mb4_unicode_ci NOT NULL,
  `size` varchar(255) CHARACTER SET utf8mb4 COLLATE utf8mb4_unicode_ci NOT NULL,
  `qty` int NOT NULL,
  `price` decimal(20,2) NOT NULL,
  `total_price` decimal(20,2) NOT NULL,
  `g_total` decimal(20,2) NOT NULL,
  `created_at` timestamp NULL DEFAULT NULL,
  `updated_at` timestamp NULL DEFAULT NULL
) ENGINE=InnoDB DEFAULT CHARSET=utf8mb4 COLLATE=utf8mb4_unicode_ci;

--
-- Dumping data for table `order_details`
--

INSERT INTO `order_details` (`id`, `order_id`, `seller_id`, `product_id`, `title`, `color`, `size`, `qty`, `price`, `total_price`, `g_total`, `created_at`, `updated_at`) VALUES
(36, 36, 1, 685, 'YouTube Premium Subscription - ইউটিউব প্রিমিয়াম সাবস্ক্রিপশন', 'blank', '{\"duration-8546\":\"82\"}', 1, '100.00', '230.00', '100.00', '2023-08-23 04:21:12', '2023-08-23 04:21:12'),
(37, 37, 1, 685, 'YouTube Premium Subscription - ইউটিউব প্রিমিয়াম সাবস্ক্রিপশন', 'blank', '{\"duration-8546\":\"82\"}', 2, '100.00', '330.00', '200.00', '2023-08-23 04:22:46', '2023-08-23 04:22:46'),
(40, 40, 1, 686, 'Samsung Galaxy M31 Root', 'blank', '{\"android-version-1651\":\"74\",\"service-type-9233\":\"80\"}', 1, '1800.00', '1930.00', '1800.00', '2023-08-23 06:02:18', '2023-08-23 06:02:18'),
(41, 41, 1, 687, 'Unlimited Gmail Create Without Number Method', 'blank', '[]', 1, '2550.00', '630.00', '2550.00', '2023-08-23 10:03:02', '2023-08-23 10:03:02'),
(42, 42, 1, 688, 'VPN Unlimited 7 Days Trail Method - ভিপিএন আনলিমিটেড ৭ দিনের জন্য ফ্রী তে যত বার খুশি ততো বার', 'blank', '[]', 1, '550.00', '500.00', '550.00', '2023-08-23 11:10:34', '2023-08-23 11:10:34'),
(45, 45, 1, 684, 'JOYROOM JR-T03S Pro ANC Bluetooth Earbuds', 'blank', '[]', 1, '2550.00', '2680.00', '2550.00', '2023-08-26 00:36:16', '2023-08-26 00:36:16'),
(47, 47, 1, 683, 'T800 Ultra Smartwatch Series 8 with Wireless Charging', 'black', '[]', 1, '1450.00', '1580.00', '1450.00', '2023-08-26 06:03:39', '2023-08-26 06:03:39'),
(60, 60, 1, 693, 'Fresh Gmail Accounts', 'blank', '{\"quantity-2797\":\"91\"}', 1, '100.00', '100.00', '100.00', '2023-08-26 12:58:27', '2023-08-26 12:58:27'),
(72, 72, 1, 698, 'HW9 Pro Max Smart Watch (3 Straps In 1)', 'black', '[]', 1, '2250.00', '2380.00', '2250.00', '2023-08-28 11:00:06', '2023-08-28 11:00:06'),
(73, 73, 1, 701, 'Huawei Y5 (2019) Software Development', 'blank', '{\"service-type-4987\":\"86\",\"android-version-6738\":\"108\"}', 1, '1500.00', '1500.00', '1500.00', '2023-08-29 07:24:52', '2023-08-29 07:24:52'),
(76, 76, 1, 685, 'YouTube Premium Subscription - ইউটিউব প্রিমিয়াম সাবস্ক্রিপশন', 'blank', '{\"duration-1807\":\"112\"}', 1, '400.00', '350.00', '400.00', '2023-08-30 06:01:06', '2023-08-30 06:01:06'),
(77, 77, 1, 710, 'The Spicy For Red Tea By Arafah -50Gm', 'blank', '[]', 1, '120.00', '120.00', '120.00', '2024-01-22 04:29:08', '2024-01-22 04:29:08'),
(78, 78, 1, 709, 'Twinings Pure Camomile Tea Bags 80 Pack-Australia', 'blank', '[]', 1, '130.00', '130.00', '130.00', '2024-01-22 04:30:17', '2024-01-22 04:30:17');

-- --------------------------------------------------------

--
-- Table structure for table `pages`
--

CREATE TABLE `pages` (
  `id` bigint UNSIGNED NOT NULL,
  `name` varchar(255) CHARACTER SET utf8mb4 COLLATE utf8mb4_unicode_ci NOT NULL,
  `title` varchar(255) CHARACTER SET utf8mb4 COLLATE utf8mb4_unicode_ci NOT NULL,
  `body` text CHARACTER SET utf8mb4 COLLATE utf8mb4_unicode_ci NOT NULL,
  `position` int NOT NULL,
  `status` tinyint(1) NOT NULL DEFAULT '1',
  `created_at` timestamp NULL DEFAULT NULL,
  `updated_at` timestamp NULL DEFAULT NULL
) ENGINE=InnoDB DEFAULT CHARSET=utf8mb4 COLLATE=utf8mb4_unicode_ci;

--
-- Dumping data for table `pages`
--

INSERT INTO `pages` (`id`, `name`, `title`, `body`, `position`, `status`, `created_at`, `updated_at`) VALUES
(5, 'Return & Refund Policy', 'Return & Refund Policy', '<font color=\"#000000\" style=\"background-color: rgb(255, 255, 255);\"><b>Eligibility for Returns</b></font><br>To be eligible for a return, the item must be unused, in the same condition as you received it, and in its original packaging. Items that are not eligible for return include [list any specific non-returnable items, such as perishable goods, personalized items, etc]. Returns must be requested within 7 days of receiving your order.', 1, 1, '2022-03-12 14:18:41', '2023-09-05 12:29:18'),
(6, 'Support & Policy', 'Support & Policy', '<p><b>Support &amp; Policy</b><br></p><p>At Demo Shop, we\'re committed to your satisfaction and transparency. Our customer support team is readily available via email, phone, and live chat to assist you with any queries. We prioritize your privacy and security, as detailed in our Privacy Policy. Please review our Terms of Service for website usage guidelines. For shipping, delivery, returns, and refunds, consult our dedicated policies. Many of our products come with warranties, and you can find cancellation information in our Order Cancellation Policy. We value your feedback, and any policy updates will be promptly posted on our website.</p>', 1, 1, '2022-03-12 14:18:58', '2023-09-05 14:36:07'),
(7, 'Terms & Condition', 'Terms & Conditions', '<b>Terms and Conditions</b><br>By using the Demo Shop website (\"Website\"), you agree to be bound by the following terms and conditions:<br><br>1. Use of the Website<br>By accessing and using this Website, you confirm that you are of legal age and agree to use it in compliance with all applicable laws and regulations.<br><br>2. User Accounts<br>When you create an account on our Website, you are responsible for maintaining the confidentiality of your account information and for all activities conducted under your account.<br><br>3. Product Information<br>We strive to provide accurate product information, but we do not warrant that product descriptions, prices, or other content on our Website are error-free.<br><br>4. Purchases<br>By making a purchase on our Website, you agree to pay the specified price for the product and any applicable taxes and shipping fees.<br><br>5. Shipping and Returns<br>Shipping and return policies are outlined in our Shipping &amp; Delivery and Return &amp; Refund policies.<br><br>6. Privacy<br>Your privacy is important to us. Please refer to our Privacy Policy for details on how we collect, use, and protect your personal information.<br><br>7. Intellectual Property<br>All content on this Website, including text, graphics, logos, and images, is protected by copyright and other intellectual property laws. You may not use our content without permission.<br><br>8. Termination<br>We reserve the right to terminate your account or access to our Website if you violate these Terms.<br><br>9. Changes to Terms<br>Demo Shop may update these Terms at any time. Any changes will be effective immediately upon posting on our Website.<br><br><br>', 1, 1, '2022-03-12 14:19:16', '2023-09-05 14:37:46'),
(8, 'Privacy & Policy', 'Privacy & Policy', '<b>Privacy Policy</b><br>At Demo Shop, we value your privacy and are committed to protecting your personal information. This Privacy Policy outlines how we collect, use, disclose, and safeguard your data when you use our website or services.<br><br>1. Information We Collect<br>1.1 Personal Information: We may collect personal information, such as your name, email address, shipping address, and payment details when you make a purchase or create an account.<br><br>1.2 Usage Data: We may gather information about how you interact with our website, including your IP address, browser type, pages visited, and the time and date of your visits.<br><br>2. How We Use Your Information<br>2.1 We use your personal information to process orders, provide customer support, and send you updates or promotional offers if you opt-in.<br><br>2.2 Usage data helps us improve our website\'s functionality and content, personalize your experience, and monitor the effectiveness of our marketing efforts.<br><br>3. Information Sharing<br>3.1 We do not sell, trade, or rent your personal information to third parties. Your data is only shared with trusted service providers who assist us in operating our website and conducting our business.<br><br>4. Security<br>4.1 We implement security measures to protect your personal information from unauthorized access, disclosure, alteration, or destruction.<br><br>5. Your Choices<br>5.1 You have the right to access, correct, or delete your personal information. You can also opt-out of promotional communications at any time.<br><br>6. Cookies and Tracking Technologies<br>6.1 Our website uses cookies and similar technologies to enhance your browsing experience. You can manage cookie preferences through your browser settings.<br><br>7. Changes to Privacy Policy<br>7.1 We may update our Privacy Policy periodically. Any changes will be posted on this page with an updated effective date.<br><br>8. Contact Us<br>8.1 If you have any questions or concerns regarding our Privacy Policy, please contact us at demo@lems.com', 1, 1, '2022-03-12 14:19:33', '2023-09-05 14:40:34'),
(11, 'About Us', 'About Us', '<h5><b>About Us</b></h5>Welcome to Demo Shop, your one-stop destination for high-quality products and exceptional service. We are passionate about delivering a unique shopping experience that combines the latest trends with timeless classics.<br><br>Our Mission<br>At Demo Shop, our mission is to provide our customers with a curated selection of products that meet their needs and exceed their expectations. We are committed to offering top-notch customer service, secure shopping, and a seamless online shopping journey.<br><br>What Sets Us Apart<br><br>Quality Assurance: We handpick each product in our collection, ensuring they meet our strict quality standards.<br><br>Customer-Centric Approach: Your satisfaction is our top priority. We\'re here to assist you at every step of your shopping journey.<br><br>Secure Shopping: We employ advanced security measures to protect your data and ensure safe transactions.<br><br>Innovation: We stay updated with the latest trends and technologies to provide you with the best products and shopping experience.<br><br>Our Team<br>Our dedicated team at Demo Shop is comprised of experts who are passionate about what they do. We work tirelessly to bring you a diverse range of products that cater to various tastes and preferences.<br><br>Contact Us<br>We love hearing from our customers. If you have any questions, feedback, or need assistance, please don\'t hesitate to get in touch with us at demo@lems.com<br><br>Thank you for choosing Demo Shop. We look forward to serving you and making your shopping experience memorable.', 1, 1, '2022-03-12 14:45:27', '2023-09-05 14:41:07');

-- --------------------------------------------------------

--
-- Table structure for table `partial_payments`
--

CREATE TABLE `partial_payments` (
  `id` bigint UNSIGNED NOT NULL,
  `order_id` bigint UNSIGNED NOT NULL,
  `payment_method` varchar(255) CHARACTER SET utf8mb4 COLLATE utf8mb4_unicode_ci NOT NULL,
  `transaction_id` varchar(255) CHARACTER SET utf8mb4 COLLATE utf8mb4_unicode_ci DEFAULT NULL,
  `amount` varchar(255) CHARACTER SET utf8mb4 COLLATE utf8mb4_unicode_ci DEFAULT NULL,
  `status` int NOT NULL DEFAULT '0',
  `created_at` timestamp NULL DEFAULT NULL,
  `updated_at` timestamp NULL DEFAULT NULL
) ENGINE=InnoDB DEFAULT CHARSET=utf8mb4 COLLATE=utf8mb4_unicode_ci;

--
-- Dumping data for table `partial_payments`
--

INSERT INTO `partial_payments` (`id`, `order_id`, `payment_method`, `transaction_id`, `amount`, `status`, `created_at`, `updated_at`) VALUES
(1, 25, 'bk', 'Fhgsdh', '100', 0, '2023-07-12 03:12:05', '2023-07-12 03:12:05'),
(2, 27, 'bk', 'Dhdhff', '600', 0, '2023-07-12 03:31:45', '2023-07-12 03:31:45'),
(6, 77, 'bk', '11111', '1111', 0, '2024-01-22 04:30:26', '2024-01-22 04:30:26');

-- --------------------------------------------------------

--
-- Table structure for table `products`
--

CREATE TABLE `products` (
  `id` bigint UNSIGNED NOT NULL,
  `author_id` int DEFAULT NULL,
  `user_id` bigint UNSIGNED NOT NULL,
  `brand_id` bigint UNSIGNED NOT NULL,
  `slug` varchar(255) CHARACTER SET utf8mb4 COLLATE utf8mb4_unicode_ci NOT NULL,
  `title` varchar(255) CHARACTER SET utf8mb4 COLLATE utf8mb4_unicode_ci NOT NULL,
  `short_description` text CHARACTER SET utf8mb4 COLLATE utf8mb4_unicode_ci,
  `full_description` longtext CHARACTER SET utf8mb4 COLLATE utf8mb4_unicode_ci NOT NULL,
  `spec` longtext CHARACTER SET utf8mb4 COLLATE utf8mb4_unicode_ci,
  `regular_price` varchar(111) CHARACTER SET utf8mb4 COLLATE utf8mb4_unicode_ci NOT NULL,
  `whole_price` varchar(111) CHARACTER SET utf8mb4 COLLATE utf8mb4_unicode_ci DEFAULT NULL,
  `buying_price` varchar(111) CHARACTER SET utf8mb4 COLLATE utf8mb4_unicode_ci DEFAULT NULL,
  `dis_type` int DEFAULT NULL,
  `discount_price` varchar(111) CHARACTER SET utf8mb4 COLLATE utf8mb4_unicode_ci DEFAULT NULL,
  `quantity` int NOT NULL,
  `unit` varchar(255) CHARACTER SET utf8mb4 COLLATE utf8mb4_unicode_ci DEFAULT NULL,
  `image` varchar(255) CHARACTER SET utf8mb4 COLLATE utf8mb4_unicode_ci NOT NULL DEFAULT '',
  `shipping_charge` tinyint(1) NOT NULL,
  `point` int NOT NULL DEFAULT '0',
  `reach` int NOT NULL DEFAULT '0',
  `status` tinyint(1) NOT NULL,
  `is_aproved` int DEFAULT '0',
  `type` int DEFAULT '0',
  `download_able` tinyint(1) NOT NULL DEFAULT '0',
  `download_limit` int DEFAULT NULL,
  `download_expire` date DEFAULT NULL,
  `sheba` int DEFAULT NULL,
  `book` int DEFAULT NULL,
  `isbn` varchar(222) CHARACTER SET utf8mb4 COLLATE utf8mb4_unicode_ci DEFAULT NULL,
  `edition` varchar(255) CHARACTER SET utf8mb4 COLLATE utf8mb4_unicode_ci DEFAULT NULL,
  `pages` varchar(255) CHARACTER SET utf8mb4 COLLATE utf8mb4_unicode_ci DEFAULT NULL,
  `country` varchar(255) CHARACTER SET utf8mb4 COLLATE utf8mb4_unicode_ci DEFAULT NULL,
  `language` varchar(255) CHARACTER SET utf8mb4 COLLATE utf8mb4_unicode_ci DEFAULT NULL,
  `book_file` varchar(255) CHARACTER SET utf8mb4 COLLATE utf8mb4_unicode_ci DEFAULT NULL,
  `refer` int NOT NULL DEFAULT '0',
  `video` varchar(255) CHARACTER SET utf8mb4 COLLATE utf8mb4_unicode_ci DEFAULT NULL,
  `video_thumb` varchar(255) CHARACTER SET utf8mb4 COLLATE utf8mb4_unicode_ci DEFAULT NULL,
  `yvideo` varchar(255) CHARACTER SET utf8mb4 COLLATE utf8mb4_unicode_ci DEFAULT NULL,
  `created_at` timestamp NULL DEFAULT NULL,
  `updated_at` timestamp NULL DEFAULT NULL
) ENGINE=InnoDB DEFAULT CHARSET=utf8mb4 COLLATE=utf8mb4_unicode_ci;

--
-- Dumping data for table `products`
--

INSERT INTO `products` (`id`, `author_id`, `user_id`, `brand_id`, `slug`, `title`, `short_description`, `full_description`, `spec`, `regular_price`, `whole_price`, `buying_price`, `dis_type`, `discount_price`, `quantity`, `unit`, `image`, `shipping_charge`, `point`, `reach`, `status`, `is_aproved`, `type`, `download_able`, `download_limit`, `download_expire`, `sheba`, `book`, `isbn`, `edition`, `pages`, `country`, `language`, `book_file`, `refer`, `video`, `video_thumb`, `yvideo`, `created_at`, `updated_at`) VALUES
(683, NULL, 1, 293, '289786578223185', 'T800 Ultra Smartwatch Series 8 with Wireless Charging', '<p><br></p>', '<h3 style=\"margin-bottom: 20px; color: rgb(74, 167, 9); font-size: 1.618em; font-weight: 700; font-family: &quot;IBM Plex Sans&quot;;\">T800 Ultra Series 8 Smartwatch Series 8 with Wireless Charging</h3><ul style=\"margin-bottom: 1.41575em; margin-left: 20px; list-style-type: disc; color: rgb(68, 68, 68); font-family: &quot;IBM Plex Sans&quot;; font-size: 17px;\"><li style=\"margin-bottom: 3px;\">Please charge it for an hour after receiving the product before connecting it to the phone</li><li style=\"margin-bottom: 3px;\">Bluetooth products will be strictly inspected before shipment</li><li style=\"margin-bottom: 3px;\">But products may run out of power during transportation.</li></ul><p style=\"margin-bottom: 1.41575em; color: rgb(68, 68, 68); font-family: &quot;IBM Plex Sans&quot;; font-size: 17px;\">&nbsp;</p><p style=\"margin-bottom: 1.41575em; color: rgb(68, 68, 68); font-family: &quot;IBM Plex Sans&quot;; font-size: 17px;\">More functions:</p><p style=\"margin-bottom: 1.41575em; color: rgb(68, 68, 68); font-family: &quot;IBM Plex Sans&quot;; font-size: 17px;\">Custom components are multi-lingual, Custom watch face, Breathing exercise, message reminder, and call rejection. time alarm, mobile phone</p><p style=\"margin-bottom: 1.41575em; color: rgb(68, 68, 68); font-family: &quot;IBM Plex Sans&quot;; font-size: 17px;\">Rotate Button, music control, remote control camera, stopwatch, countdown, waterproof， find mobile phone, weather forecast, etc.</p><p style=\"margin-bottom: 1.41575em; color: rgb(68, 68, 68); font-family: &quot;IBM Plex Sans&quot;; font-size: 17px;\"><strong>How to use Bluetooth calling:</strong></p><ul style=\"margin-bottom: 1.41575em; margin-left: 20px; list-style-type: disc; color: rgb(68, 68, 68); font-family: &quot;IBM Plex Sans&quot;; font-size: 17px;\"><li style=\"margin-bottom: 3px;\">The Bluetooth call function requires dual Bluetooth signal support, so you need to connect twice according to the instructions:</li><li style=\"margin-bottom: 3px;\">Scan the QR code on the manual through the mobile phone browser, download the dedicated app, and turn on the mobile phone BT. Find and connect the Ola esporte device in the app. Confirm binding</li><li style=\"margin-bottom: 3px;\">Find the device in the Bluetooth of the mobile phone (check the device name in the watch to check the device information), and select the connection and pairing</li></ul><p style=\"margin-bottom: 1.41575em; color: rgb(68, 68, 68); font-family: &quot;IBM Plex Sans&quot;; font-size: 17px;\"><strong>Support Bluetooth call：</strong></p><ul style=\"margin-bottom: 1.41575em; margin-left: 20px; list-style-type: disc; color: rgb(68, 68, 68); font-family: &quot;IBM Plex Sans&quot;; font-size: 17px;\"><li style=\"margin-bottom: 3px;\">Mobile phone synchronization of frequently used contacts.<br>So you can just use the watch to make call and answer.</li></ul>', NULL, '1750', '1150', '1000', 1, '1450', 12, NULL, '2023-08-23-64e5bd9b4a19a.png', 1, 0, 141, 1, 1, 0, 0, NULL, NULL, 0, 0, NULL, NULL, NULL, NULL, NULL, NULL, 0, NULL, NULL, NULL, '2023-08-23 00:21:12', '2023-09-11 06:26:47'),
(684, NULL, 1, 295, '286171364167663', 'Tempered Glass 9D Full Glue Cover Edge-Edge Anti-Scratch', '<p><span style=\"color: rgb(55, 65, 81); font-family: Söhne, ui-sans-serif, system-ui, -apple-system, &quot;Segoe UI&quot;, Roboto, Ubuntu, Cantarell, &quot;Noto Sans&quot;, sans-serif, &quot;Helvetica Neue&quot;, Arial, &quot;Apple Color Emoji&quot;, &quot;Segoe UI Emoji&quot;, &quot;Segoe UI Symbol&quot;, &quot;Noto Color Emoji&quot;; font-size: 16px; font-style: normal; font-variant-ligatures: normal; font-variant-caps: normal; font-weight: 400; letter-spacing: normal; orphans: 2; text-align: start; text-indent: 0px; text-transform: none; widows: 2; word-spacing: 0px; -webkit-text-stroke-width: 0px; white-space: pre-wrap; background-color: rgb(247, 247, 248); text-decoration-thickness: initial; text-decoration-style: initial; text-decoration-color: initial; display: inline !important; float: none;\">9D Full Glue Tempered Glass Screen Protector: Ultimate Protection and Clarity</span></p>', 'Experience unbeatable screen protection with our Tempered Glass 9D Full Glue Cover. Designed to perfection, this screen protector offers edge-to-edge coverage, ensuring your device\'s display stays safe from scratches, impacts, and fingerprints. The 9D technology delivers unparalleled clarity, and the full glue coverage ensures a seamless, bubble-free installation. Keep your screen looking pristine and enjoy a crystal-clear viewing experience with this anti-scratch, anti-fingerprint tempered glass screen protector.', NULL, '2750', '2300', '2200', 1, '2550', 7, NULL, '2023-09-05-64f796a299edc.png', 1, 0, 100, 1, 1, 0, 0, NULL, NULL, 0, 0, NULL, NULL, NULL, NULL, NULL, NULL, 0, NULL, NULL, NULL, '2023-08-23 02:21:33', '2023-09-11 06:30:47'),
(685, NULL, 1, 294, '656947398903097', 'Printed jersey T shirt for Man: Buy Online at Best Prices in Bangladesh', '<p>Elevate Your Style with our Printed Jersey T-shirt for Men - Available Online at the Best Prices in Bangladesh<br><br>Discover the perfect blend of comfort and fashion with our printed jersey T-shirt designed exclusively for men. Crafted with the utmost care and attention to detail, these T-shirts are a true representation of style and quality.<br></p>', '<p><br></p>', NULL, '180', '160', '120', 1, '130', 95, NULL, '2023-09-11-64ff01ab09092.jpg', 1, 0, 140, 1, 1, 0, 0, NULL, NULL, 0, 0, NULL, NULL, NULL, NULL, NULL, NULL, 0, NULL, '2023-08-26-64ea0ae7a7ae9.png', NULL, '2023-08-23 03:50:41', '2023-09-11 06:01:47'),
(686, NULL, 1, 293, '55709109113320', 'Buy T-shirts for Men Online In BD | JACK&JONES Jack & Jones', '<p>Buy T-shirts for Men Online In BD | JACK&amp;JONES Jack &amp; Jones<br></p>', '<div class=\"html-content pdp-product-highlights\"><ul class=\"\"><li class=\"\">Best Quality Sublimation (no glue) Print.</li><li class=\"\">Life time Print guarantee.</li><li class=\"\">Febric high quality Jersey Febric (thailand)</li><li class=\"\">150+ GSM</li><li class=\"\">Round Nack</li><li class=\"\">Print Only on font side.</li><li class=\"\">Size</li><li class=\"\">M cest 36 length 27</li><li class=\"\">L cest 38 length 28</li><li class=\"\">XL cest 40 length 29</li><li class=\"\">#TshirtForMan</li><li class=\"\">#BTSTShirt</li><li class=\"\">#Genji</li><li class=\"\" data-spm-anchor-id=\"a2a0e.pdp.product_detail.i0.49e05b50V8TVeM\">#TshirtForMen</li></ul></div>', NULL, '100', '70', '50', 1, NULL, 13, NULL, '2023-09-11-64ff06904cab0.jpg', 1, 0, 70, 1, 1, 0, 0, NULL, NULL, 0, 0, NULL, NULL, NULL, NULL, NULL, NULL, 0, NULL, NULL, NULL, '2023-08-23 05:49:21', '2023-09-11 06:22:40'),
(687, NULL, 1, 293, '154394430748925', 'Stylish semi long Panjabi for men-8', '<p>পুরুষদের জন্য স্টাইলিশ সেমি লং পাঞ্জাবি-8<br></p>', '<p><a rel=\"noopener\" target=\"_blank\" href=\"https://www.daraz.com.bd/products/leewear-mens-punjabi-mens-kurta-pajama-manyavar-kurta-panjabi-pajama-best-panjabi-punjabi-design-for-man-design-for-man-latest-punjabi-design-for-man-black-punjabi-design-for-man-punjabi-embroidery-design-for-man-pn21108-i182266993.html\" data-ved=\"0CBIQjhxqFwoTCLCcm9DJooEDFQAAAAAdAAAAABAE\" class=\"gQtke indIKd\"></a></p><h3 class=\"MCLffc cS4Vcb-pGL6qe-fwJd0c\"><a rel=\"noopener\" target=\"_blank\" href=\"https://earifin.com/product/stylish-semi-long-panjabi-for-men-8\" data-ved=\"0CBIQjhxqFwoTCLCcm9DJooEDFQAAAAAdAAAAABAZ\" class=\"gQtke indIKd\"><h3 class=\"MCLffc cS4Vcb-pGL6qe-fwJd0c\">Stylish semi long Panjabi for men-8</h3></a></h3><p></p>', NULL, '150', '120', '100', 1, NULL, 14, NULL, '2023-09-11-64ff0afd4d908.jpg', 1, 0, 32, 1, 1, 0, 0, NULL, NULL, 0, 0, NULL, NULL, NULL, NULL, NULL, NULL, 0, NULL, NULL, NULL, '2023-08-23 09:49:45', '2023-09-11 06:41:41'),
(688, NULL, 1, 293, '167906728482814', 'Stylish A to Z Alphabet Unisex T-Shirts in White and Ash Colors – Perfect for Men', '<p>Stylish A to Z Alphabet Unisex T-Shirts in White and Ash Colors – Perfect for Men<br></p>', '<p>Stylish A to Z Alphabet Unisex T-Shirts in White and Ash Colors – Perfect for Men<br></p>', NULL, '152', '120', '100', 1, NULL, 14, NULL, '2023-09-11-64ff01f671b1f.jpg', 1, 0, 25, 1, 1, 0, 0, NULL, NULL, 0, 0, NULL, NULL, NULL, NULL, NULL, NULL, 0, NULL, NULL, NULL, '2023-08-23 10:10:18', '2023-09-11 06:03:02'),
(689, NULL, 1, 293, '406500169724211', 'Stylish A To Z Alphabets Unisex White And Ash Color Tshirts - Tshirt For Men', '<p>Elevate your style with our A to Z Alphabet Unisex T-Shirts in White and Ash, perfect for men<br></p>', 'Introducing our Stylish A to Z Alphabets Unisex White and Ash Color T-Shirts, specially crafted for men who seek both fashion and comfort. These versatile t-shirts are a must-have addition to your wardrobe. Made from high-quality materials, they are soft, durable, and designed to keep you looking effortlessly stylish. Whether you\'re dressing up for a special occasion or keeping it casual, our alphabet-themed t-shirts are the perfect choice to showcase your unique style. Elevate your fashion game with these trendy and comfortable t-shirts.<br>', NULL, '250', '200', '150', 1, NULL, 15, NULL, '2023-09-11-64fed145efe78.jpg', 1, 0, 45, 1, 1, 0, 0, NULL, NULL, 0, 0, NULL, NULL, NULL, NULL, NULL, NULL, 0, NULL, NULL, NULL, '2023-08-23 10:45:09', '2023-09-11 06:30:25'),
(690, NULL, 1, 293, '490453418307275', 'Stylish 100% Cotton Panjabi for Men\'s', '<p><a rel=\"noopener\" target=\"_blank\" href=\"https://gmarket.com.bd/product/blue-100-cotton-panjabi-for-mens-ruez0\" data-ved=\"0CBIQjhxqFwoTCLCcm9DJooEDFQAAAAAdAAAAABAR\" class=\"gQtke indIKd\"><h3 class=\"MCLffc cS4Vcb-pGL6qe-fwJd0c\">Stylish 100% Cotton Panjabi for Men\'s</h3></a></p>', '<p><a rel=\"noopener\" target=\"_blank\" href=\"https://gmarket.com.bd/product/blue-100-cotton-panjabi-for-mens-ruez0\" data-ved=\"0CBIQjhxqFwoTCLCcm9DJooEDFQAAAAAdAAAAABAR\" class=\"gQtke indIKd\"><h3 class=\"MCLffc cS4Vcb-pGL6qe-fwJd0c\">Stylish 100% Cotton Panjabi for Men\'s</h3></a></p>', NULL, '150', '130', '120', 1, NULL, 15, NULL, '2023-09-11-64ff0ab2da9c8.jpg', 1, 0, 32, 1, 1, 0, 0, NULL, NULL, 0, 0, NULL, NULL, NULL, NULL, NULL, NULL, 0, NULL, NULL, NULL, '2023-08-23 11:13:17', '2023-09-11 06:40:42'),
(691, NULL, 1, 293, '890439024104036', 'White Cotton Tie Front Short Sleeve T-Shirt | New Look', '<p>সাদা সুতির টাই সামনের ছোট হাতা টি-শার্ট | নতুন চেহারা<br></p>', '<p>This beautifully crafted saree comes paired with a perfectly coordinated blouse, making it an ideal choice for any occasion. The saree features exquisite detailing and a range of vibrant colors to choose from, ensuring you look stunning and ready for any event. Upgrade your traditional wardrobe with this convenient and stylish saree with a ready blouse, designed to make you stand out with grace and sophistication.<br></p>', NULL, '220', '210', '200', 1, '200', 13, NULL, '2023-09-11-64ff08ad63543.jpg', 1, 0, 35, 1, 1, 0, 0, NULL, NULL, 0, 0, NULL, NULL, NULL, NULL, NULL, NULL, 0, NULL, NULL, NULL, '2023-08-23 12:06:53', '2023-09-11 06:31:56'),
(693, NULL, 1, 295, '581008678797236', 'POWR Back Cover | Case for Samsung Galaxy F23 5G / Samsung F23 5G', '<p>POWER ব্যাক কভার | Samsung Galaxy F23 5G / Samsung F23 5G এর জন্য কেস | স্ক্র্যাচ প্রুফ | নমনীয় | ম্যাট<br></p>', '<p>POWER ব্যাক কভার | Samsung Galaxy F23 5G / Samsung F23 5G এর জন্য কেস | স্ক্র্যাচ প্রুফ | নমনীয় | ম্যাট<br></p>', NULL, '60', '55', '50', 1, '55', 91, NULL, '2023-09-05-64f79b96d5952.jpg', 1, 0, 109, 1, 1, 0, 0, NULL, NULL, 0, 0, NULL, NULL, NULL, NULL, NULL, NULL, 0, NULL, NULL, NULL, '2023-08-26 12:09:48', '2023-09-11 02:36:04'),
(697, NULL, 1, 293, '867809476905612', 'Hard Case Tempered Glass TPU Mirror Hybrid Shockproof Full Body Protective Cover', '<p>হার্ড কেস টেম্পারড গ্লাস টিপিইউ মিরর হাইব্রিড শকপ্রুফ ফুল বডি প্রোটেক্টিভ কভার<br></p>', '<p>হার্ড কেস টেম্পারড গ্লাস টিপিইউ মিরর হাইব্রিড শকপ্রুফ ফুল বডি প্রোটেক্টিভ কভার<br></p>', NULL, '150', '130', '110', 1, '130', 100, NULL, '2023-09-05-64f79ae3185b2.png', 1, 0, 11, 1, 1, 0, 1, NULL, NULL, 0, 0, NULL, NULL, NULL, NULL, NULL, NULL, 0, NULL, NULL, NULL, '2023-08-28 02:29:09', '2023-09-10 15:52:38'),
(698, NULL, 1, 64, '627222140613580', 'For Xiaomi Redmi Note 8 - Premium Silicone Case Crystal Clear Soft TPU Ultra-Thin', '<p>For Xiaomi Redmi Note 8 - Premium Silicone Case Crystal Clear Soft TPU Ultra-Thin&nbsp; Transparent Flexible Protective Mobile Phone Back Cover<br></p>', '<p>For Xiaomi Redmi Note 8 - Premium Silicone Case Crystal Clear Soft \r\nTPU Ultra-Thin&nbsp; Transparent Flexible Protective Mobile Phone Back Cover<br></p>', NULL, '2500', '2150', '2050', 1, '2250', 99, NULL, '2023-09-05-64f79a917e091.png', 1, 0, 84, 1, 1, 0, 0, NULL, NULL, 0, 0, NULL, NULL, NULL, NULL, NULL, NULL, 0, NULL, NULL, NULL, '2023-08-28 04:26:53', '2023-09-11 06:27:32'),
(699, NULL, 1, 295, '542950154366012', 'Full Cover Glass HD Clear Scratchproof Tempered Glass Screen Protector', '<p>Protect your valuable device with our Full Cover Glass HD Clear Tempered Glass Screen Protector. <br></p>', 'Protect your valuable device with our Full Cover Glass HD Clear Tempered Glass Screen Protector. Engineered for perfect fit and maximum clarity, this scratchproof protector shields your screen against daily wear and tear while maintaining the vibrant display you love. Precision-cut for your device, it offers edge-to-edge coverage and effortless installation. Say goodbye to scratches, smudges, and glare, and say hello to a crystal-clear viewing experience with our premium screen protector.<br>', NULL, '2500', '100', '2000', 1, '2250', 100, NULL, '2023-09-05-64f7963051358.png', 1, 0, 30, 1, 1, 0, 0, NULL, NULL, 0, 0, NULL, NULL, NULL, NULL, NULL, NULL, 0, NULL, NULL, NULL, '2023-08-28 10:26:34', '2023-09-10 16:42:31');
INSERT INTO `products` (`id`, `author_id`, `user_id`, `brand_id`, `slug`, `title`, `short_description`, `full_description`, `spec`, `regular_price`, `whole_price`, `buying_price`, `dis_type`, `discount_price`, `quantity`, `unit`, `image`, `shipping_charge`, `point`, `reach`, `status`, `is_aproved`, `type`, `download_able`, `download_limit`, `download_expire`, `sheba`, `book`, `isbn`, `edition`, `pages`, `country`, `language`, `book_file`, `refer`, `video`, `video_thumb`, `yvideo`, `created_at`, `updated_at`) VALUES
(700, NULL, 1, 296, '613415574046317', 'Baseus Adaman 22.5w 20000mAh Quick Charge Power Bank', NULL, '<h2 style=\"margin-bottom: 20px; color: rgb(34, 34, 34); line-height: 1.25; font-size: 30px; font-family: &quot;IBM Plex Sans&quot;; font-weight: 600; letter-spacing: -0.5px;\">Baseus Adaman 22.5w 20000mAh Quick Charge Power Bank in Bangladesh</h2><p style=\"margin-bottom: 1.41575em; color: rgb(68, 68, 68); font-family: &quot;IBM Plex Sans&quot;; font-size: 17px;\"><strong>Looking for a high-capacity power bank that can quickly charge your devices?</strong></p><p style=\"margin-bottom: 1.41575em; color: rgb(68, 68, 68); font-family: &quot;IBM Plex Sans&quot;; font-size: 17px;\">Look no further than our Baseus Power Bank Adaman. This device has a large capacity of 20000mAh and can quick-charge your devices at speeds up to 22.5W. Plus, it features a digital display that shows you the remaining power so you always know how much juice is left.</p><p style=\"margin-bottom: 1.41575em; color: rgb(68, 68, 68); font-family: &quot;IBM Plex Sans&quot;; font-size: 17px;\">The Baseus&nbsp;<a href=\"https://www.bdshop.com/catalogsearch/result/?q=power+bank\" target=\"_blank\" rel=\"noopener\" style=\"color: rgb(30, 104, 196); text-decoration-line: underline; transition: color 0.2s ease 0s; touch-action: manipulation;\">Power Bank</a>&nbsp;Adaman 22.5w 20000Mah Digital Display Quick Charge Power is a reliable and efficient power bank that can charge your devices quickly and safely. It has a digital display that shows you the remaining power and the charging status of your devices, so you can always keep track of your power usage. The quick charge feature allows you to charge your devices faster, so you can get back to using them sooner. The power bank also has a built-in overcharge protection system that keeps your devices safe from overcharging.</p><h3 class=\"wp-block-heading\" style=\"margin-top: 1.29068em; margin-bottom: 20px; color: rgb(74, 167, 9); font-size: 1.618em; font-weight: 700; font-family: &quot;IBM Plex Sans&quot;;\"><strong>Features</strong>:</h3><ul style=\"margin-bottom: 1.41575em; margin-left: 20px; list-style-type: disc; color: rgb(68, 68, 68); font-family: &quot;IBM Plex Sans&quot;; font-size: 17px;\"><li style=\"margin-bottom: 3px;\">Large capacity High power Two-way quick charge Smart digital display<br>20000mAh 22.5W QC3.0 PD3.0 Current Voltage</li><li style=\"margin-bottom: 3px;\">Metal Shell Shows the Sense of Light Luxury<br>The all-metal shell, without the traditional sense of cheapness of plastic, feels luxurious.</li><li style=\"margin-bottom: 3px;\">Multiple-Layer Plating for Perfection<br>As the alloy shell is plated in multiple layers the color is evenly plated on the surface with fine metallic luster.</li><li style=\"margin-bottom: 3px;\">SCP 22.5W Light-Speed Quick Charge with Upper Limit Power<br>It supports HUAWEI 5A SCP quick-charging protocol)</li><li style=\"margin-bottom: 3px;\">20000mAh<br>Charging Several Times When Traveling<br>The newly-upgraded large capacity One is enough for your business trip.</li><li style=\"margin-bottom: 3px;\">4~5 Hours<br>Full of Power Bank<br>It supports PD3.0+QC3.0 two-way quick charge Self-charging is also very fast</li><li style=\"margin-bottom: 3px;\">Compatible with Various Mobile Phones<br>Compatible with QC3.0, PD3.0, FCP, AFC, and other quick-charging protocols, it can quickly charge for IP, Mi, Huawei, Samsung, and other mobile phones.</li><li style=\"margin-bottom: 3px;\">Charge or Storage with One Line<br>When traveling, you only need one line for its three input interfaces and three output interfaces, trouble-free and effort-saving.</li><li><img src=\"data:image/jpeg;base64,[BLOB]\" style=\"width: 754.722px;\" data-filename=\"695Jv7WNxa.jpg\"></li></ul><h3 class=\"wp-block-heading\" style=\"margin-top: 1.29068em; margin-bottom: 20px; color: rgb(74, 167, 9); font-size: 1.618em; font-weight: 700; font-family: &quot;IBM Plex Sans&quot;;\">Specifications:</h3><ul style=\"margin-bottom: 1.41575em; margin-left: 20px; list-style-type: disc; color: rgb(68, 68, 68); font-family: &quot;IBM Plex Sans&quot;; font-size: 17px;\"><li style=\"margin-bottom: 3px;\">Brand: Baseus</li><li style=\"margin-bottom: 3px;\">Name: Power Bank</li><li style=\"margin-bottom: 3px;\">Model: PPADMA</li><li style=\"margin-bottom: 3px;\">Battery capacity: 20000mAh/3.7V 74Wh</li><li style=\"margin-bottom: 3px;\">Rated capacity: 12000mAh</li><li style=\"margin-bottom: 3px;\">Energy conversion rate: ≥ 75%</li><li style=\"margin-bottom: 3px;\">Input<br>iP: 5V 2A,9V 2A Max.<br>Micro: 5V 2A,9V 2A Max.<br>Type-C: 5V/3A 5.5V/3A（SCP） 9V/2A Max.</li><li style=\"margin-bottom: 3px;\">Output</li><li style=\"margin-bottom: 3px;\">USB1: 4.5V 5A,5V 4.5A,5V 3A,9V 2A,12V 1.5A Max.</li><li style=\"margin-bottom: 3px;\">USB2: 4.5V 5A,5V 4.5A,5V 3A,9V 2A,12V 1.5A Max.</li><li style=\"margin-bottom: 3px;\">Type-C: 5V 3A,9V 2A,12V 1.5A Max.</li><li style=\"margin-bottom: 3px;\">USB1+USB2: 5V 3A Max.</li><li style=\"margin-bottom: 3px;\">USB1+Type-C: 5V 3A Max.</li><li style=\"margin-bottom: 3px;\">USB2+Type-C: 5V 3A Max.</li><li style=\"margin-bottom: 3px;\">Type-C+USB1+USB2 Total output power：5V 3A Max.</li><li style=\"margin-bottom: 3px;\"><img src=\"data:image/jpeg;base64,[BLOB]\" style=\"width: 754.722px;\" data-filename=\"G8DE7STjLf.jpg\"></li></ul><p style=\"margin-bottom: 1.41575em; color: rgb(68, 68, 68); font-family: &quot;IBM Plex Sans&quot;; font-size: 17px;\">Not only does this power bank have a large capacity, but it also comes with a smart digital display that shows you the remaining power in real-time! This way, you’ll always know how much juice is left in your bank.</p><p style=\"margin-bottom: 1.41575em; color: rgb(68, 68, 68); font-family: &quot;IBM Plex Sans&quot;; font-size: 17px;\">The all-metal shell on this power bank feels luxurious in your hand and gives it a sense of style. It also comes in multiple colors to match your personal taste. And with its upper limit power output, you can be sure that this power bank will quickly charge any device you have.</p><p style=\"margin-bottom: 1.41575em; color: rgb(68, 68, 68); font-family: &quot;IBM Plex Sans&quot;; font-size: 17px;\"><img src=\"data:image/jpeg;base64,[BLOB]